000
CXUS53 KDDC 011535
CLMDGC


CLIMATE REPORT
NATIONAL WEATHER SERVICE DODGE CITY KS
1016 AM CDT MON OCT 1 2018

...................................

...THE DODGE CITY KS CLIMATE SUMMARY FOR THE MONTH OF SEPTEMBER 2018...

CLIMATE NORMAL PERIOD 1981 TO 2010
CLIMATE RECORD PERIOD 1875 TO 2018

WEATHER         OBSERVED          NORMAL  DEPART  LAST YEAR`S
                 VALUE   DATE(S)  VALUE   FROM    VALUE  DATE(S)
                                          NORMAL
................................................................
TEMPERATURE (F)
RECORD
 HIGH             107   09/01/2011
 LOW               29   09/22/1995
                        09/30/1985
HIGHEST            93   09/01        81      12      101  09/21
LOWEST             43   09/29        57     -14       45  09/06
                        09/28
AVG. MAXIMUM     80.6              82.4    -1.8     85.9
AVG. MINIMUM     58.7              56.0     2.7     58.1
MEAN             69.7              69.2     0.5     72.0
DAYS MAX >= 90      5               7.6    -2.6       14
DAYS MAX <= 32      0               0.0     0.0        0
DAYS MIN <= 32      0               0.1    -0.1        0
DAYS MIN <= 0       0               0.0     0.0        0

PRECIPITATION (INCHES)
RECORD
 MAXIMUM         9.26   1906
 MINIMUM         0.01   1998
                        1980
                        1947
TOTALS           1.87              1.67    0.20     1.54
DAYS >= .01         8               5.7     2.3        5
DAYS >= .10         7               3.0     4.0        2
DAYS >= .50         1               1.1    -0.1        1
DAYS >= 1.00        0               0.5    -0.5        0
GREATEST
 24 HR. TOTAL    0.54   09/02 TO 09/03

SNOWFALL (INCHES)
RECORDS
 TOTAL            1.4   1995
 24 HR TOTAL      1.4   09/21/1995
 SNOW DEPTH         0   MM
TOTALS            0.0               0.0     0.0      0.0
SINCE 7/1         0.0               0.0     0.0      0.0
SNOWDEPTH AVG.      0                MM      MM        0
DAYS >= 1.0         0               0.0     0.0        0
GREATEST
 SNOW DEPTH         0   MM                             0  MM
 24 HR TOTAL      0.0   09/30 TO 09/30

DEGREE_DAYS
HEATING TOTAL      47                61     -14       30
 SINCE 7/1         47                65     -18       30
COOLING TOTAL     194               187       7      247
 SINCE 1/1       1736              1433     303     1479
.................................................................

WIND (MPH)
AVERAGE WIND SPEED              12.4
RESULTANT WIND SPEED/DIRECTION   8/166
HIGHEST WIND SPEED/DIRECTION    33/010    DATE  09/25
HIGHEST GUST SPEED/DIRECTION    51/280    DATE  09/20

SKY COVER
POSSIBLE SUNSHINE (PERCENT)   MM
AVERAGE SKY COVER           0.30
NUMBER OF DAYS FAIR           18
NUMBER OF DAYS PC              8
NUMBER OF DAYS CLOUDY          4


WEATHER CONDITIONS. NUMBER OF DAYS WITH

THUNDERSTORM              4     MIXED PRECIP                0
HEAVY RAIN                3     RAIN                        4
LIGHT RAIN               12     FREEZING RAIN               0
LT FREEZING RAIN          0     HAIL                        0
HEAVY SNOW                0     SNOW                        0
LIGHT SNOW                0     SLEET                       0
FOG                      21     FOG W/VIS <= 1/4 MILE       1
HAZE                     15

-  INDICATES NEGATIVE NUMBERS.
R  INDICATES RECORD WAS SET OR TIED.
MM INDICATES DATA IS MISSING.
T  INDICATES TRACE AMOUNT.

$$
