320
CXUS53 KDDC 011657
CLMDGC


CLIMATE REPORT
NATIONAL WEATHER SERVICE DODGE CITY KS
1144 AM CDT WED AUG 1 2018

...................................

...THE DODGE CITY KS CLIMATE SUMMARY FOR THE MONTH OF JULY 2018...

CLIMATE NORMAL PERIOD 1981 TO 2010
CLIMATE RECORD PERIOD 1875 TO 2018

WEATHER         OBSERVED          NORMAL  DEPART  LAST YEAR`S
                 VALUE   DATE(S)  VALUE   FROM    VALUE  DATE(S)
                                          NORMAL
................................................................
TEMPERATURE (F)
RECORD
 HIGH             109   07/27/2011
                        07/29/1986
                        07/08/1978
 LOW               46   07/13/1990
                        07/10/1905
HIGHEST           103   07/20        93      10      104  07/21
LOWEST             55   07/31        68     -13       54  07/01
AVG. MAXIMUM     92.6              92.8    -0.2     93.6
AVG. MINIMUM     66.2              66.3    -0.1     67.4
MEAN             79.4              79.6    -0.2     80.5
DAYS MAX >= 90     25              20.9     4.1       24
DAYS MAX <= 32      0               0.0     0.0        0
DAYS MIN <= 32      0               0.0     0.0        0
DAYS MIN <= 0       0               0.0     0.0        0

PRECIPITATION (INCHES)
RECORD
 MAXIMUM         9.13   1962
 MINIMUM         0.09   1916
TOTALS           3.93              3.08    0.85     2.16
DAYS >= .01        10               8.2     1.8        9
DAYS >= .10         7               5.2     1.8        4
DAYS >= .50         4               2.1     1.9        2
DAYS >= 1.00        1               0.6     0.4        0
GREATEST
 24 HR. TOTAL    1.83   07/13 TO 07/14           07/07 TO 07/08

SNOWFALL (INCHES)
RECORDS
 TOTAL              T   2006
                        2004
 24 HR TOTAL       MM
 SNOW DEPTH        MM   MM
TOTALS            0.0               0.0     0.0      0.0
SINCE 7/1         0.0               0.0     0.0      0.0
SNOWDEPTH AVG.      0                MM      MM        0
DAYS >= 1.0         0               0.0     0.0        0
GREATEST
 SNOW DEPTH         0   MM                             0  MM
 24 HR TOTAL      0.0   07/31 TO 07/31           07/31 TO 07/31

DEGREE_DAYS
HEATING TOTAL       0                 1      -1        0
 SINCE 7/1          0                 1      -1        0
COOLING TOTAL     454               452       2      490
 SINCE 1/1       1160               839     321      913
.................................................................

WIND (MPH)
AVERAGE WIND SPEED              10.3
RESULTANT WIND SPEED/DIRECTION   6/143
HIGHEST WIND SPEED/DIRECTION    44/050    DATE  07/25
HIGHEST GUST SPEED/DIRECTION    63/060    DATE  07/25

SKY COVER
POSSIBLE SUNSHINE (PERCENT)   MM
AVERAGE SKY COVER           0.10
NUMBER OF DAYS FAIR           29
NUMBER OF DAYS PC              2
NUMBER OF DAYS CLOUDY          0


WEATHER CONDITIONS. NUMBER OF DAYS WITH

THUNDERSTORM             15     MIXED PRECIP                0
HEAVY RAIN                6     RAIN                        8
LIGHT RAIN               10     FREEZING RAIN               0
LT FREEZING RAIN          0     HAIL                        0
HEAVY SNOW                0     SNOW                        0
LIGHT SNOW                0     SLEET                       0
FOG                      23     FOG W/VIS <= 1/4 MILE       2
HAZE                     18

-  INDICATES NEGATIVE NUMBERS.
R  INDICATES RECORD WAS SET OR TIED.
MM INDICATES DATA IS MISSING.
T  INDICATES TRACE AMOUNT.

$$
