000
CXUS53 KDDC 021923
CLMDGC


CLIMATE REPORT
NATIONAL WEATHER SERVICE DODGE CITY KS
112 PM CST WED JAN 2 2019

...................................

...THE DODGE CITY KS CLIMATE SUMMARY FOR THE MONTH OF DECEMBER 2018...

CLIMATE NORMAL PERIOD 1981 TO 2010
CLIMATE RECORD PERIOD 1875 TO 2019

WEATHER         OBSERVED          NORMAL  DEPART  LAST YEAR`S
                 VALUE   DATE(S)  VALUE   FROM    VALUE  DATE(S)
                                          NORMAL
................................................................
TEMPERATURE (F)
RECORD
 HIGH              86   12/24/1955
 LOW              -21   12/22/1989
HIGHEST            60   12/18        44      16       78  12/03
LOWEST             12   12/29        21      -9       -5  12/31
                        12/28
AVG. MAXIMUM     46.8              44.3     2.5     47.5
AVG. MINIMUM     22.0              21.2     0.8     18.9
MEAN             34.4              32.8     1.6     33.2
DAYS MAX >= 90      0               0.0     0.0        0
DAYS MAX <= 32      4               5.1    -1.1        5
DAYS MIN <= 32     28              28.8    -0.8       28
DAYS MIN <= 0       0               1.0    -1.0        1

PRECIPITATION (INCHES)
RECORD
 MAXIMUM         4.36   1877
 MINIMUM         0.00   1889
TOTALS           1.20              0.84    0.36        T
DAYS >= .01         3               4.6    -1.6        0
DAYS >= .10         2               2.0     0.0        0
DAYS >= .50         1               0.4     0.6        0
DAYS >= 1.00        1               0.1     0.9        0
GREATEST
 24 HR. TOTAL    1.02   12/26 TO 12/26           12/30 TO 12/30

SNOWFALL (INCHES)
RECORDS
 TOTAL           20.5   1918
 24 HR TOTAL     11.4   12/23/1918 TO 12/23/1918
 SNOW DEPTH        12   12/25/1997
                        12/24/1997
TOTALS            0.8               4.1    -3.3        T
SINCE 7/1         5.6               6.3    -0.7        T
SNOWDEPTH AVG.      0                 2      -2        0
DAYS >= 1.0         0               1.2    -1.2        0
GREATEST
 SNOW DEPTH         1   12/29                          0  MM
                        12/28
 24 HR TOTAL      0.8   12/27 TO 12/27           12/30 TO 12/30

DEGREE_DAYS
HEATING TOTAL     941              1000     -59      980
 SINCE 7/1       2120              2014     106     1834
COOLING TOTAL       0                 0       0        0
 SINCE 1/1       1757              1463     294     1520
.................................................................

WIND (MPH)
AVERAGE WIND SPEED              12.2
RESULTANT WIND SPEED/DIRECTION   3/311
HIGHEST WIND SPEED/DIRECTION    39/010    DATE  12/31
HIGHEST GUST SPEED/DIRECTION    57/350    DATE  12/27

SKY COVER
POSSIBLE SUNSHINE (PERCENT)   MM
AVERAGE SKY COVER           0.30
NUMBER OF DAYS FAIR           21
NUMBER OF DAYS PC              6
NUMBER OF DAYS CLOUDY          4


WEATHER CONDITIONS. NUMBER OF DAYS WITH
THUNDERSTORM              1     MIXED PRECIP                0
HEAVY RAIN                1     RAIN                        1
LIGHT RAIN                4     FREEZING RAIN               0
LT FREEZING RAIN          1     HAIL                        0
HEAVY SNOW                1     SNOW                        0
LIGHT SNOW                5     SLEET                       0
FOG                       8     FOG W/VIS <= 1/4 MILE       2
HAZE                      5


-  INDICATES NEGATIVE NUMBERS.
R  INDICATES RECORD WAS SET OR TIED.
MM INDICATES DATA IS MISSING.
T  INDICATES TRACE AMOUNT.

$$
