000
CXUS54 KAMA 011537
CLMDHT


CLIMATE REPORT
NATIONAL WEATHER SERVICE AMARILLO TX
1037 AM CDT SUN JUL 1 2018

...................................

...THE DALHART CLIMATE SUMMARY FOR THE MONTH OF JUNE 2018...

CLIMATE NORMAL PERIOD 1981 TO 2010
CLIMATE RECORD PERIOD 1948 TO 2018

WEATHER         OBSERVED          NORMAL  DEPART  LAST YEAR`S
                 VALUE   DATE(S)  VALUE   FROM    VALUE  DATE(S)
                                          NORMAL
................................................................
TEMPERATURE (F)
RECORD
 HIGH             110   06/26/2011
 LOW               40   06/10/1955
HIGHEST           101   06/27                        107  06/17
                        06/01
LOWEST             51   06/03                         49  06/14
                                                          06/03
                                                          06/01
AVG. MAXIMUM     92.4              87.4     5.0     93.1
AVG. MINIMUM     60.7              57.8     2.9     59.5
MEAN             76.5              72.6     3.9     76.3
DAYS MAX >= 90     22              12.3     9.7       17
DAYS MAX <= 32      0               0.0     0.0        0
DAYS MIN <= 32      0               0.0     0.0        0
DAYS MIN <= 0       0               0.0     0.0        0

PRECIPITATION (INCHES)
TOTALS           3.12              2.30    0.82     1.26
DAILY AVG.       0.10              0.08    0.02     0.04
DAYS >= .01         8               8.0     0.0        2
DAYS >= .10         5               4.7     0.3        1
DAYS >= .50         3               1.4     1.6        1
DAYS >= 1.00        0               0.4    -0.4        1
GREATEST
 24 HR. TOTAL    0.74   06/12 TO 06/12

SNOWFALL (INCHES)
TOTALS            0.0               0.0     0.0      0.0
SINCE 7/1         2.3              18.9   -16.6     11.3
DAYS >= TRACE       0               0.0     0.0
DAYS >= 1.0         0               0.0     0.0        0
GREATEST
 SNOW DEPTH         0   MM
 24 HR TOTAL      0.0   06/30 TO 06/30

DEGREE_DAYS
HEATING TOTAL       0                12     -12        0
 SINCE 7/1       4110              4729    -619     3634
COOLING TOTAL     354               240     114      346
 SINCE 1/1        558               312     246      423
.................................................................

WIND (MPH)
AVERAGE WIND SPEED              13.4
HIGHEST WIND SPEED/DIRECTION    51/060    DATE  06/08
HIGHEST GUST SPEED/DIRECTION    64/060    DATE  06/08

SKY COVER
POSSIBLE SUNSHINE (PERCENT)   MM
NUMBER OF DAYS FAIR           27
NUMBER OF DAYS PC              2
NUMBER OF DAYS CLOUDY          1

AVERAGE RH (PERCENT)     52

WEATHER CONDITIONS. NUMBER OF DAYS WITH
THUNDERSTORM             13     MIXED PRECIP               0
HEAVY RAIN                5     RAIN                       5
LIGHT RAIN               11     FREEZING RAIN              0
LT FREEZING RAIN          0     HEAVY SNOW                 0
SNOW                      0     LIGHT SNOW                 0
SLEET                     0     FOG                        6
FOG W/VIS <= 1/4 MILE     0     HAZE                       5

-  INDICATES NEGATIVE NUMBERS.
R  INDICATES RECORD WAS SET OR TIED.
MM INDICATES DATA IS MISSING.
T  INDICATES TRACE AMOUNT.

$$
