689
CXUS54 KAMA 011619
CLMDHT


CLIMATE REPORT
NATIONAL WEATHER SERVICE AMARILLO TX
1018 AM CST FRI FEB 1 2019

...................................

...THE DALHART CLIMATE SUMMARY FOR THE MONTH OF JANUARY 2019...

CLIMATE NORMAL PERIOD 1981 TO 2010
CLIMATE RECORD PERIOD 1948 TO 2019

WEATHER         OBSERVED          NORMAL  DEPART  LAST YEAR`S
                 VALUE   DATE(S)  VALUE   FROM    VALUE  DATE(S)
                                          NORMAL
................................................................
TEMPERATURE (F)
RECORD
 HIGH              82   01/05/1956
 LOW              -21   01/04/1959
HIGHEST            72   01/21                         78  01/30
LOWEST              7   01/02                          1  01/16
AVG. MAXIMUM     52.0              50.0     2.0     54.7
AVG. MINIMUM     22.5              19.4     3.1     17.0
MEAN             37.3              34.7     2.6     35.8
DAYS MAX >= 90      0               0.0     0.0        0
DAYS MAX <= 32      1               2.7    -1.7        2
DAYS MIN <= 32     29              29.7    -0.7       29
DAYS MIN <= 0       0               0.4    -0.4        0

PRECIPITATION (INCHES)
TOTALS           0.08              0.52   -0.44     0.01
DAILY AVG.       0.00              0.02   -0.02     0.00
DAYS >= .01         2               3.0    -1.0        1
DAYS >= .10         0               1.2    -1.2        0
DAYS >= .50         0               0.2    -0.2        0
DAYS >= 1.00        0               0.1    -0.1        0
GREATEST
 24 HR. TOTAL    0.05   01/11 TO 01/11

SNOWFALL (INCHES)
TOTALS              T               4.3    -4.3        T
SINCE 7/1         4.0              10.5    -6.5      2.3
DAYS >= TRACE       2               2.7    -0.7
DAYS >= 1.0         0               1.4    -1.4        0
GREATEST
 SNOW DEPTH         0   MM
 24 HR TOTAL        T   01/22 TO 01/22

DEGREE_DAYS
HEATING TOTAL     852               939     -87      899
 SINCE 7/1       2822              2882     -60     2433
COOLING TOTAL       0                 0       0        0
 SINCE 1/1          0                 0       0        0
.................................................................

WIND (MPH)
AVERAGE WIND SPEED              11.4
HIGHEST WIND SPEED/DIRECTION    44/360    DATE  01/18
HIGHEST GUST SPEED/DIRECTION    52/360    DATE  01/22

SKY COVER
POSSIBLE SUNSHINE (PERCENT)   MM
NUMBER OF DAYS FAIR           23
NUMBER OF DAYS PC              5
NUMBER OF DAYS CLOUDY          3

AVERAGE RH (PERCENT)     58

WEATHER CONDITIONS. NUMBER OF DAYS WITH
THUNDERSTORM              0     MIXED PRECIP               0
HEAVY RAIN                0     RAIN                       0
LIGHT RAIN                2     FREEZING RAIN              0
LT FREEZING RAIN          0     HEAVY SNOW                 0
SNOW                      0     LIGHT SNOW                 7
SLEET                     0     FOG                       10
FOG W/VIS <= 1/4 MILE     4     HAZE                       8

-  INDICATES NEGATIVE NUMBERS.
R  INDICATES RECORD WAS SET OR TIED.
MM INDICATES DATA IS MISSING.
T  INDICATES TRACE AMOUNT.

$$
