000
CXUS54 KAMA 011624
CLMDHT


CLIMATE REPORT
NATIONAL WEATHER SERVICE AMARILLO TX
1014 AM CST THU FEB 1 2018

...................................

...THE DALHART CLIMATE SUMMARY FOR THE MONTH OF JANUARY 2018...

CLIMATE NORMAL PERIOD 1981 TO 2010
CLIMATE RECORD PERIOD 1948 TO 2018

WEATHER         OBSERVED          NORMAL  DEPART  LAST YEAR`S
                 VALUE   DATE(S)  VALUE   FROM    VALUE  DATE(S)
                                          NORMAL
................................................................
TEMPERATURE (F)
RECORD
 HIGH              82   01/05/1956
 LOW              -21   01/04/1959
HIGHEST            78   01/30                         76  01/11
LOWEST              1   01/16                          7  01/07
AVG. MAXIMUM     54.7              50.0     4.7     52.4
AVG. MINIMUM     17.0              19.4    -2.4     24.0
MEAN             35.8              34.7     1.1     38.2
DAYS MAX >= 90      0               0.0     0.0        0
DAYS MAX <= 32      2               2.7    -0.7        3
DAYS MIN <= 32     29              29.7    -0.7       28
DAYS MIN <= 0       0               0.4    -0.4        0

PRECIPITATION (INCHES)
TOTALS           0.01              0.52   -0.51     1.03
DAILY AVG.       0.00              0.02   -0.02     0.03
DAYS >= .01         1               3.0    -2.0        6
DAYS >= .10         0               1.2    -1.2        3
DAYS >= .50         0               0.2    -0.2        1
DAYS >= 1.00        0               0.1    -0.1        0
GREATEST
 24 HR. TOTAL    0.01   01/21 TO 01/21

SNOWFALL (INCHES)
TOTALS              T               4.3    -4.3      0.0
SINCE 7/1         2.3              10.5    -8.2      1.3
DAYS >= TRACE       1               2.7    -1.7
DAYS >= 1.0         0               1.4    -1.4        0
GREATEST
 SNOW DEPTH         0   MM
 24 HR TOTAL        T   01/21 TO 01/21

DEGREE_DAYS
HEATING TOTAL     899               939     -40      822
 SINCE 7/1       2433              2882    -449     2290
COOLING TOTAL       0                 0       0        0
 SINCE 1/1          0                 0       0        0
.................................................................

WIND (MPH)
AVERAGE WIND SPEED              11.1
HIGHEST WIND SPEED/DIRECTION    48/360    DATE  01/11
HIGHEST GUST SPEED/DIRECTION    65/010    DATE  01/11

SKY COVER
POSSIBLE SUNSHINE (PERCENT)   MM
NUMBER OF DAYS FAIR           30
NUMBER OF DAYS PC              1
NUMBER OF DAYS CLOUDY          0

AVERAGE RH (PERCENT)     48

WEATHER CONDITIONS. NUMBER OF DAYS WITH
THUNDERSTORM              0     MIXED PRECIP               0
HEAVY RAIN                0     RAIN                       0
LIGHT RAIN                0     FREEZING RAIN              0
LT FREEZING RAIN          0     HEAVY SNOW                 0
SNOW                      0     LIGHT SNOW                 1
SLEET                     0     FOG                        2
FOG W/VIS <= 1/4 MILE     0     HAZE                       3

-  INDICATES NEGATIVE NUMBERS.
R  INDICATES RECORD WAS SET OR TIED.
MM INDICATES DATA IS MISSING.
T  INDICATES TRACE AMOUNT.

$$
