000
CXUS53 KDLH 020247
CLMDLH


CLIMATE REPORT
NATIONAL WEATHER SERVICE DULUTH MN
931 PM CDT MON OCT 1 2018

...................................

...THE DULUTH CLIMATE SUMMARY FOR THE MONTH OF SEPTEMBER 2018...

CLIMATE NORMAL PERIOD 1981 TO 2010
CLIMATE RECORD PERIOD 1870 TO 2018

WEATHER         OBSERVED          NORMAL  DEPART  LAST YEAR`S
                 VALUE   DATE(S)  VALUE   FROM    VALUE  DATE(S)
                                          NORMAL
................................................................
TEMPERATURE (F)
RECORD
 HIGH              95   09/07/1976
 LOW               23   09/20/1962
                        09/26/1965
                        09/22/1974
HIGHEST            81   09/13        MM      MM       83  09/23
                        09/11
                        09/01
LOWEST             30   09/29        MM      MM       37  09/08
AVG. MAXIMUM     67.2              65.0     2.2     68.1
AVG. MINIMUM     51.0              46.1     4.9     49.1
MEAN             59.1              55.6     3.5     58.6
DAYS MAX >= 90      0               0.0     0.0        0
DAYS MAX <= 32      0               0.0     0.0        0
DAYS MIN <= 32      1               1.3    -0.3        0
DAYS MIN <= 0       0               0.0     0.0        0

PRECIPITATION (INCHES)
RECORD
 MAXIMUM        11.52   1881
 MINIMUM         0.19   1952
TOTALS           3.51              4.11   -0.60     3.55
DAILY AVG.       0.12              0.14   -0.02     0.12
DAYS >= .01        11              12.3    -1.3       17
DAYS >= .10         6               6.9    -0.9       10
DAYS >= .50         2               2.6    -0.6        2
DAYS >= 1.00        1               1.1    -0.1        0
GREATEST
 24 HR. TOTAL    1.74   09/15 TO 09/15

DEGREE_DAYS
HEATING TOTAL     219               298     -79      212
 SINCE 7/1        260               447    -187      382
COOLING TOTAL      49                14      35       26
 SINCE 1/1        394               204     190      126
.................................................................

WIND (MPH)
AVERAGE WIND SPEED              9.9
HIGHEST WIND SPEED/DIRECTION    32/100    DATE  09/23
HIGHEST GUST SPEED/DIRECTION    44/100    DATE  09/20

SKY COVER
POSSIBLE SUNSHINE (PERCENT)   MM
AVERAGE SKY COVER           0.60
NUMBER OF DAYS FAIR            7
NUMBER OF DAYS PC             13
NUMBER OF DAYS CLOUDY         10

AVERAGE RH (PERCENT)     75

WEATHER CONDITIONS. NUMBER OF DAYS WITH
THUNDERSTORM              3     MIXED PRECIP                0
HEAVY RAIN                2     RAIN                        5
LIGHT RAIN               18     FREEZING RAIN               0
LT FREEZING RAIN          0     HAIL                        2
HEAVY SNOW                0     SNOW                        0
LIGHT SNOW                0     SLEET                       0
FOG                      15     FOG W/VIS <= 1/4 MILE       6
HAZE                      0

-  INDICATES NEGATIVE NUMBERS.
R  INDICATES RECORD WAS SET OR TIED.
MM INDICATES DATA IS MISSING.
T  INDICATES TRACE AMOUNT.

$$

.SEPTEMBER 2018 WAS WARMER THAN NORMAL WITH BELOW NORMAL
PRECIPITATION AT DULUTH MN...

THE AVERAGE TEMPERATURE FOR SEPTEMBER WAS 59.1 DEGREES WHICH WAS 3.5
DEGREES ABOVE THE NORMAL OF 55.6 DEGREES. THE HIGHEST TEMPERATURE
FOR THE MONTH WAS 81 DEGREES ON THE 11TH AND 13TH. THE LOWEST
TEMPERATURE WAS 30 DEGREES ON THE 29TH. ONE DAILY TEMPERATURE RECORD
WAS TIED FOR THE MONTH. ON THE 14TH THE RECORD WARMEST LOW
TEMPERATURE OF 63 DEGREES TIED THE RECORD SET IN 1877. ELEVEN DAYS
HAD AVERAGE TEMPERATURES BELOW NORMAL.

SEPTEMBER 2018 WAS BELOW NORMAL FOR PRECIPITATION WITH A TOTAL OF
3.51 INCHES OF PRECIPITATION RECORDED FOR THE MONTH. THIS WAS 0.60
INCHES BELOW THE NORMAL OF 4.11 INCHES. THE GREATEST AMOUNT OF
PRECIPITATION IN A 24 HOUR PERIOD OCCURRED ON THE 15TH WHEN 1.74
INCHES WAS RECORDED. AT LEAST A TRACE OF PRECIPITATION WAS RECORDED
ON 21 DAYS. AT LEAST 0.01 INCHES OF PRECIPITATION FELL ON 11 DAYS.
AT LEAST 0.10 INCHES FELL ON 6 DAYS. AT LEAST 0.50 INCHES FELL ON 2
DAYS. AT LEAST 1 INCH FELL ON 1 DAY. NO DAILY PRECIPITATION RECORDS
WERE BROKEN FOR THE MONTH.

THE AVERAGE WIND SPEED FOR THE MONTH WAS 9.9 MPH. THE WINDIEST DAY
OF THE MONTH WAS ON THE 23RD WITH AN AVERAGE WIND OF 20.2 MPH. THE
HIGHEST SUSTAINED WIND OCCURRED ON THE 23RD WITH A WIND FROM THE
EAST AT 32 MPH. A PEAK WIND GUST OF 44 MPH WAS RECORDED ON THE 20TH.

THERE WERE 219 HEATING DEGREE DAYS FOR THE MONTH WHICH WAS 79 BELOW
THE NORMAL OF 298. THIS BROUGHT THE SEASONAL TOTAL TO 260 WHICH WAS
187 BELOW THE NORMAL OF 447. THERE WERE 49 COOLING DEGREE DAYS FOR
THE MONTH WHICH WAS 35 ABOVE THE NORMAL OF 14. THE SEASONAL TOTAL
COOLING DEGREE DAYS STANDS AT 394 WHICH WAS 190 ABOVE THE NORMAL OF
204.

THE OUTLOOK FOR OCTOBER...NORMAL HIGHS BEGIN IN THE UPPER 50S AT THE
BEGINNING OF THE MONTH AND COOL TO THE MID 40S BY THE END OF THE
MONTH. NORMAL LOWS FOR THE MONTH BEGIN IN THE LOW 40S AND COOL TO
THE LOW 30S BY THE END OF THE MONTH. NORMAL PRECIPITATION FOR
OCTOBER IS 2.85 INCHES. NORMAL SNOWFALL FOR OCTOBER IS 2.3 INCHES.
THE LATEST CLIMATE PREDICTION CENTER OUTLOOK INDICATES THAT ODDS ARE
TILTED TOWARD BELOW NORMAL TEMPERATURES AND ABOVE NORMAL
PRECIPITATION.

$$

WL
