000
CXUS53 KDLH 011750
CLMDLH


CLIMATE REPORT
NATIONAL WEATHER SERVICE DULUTH MN
1059 AM CST THU FEB 1 2018

...................................

...THE DULUTH CLIMATE SUMMARY FOR THE MONTH OF JANUARY 2018...

CLIMATE NORMAL PERIOD 1981 TO 2010
CLIMATE RECORD PERIOD 1870 TO 2018

WEATHER         OBSERVED          NORMAL  DEPART  LAST YEAR`S
                 VALUE   DATE(S)  VALUE   FROM    VALUE  DATE(S)
                                          NORMAL
................................................................
TEMPERATURE (F)
RECORD
 HIGH              55   01/23/1942
                        01/22/1942
 LOW              -41   01/02/1885
HIGHEST            45   01/26        MM      MM       45  01/19
LOWEST            -22   01/06        MM      MM      -22  01/13
AVG. MAXIMUM     20.3              18.9     1.4     23.3
AVG. MINIMUM      1.6               1.5     0.1      8.8
MEAN             11.0              10.2     0.8     16.0
DAYS MAX >= 90      0               0.0     0.0        0
DAYS MAX <= 32     24              27.2    -3.2       23
DAYS MIN <= 32     31              30.9     0.1       28
DAYS MIN <= 0      16              14.2     1.8       10

PRECIPITATION (INCHES)
RECORD
 MAXIMUM         4.70   1969
 MINIMUM         0.13   2008
TOTALS           0.63              0.96   -0.33     1.16
DAILY AVG.       0.02              0.03   -0.01     0.04
DAYS >= .01         9              10.3    -1.3       13
DAYS >= .10         3               2.4     0.6        5
DAYS >= .50         0               0.4    -0.4        0
DAYS >= 1.00        0               0.0     0.0        0
GREATEST
 24 HR. TOTAL    0.27   01/11 TO 01/11

SNOWFALL (INCHES)
RECORD
 MAXIMUM         46.8   1969
 MINIMUM          2.0   1921                                                               TOTALS            9.1              19.4   -10.3     15.5
SINCE 7/1        44.1              53.2    -9.1     44.9
SNOWDEPTH AVG.      7                13      -6       10
DAYS >= 1.0         3               4.5    -1.5        5
GREATEST
 SNOW DEPTH         9   01/16                         13  01/13
                        01/15                             01/12
                                                          01/11
 24 HR TOTAL      3.2   01/11 TO 01/11

DEGREE_DAYS
HEATING TOTAL    1666              1699     -33     1511
 SINCE 7/1       5495              5468      27     4505
COOLING TOTAL       0                 0       0        0
 SINCE 1/1          0                 0       0        0
.................................................................

WIND (MPH)
AVERAGE WIND SPEED              11.4
HIGHEST WIND SPEED/DIRECTION    30/290    DATE  01/31
HIGHEST GUST SPEED/DIRECTION    40/310    DATE  01/31

SKY COVER
POSSIBLE SUNSHINE (PERCENT)   MM
AVERAGE SKY COVER           0.40
NUMBER OF DAYS FAIR           14
NUMBER OF DAYS PC             10
NUMBER OF DAYS CLOUDY          7

AVERAGE RH (PERCENT)     76

WEATHER CONDITIONS. NUMBER OF DAYS WITH
THUNDERSTORM              0     MIXED PRECIP               0
HEAVY RAIN                0     RAIN                       0
LIGHT RAIN                0     FREEZING RAIN              0
LT FREEZING RAIN          4     HAIL                       0
HEAVY SNOW                1     SNOW                       5
LIGHT SNOW               17     SLEET                      0
FOG                      15     FOG W/VIS <= 1/4 MILE      3
HAZE                      8

-  INDICATES NEGATIVE NUMBERS.
R  INDICATES RECORD WAS SET OR TIED.
MM INDICATES DATA IS MISSING.
T  INDICATES TRACE AMOUNT.

$$

.JANUARY 2018 WAS WARMER AND DRIER THAN NORMAL AT DULUTH MN...

THE AVERAGE TEMPERATURE FOR JANUARY WAS 11.0 DEGREES WHICH WAS 0.8
DEGREES ABOVE THE NORMAL OF 10.2 DEGREES. THE HIGHEST TEMPERATURE
FOR THE MONTH WAS 45 DEGREES ON THE 26TH. THE LOWEST TEMPERATURE WAS
-22 DEGREES ON THE 6TH. FOURTEEN DAYS HAD AVERAGE TEMPERATURES BELOW
NORMAL.

JANUARY 2018 WAS BELOW NORMAL FOR PRECIPITATION WITH A TOTAL OF 0.63
INCHES OF PRECIPITATION RECORDED FOR THE MONTH. THIS WAS 0.33 INCHES
BELOW THE NORMAL OF 0.96 INCHES. THE GREATEST AMOUNT OF
PRECIPITATION IN A 24 HOUR PERIOD OCCURRED ON THE 11TH WHEN 0.27
INCHES WAS RECORDED. AT LEAST A TRACE OF PRECIPITATION WAS RECORDED
ON 19 DAYS. AT LEAST 0.01 INCHES OF PRECIPITATION FELL ON 9 DAYS. AT
LEAST 0.10 INCHES FELL ON 3 DAYS. NO DAILY PRECIPITATION RECORDS
WERE BROKEN FOR THE MONTH.

JANUARY 2018 WAS BELOW NORMAL FOR SNOWFALL WITH A TOTAL OF 9.1
INCHES OF SNOW RECORDED FOR THE MONTH. THIS WAS 10.3 INCHES BELOW
THE NORMAL OF 19.4 INCHES. THE GREATEST AMOUNT OF SNOWFALL IN A 24
HOUR PERIOD OCCURRED ON THE 11TH WHEN 3.2 INCHES OF SNOW WAS
RECORDED. NO DAILY SNOWFALL RECORDS WERE BROKEN FOR THE MONTH.

THE AVERAGE WIND SPEED FOR THE MONTH WAS 11.4 MPH. THE WINDIEST DAY
OF THE MONTH WAS ON THE 31ST WITH AN AVERAGE WIND OF 18.1 MPH. THE
HIGHEST SUSTAINED WIND OCCURRED ON THE 31ST WITH A WIND FROM THE
NORTH NORTHEAST AT 30 MPH. A PEAK WIND GUST OF 40 MPH WAS RECORDED
ON THE 11TH AND 31ST.

THERE WERE 1666 HEATING DEGREE DAYS FOR THE MONTH WHICH WAS 33 BELOW
THE NORMAL OF 1699. THIS BROUGHT THE SEASONAL TOTAL TO 5495 WHICH
WAS 27 ABOVE THE NORMAL OF 5468. THERE WERE 0 COOLING DEGREE DAYS
FOR THE MONTH WHICH WAS NORMAL. THE SEASONAL TOTAL COOLING DEGREE
DAYS STANDS AT 0 WHICH WAS NORMAL. THE HIGHEST SEA LEVEL PRESSURE
FOR THE MONTH WAS 30.77 INCHES REACHED ON THE 1ST AND THE LOWEST SEA
LEVEL PRESSURE READING WAS 29.42 INCHES REACHED ON THE 19TH.

THE OUTLOOK FOR FEBRUARY...NORMAL HIGHS START IN THE LOW 20S AND
WARM TO THE UPPER 20S AT THE END OF THE MONTH. NORMAL LOWS FOR THE
MONTH START IN THE SINGLE DIGITS ABOVE ZERO AND WARM TO THE LOW TEENS
AT THE END OF THE MONTH. NORMAL PRECIPITATION FOR FEBRUARY IS 0.81
INCHES.  NORMAL SNOWFALL FOR FEBRUARY IS 12.4 INCHES. THE LATEST
CLIMATE PREDICTION CENTER OUTLOOK INDICATES THAT ODDS ARE TILTED
TOWARD BELOW NORMAL TEMPERATURES AND SLIGHTLY TILTED TOWARD ABOVE
NORMAL PRECIPITATION FOR THE MONTH OF FEBRUARY.

$$

WL/WM
