000
CXUS53 KDLH 020134
CLMDLH


CLIMATE REPORT
NATIONAL WEATHER SERVICE DULUTH MN
822 PM CDT WED AUG 1 2018

...................................

...THE DULUTH CLIMATE SUMMARY FOR THE MONTH OF JULY 2018...

CLIMATE NORMAL PERIOD 1981 TO 2010
CLIMATE RECORD PERIOD 1870 TO 2018

WEATHER         OBSERVED          NORMAL  DEPART  LAST YEAR`S
                 VALUE   DATE(S)  VALUE   FROM    VALUE  DATE(S)
                                          NORMAL
................................................................
TEMPERATURE (F)
RECORD
 HIGH             106   07/13/1936
 LOW               35   07/01/1988
HIGHEST            89   07/14        MM      MM       86  07/05
                        07/08
LOWEST             49   07/27        MM      MM       48  07/17
                                                          07/16
AVG. MAXIMUM     80.0              76.3     3.7     76.1
AVG. MINIMUM     58.2              55.4     2.8     54.5
MEAN             69.1              65.8     3.3     65.3
DAYS MAX >= 90      0               0.9    -0.9        0
DAYS MAX <= 32      0               0.0     0.0        0
DAYS MIN <= 32      0               0.0     0.0        0
DAYS MIN <= 0       0               0.0     0.0        0

PRECIPITATION (INCHES)
RECORD
 MAXIMUM        10.83   1909
 MINIMUM         0.47   1875
TOTALS           3.28              3.85   -0.57     4.11
DAILY AVG.       0.11              0.12   -0.01     0.13
DAYS >= .01        10              11.8    -1.8       10
DAYS >= .10         3               6.8    -3.8        8
DAYS >= .50         2               2.4    -0.4        2
DAYS >= 1.00        1               1.0     0.0        2
GREATEST
 24 HR. TOTAL    1.63   07/01 TO 07/01

DEGREE_DAYS
HEATING TOTAL       6                63     -57       53
 SINCE 7/1          6                63     -57       53
COOLING TOTAL     142                90      52       70
 SINCE 1/1        222               124      98       83
.................................................................

WIND (MPH)
AVERAGE WIND SPEED              8.1
HIGHEST WIND SPEED/DIRECTION    28/020    DATE  07/08
HIGHEST GUST SPEED/DIRECTION    37/290    DATE  07/16

SKY COVER
POSSIBLE SUNSHINE (PERCENT)   MM
AVERAGE SKY COVER           0.30
NUMBER OF DAYS FAIR           17
NUMBER OF DAYS PC             13
NUMBER OF DAYS CLOUDY          1

AVERAGE RH (PERCENT)     70

WEATHER CONDITIONS. NUMBER OF DAYS WITH
THUNDERSTORM              7     MIXED PRECIP                0
HEAVY RAIN                3     RAIN                        4
LIGHT RAIN               12     FREEZING RAIN               0
LT FREEZING RAIN          0     HAIL                        1
HEAVY SNOW                0     SNOW                        0
LIGHT SNOW                0     SLEET                       0
FOG                       6     FOG W/VIS <= 1/4 MILE       0
HAZE                      1

-  INDICATES NEGATIVE NUMBERS.
R  INDICATES RECORD WAS SET OR TIED.
MM INDICATES DATA IS MISSING.
T  INDICATES TRACE AMOUNT.

$$

.JULY 2018 WAS WARMER THAN NORMAL WITH BELOW NORMAL PRECIPITATION AT
DULUTH MN...

THE AVERAGE TEMPERATURE FOR JULY WAS 69.1 DEGREES. THIS WAS 3.3
DEGREES ABOVE THE NORMAL OF 65.8 DEGREES MAKING THIS THE 12TH
WARMEST JULY IN STATION HISTORY. THE HIGHEST TEMPERATURE FOR THE
MONTH WAS 89 DEGREES ON THE 8TH AND THE 14TH. THE LOWEST TEMPERATURE
WAS 49 DEGREES ON THE 27TH. NO DAILY TEMPERATURE RECORDS WERE BROKEN
FOR THE MONTH. SEVEN DAYS HAD AVERAGE TEMPERATURES BELOW NORMAL.

JULY 2018 WAS BELOW NORMAL FOR PRECIPITATION WITH A TOTAL OF 3.28
INCHES OF PRECIPITATION RECORDED FOR THE MONTH. THIS WAS 0.57 INCHES
BELOW THE NORMAL OF 3.85 INCHES. THE GREATEST AMOUNT OF
PRECIPITATION IN A 24 HOUR PERIOD OCCURRED ON THE 1ST WHEN 1.63
INCHES WAS RECORDED. AT LEAST A TRACE OF PRECIPITATION WAS RECORDED
ON 12 DAYS. AT LEAST 0.01 INCHES OF PRECIPITATION FELL ON 10 DAYS.
AT LEAST 0.10 INCHES FELL ON 3 DAYS. AT LEAST 0.50 INCHES FELL ON 2
DAYS. AT LEAST 1 INCH FELL ON 1 DAY. NO DAILY PRECIPITATION RECORDS
WERE BROKEN FOR THE MONTH.

THE AVERAGE WIND SPEED FOR THE MONTH WAS 8.1 MPH. THE WINDIEST DAY
OF THE MONTH WAS ON THE 7TH WITH AN AVERAGE WIND OF 14.4 MPH. THE
HIGHEST SUSTAINED WIND OCCURRED ON THE 8TH WITH A WIND FROM THE
NORTH NORTHEAST AT 28 MPH. A PEAK WIND GUST OF 37 MPH WAS RECORDED
ON THE 16TH.

THERE WERE 6 HEATING DEGREE DAYS FOR THE MONTH WHICH WAS 57 BELOW
THE NORMAL OF 63. THIS BROUGHT THE SEASONAL TOTAL TO 6 WHICH WAS 57
BELOW THE NORMAL OF 63. THERE WERE 142 COOLING DEGREE DAYS FOR THE
MONTH WHICH WAS 52 ABOVE THE NORMAL OF 90. THE SEASONAL TOTAL
COOLING DEGREE DAYS STANDS AT 222 WHICH WAS 98 ABOVE THE NORMAL OF
124.

THE OUTLOOK FOR AUGUST...NORMAL HIGHS ARE IN THE MID 70S AT THE
BEGINNING OF THE MONTH AND COOL TO THE LOW 70S BY THE END OF THE
MONTH. NORMAL LOWS FOR THE MONTH BEGIN IN THE MID 50S AND COOL TO
THE LOW 50S BY THE END OF THE MONTH. NORMAL PRECIPITATION FOR AUGUST
IS 3.70 INCHES. THE LATEST CLIMATE PREDICTION CENTER OUTLOOK
INDICATES THAT THERE IS NO CLEAR INDICATION OF ABOVE OR BELOW NORMAL
TEMPERATURES OR PRECIPITATION.

$$

WL
