950
CXUS53 KEAX 031512
CLMDMO

CLIMATE REPORT
NATIONAL WEATHER SERVICE KANSAS CITY/PLEASANT HILL MO
907 AM CST THU JAN 3 2019

...................................

...THE SEDALIA CLIMATE SUMMARY FOR THE MONTH OF NOVEMBER 2018...

CLIMATE NORMAL PERIOD 1981 TO 2010
CLIMATE RECORD PERIOD 9999 TO 9999

WEATHER         OBSERVED          NORMAL  DEPART  LAST YEAR`S
                 VALUE   DATE(S)  VALUE   FROM    VALUE  DATE(S)
                                          NORMAL
................................................................
TEMPERATURE (F)
HIGHEST            60   11/24        75     -15       76  11/24
                        11/22
LOWEST              9R  11/14        17      -8       20  11/22
                        11/13
AVG. MAXIMUM     43.6              55.7   -12.1     57.7
AVG. MINIMUM     27.4              37.6   -10.2     37.3
MEAN             35.5              46.6   -11.1     47.5
DAYS MAX >= 90      0               0.0     0.0        0
DAYS MAX <= 32      4               1.0     3.0        0
DAYS MIN <= 32     18              14.4     3.6       11
DAYS MIN <= 0       0               0.1    -0.1        0

PRECIPITATION (INCHES)
TOTALS           2.07              3.10   -1.03     0.59
DAILY AVG.       0.07              0.10   -0.03     0.02
DAYS >= .01         9               8.2     0.8        3
DAYS >= .10         6               5.0     1.0        2
DAYS >= .50         0               2.1    -2.1        0
DAYS >= 1.00        0               1.0    -1.0        0
GREATEST
 24 HR. TOTAL    0.49   11/25 TO 11/25

DEGREE_DAYS
HEATING TOTAL     878               554     324      515
 SINCE 7/1       1243               845     398      757
COOLING TOTAL       0                 3      -3        0
 SINCE 1/1       1890              1490     400     1491
.................................................................

WIND (MPH)
AVERAGE WIND SPEED              8.9
HIGHEST WIND SPEED/DIRECTION    35/330    DATE  11/25
HIGHEST GUST SPEED/DIRECTION    44/330    DATE  11/25

SKY COVER
POSSIBLE SUNSHINE (PERCENT)   MM
AVERAGE SKY COVER           0.40
NUMBER OF DAYS FAIR           13
NUMBER OF DAYS PC             12
NUMBER OF DAYS CLOUDY          5

AVERAGE RH (PERCENT)     80



-  INDICATES NEGATIVE NUMBERS.
R  INDICATES RECORD WAS SET OR TIED.
MM INDICATES DATA IS MISSING.
T  INDICATES TRACE AMOUNT.

$$
