000
CXUS53 KEAX 011123 RRA
CLMDMO

CLIMATE REPORT
NATIONAL WEATHER SERVICE KANSAS CITY/PLEASANT HILL MO
618 AM CDT MON OCT 1 2018

...................................

...THE SEDALIA CLIMATE SUMMARY FOR THE MONTH OF SEPTEMBER 2018...

CLIMATE NORMAL PERIOD 1981 TO 2010
CLIMATE RECORD PERIOD 9999 TO 9999

WEATHER         OBSERVED          NORMAL  DEPART  LAST YEAR`S
                 VALUE   DATE(S)  VALUE   FROM    VALUE  DATE(S)
                                          NORMAL
................................................................
TEMPERATURE (F)
HIGHEST            91   09/20        92      -1       93  09/23
                        09/19                             09/20
                        09/18                             09/04
LOWEST             39R  09/27        38       1       50  09/06
AVG. MAXIMUM     80.4              79.5     0.9     84.6
AVG. MINIMUM     59.7              58.6     1.1     60.2
MEAN             70.1              69.1     1.0     72.4
DAYS MAX >= 90      4               3.1     0.9        8
DAYS MAX <= 32      0               0.0     0.0        0
DAYS MIN <= 32      0               0.5    -0.5        0
DAYS MIN <= 0       0               0.0     0.0        0

PRECIPITATION (INCHES)
TOTALS           5.09              4.11    0.98     1.02
DAILY AVG.       0.17              0.14    0.03     0.03
DAYS >= .01         6               8.1    -2.1        3
DAYS >= .10         6               5.3     0.7        2
DAYS >= .50         3               2.6     0.4        1
DAYS >= 1.00        2               1.3     0.7        0
GREATEST
 24 HR. TOTAL    1.99   09/06 TO 09/06

DEGREE_DAYS
HEATING TOTAL      41                44      -3        4
 SINCE 7/1         41                45      -4        9
COOLING TOTAL     199               165      34      233
 SINCE 1/1       1834              1450     384     1407
.................................................................

WIND (MPH)
AVERAGE WIND SPEED              7.1
HIGHEST WIND SPEED/DIRECTION    23/180    DATE  09/04
HIGHEST GUST SPEED/DIRECTION    33/180    DATE  09/04

SKY COVER
POSSIBLE SUNSHINE (PERCENT)   MM
AVERAGE SKY COVER           0.30
NUMBER OF DAYS FAIR           21
NUMBER OF DAYS PC              3
NUMBER OF DAYS CLOUDY          6

AVERAGE RH (PERCENT)     77

WEATHER CONDITIONS. NUMBER OF DAYS WITH
  0
  5
  0
  0
  0
  0
  1
HAZE                      6

-  INDICATES NEGATIVE NUMBERS.
R  INDICATES RECORD WAS SET OR TIED.
MM INDICATES DATA IS MISSING.
T  INDICATES TRACE AMOUNT.

$$
