000
CXUS53 KEAX 011651
CLMDMO

CLIMATE REPORT
NATIONAL WEATHER SERVICE KANSAS CITY/PLEASANT HILL MO
1111 AM CDT SUN JUL 1 2018

...................................

...THE SEDALIA CLIMATE SUMMARY FOR THE MONTH OF JUNE 2018...

CLIMATE NORMAL PERIOD 1981 TO 2010
CLIMATE RECORD PERIOD 9999 TO 9999

WEATHER         OBSERVED          NORMAL  DEPART  LAST YEAR`S
                 VALUE   DATE(S)  VALUE   FROM    VALUE  DATE(S)
                                          NORMAL
................................................................
TEMPERATURE (F)
HIGHEST            96   06/28        92       4       93  06/12
                        06/11                             06/05
LOWEST             58   06/05        49       9       53  06/26
                        06/04
AVG. MAXIMUM     89.0              84.8     4.2     86.0
AVG. MINIMUM     69.5              65.1     4.4     64.4
MEAN             79.3              74.9     4.4     75.2
DAYS MAX >= 90     17               4.9    12.1        8
DAYS MAX <= 32      0               0.0     0.0        0
DAYS MIN <= 32      0               0.0     0.0        0
DAYS MIN <= 0       0               0.0     0.0        0

PRECIPITATION (INCHES)
TOTALS           4.71              5.09   -0.38     4.52
DAILY AVG.       0.16              0.17   -0.01     0.15
DAYS >= .01         8              10.3    -2.3        8
DAYS >= .10         6               7.2    -1.2        6
DAYS >= .50         2               3.6    -1.6        3
DAYS >= 1.00        1               1.7    -0.7        1
GREATEST
 24 HR. TOTAL    2.47   06/26 TO 06/26

DEGREE_DAYS
HEATING TOTAL       0                 6      -6        0
 SINCE 7/1       4619              4571      48     3604
COOLING TOTAL     437               304     133      313
 SINCE 1/1        765               443     322      476
.................................................................

WIND (MPH)
AVERAGE WIND SPEED              8.2
HIGHEST WIND SPEED/DIRECTION    38/100    DATE  06/02
HIGHEST GUST SPEED/DIRECTION    55/110    DATE  06/02

SKY COVER
POSSIBLE SUNSHINE (PERCENT)   MM
AVERAGE SKY COVER           0.20
NUMBER OF DAYS FAIR           24
NUMBER OF DAYS PC              4
NUMBER OF DAYS CLOUDY          2

AVERAGE RH (PERCENT)     70


-  INDICATES NEGATIVE NUMBERS.
R  INDICATES RECORD WAS SET OR TIED.
MM INDICATES DATA IS MISSING.
T  INDICATES TRACE AMOUNT.

$$
