000
CXUS55 KGJT 041744
CLMDRO

CLIMATE REPORT... RESENT
NATIONAL WEATHER SERVICE GRAND JUNCTION CO
1036 AM MST FRI JAN 4 2019

...................................

...THE DURANGO AIRPORT CO CLIMATE SUMMARY FOR THE MONTH OF DECEMBER 2018...

CLIMATE NORMAL PERIOD 1981 TO 2010
CLIMATE RECORD PERIOD 9999 TO 9999

WEATHER         OBSERVED          NORMAL  DEPART  LAST YEAR`S
                 VALUE   DATE(S)  VALUE   FROM    VALUE  DATE(S)
                                          NORMAL
................................................................
TEMPERATURE (F)
HIGHEST            52   12/16        MM      MM       58  12/02
                                                          12/01
LOWEST             -7   12/29        MM      MM        2  12/22
AVG. MAXIMUM     37.8              39.2    -1.4     47.8
AVG. MINIMUM     14.0              13.3     0.7     11.3
MEAN             25.9              26.3    -0.4     29.5
DAYS MAX >= 90      0               0.0     0.0        0
DAYS MAX <= 32      8               6.2     1.8        1
DAYS MIN <= 32     31              30.5     0.5       31
DAYS MIN <= 0       3               2.8     0.2        0

PRECIPITATION (INCHES)
TOTALS           0.66              1.17   -0.51     0.02
DAILY AVG.       0.02              0.04   -0.02     0.00
DAYS >= .01         6                MM      MM        1
DAYS >= .10         3                MM      MM        0
DAYS >= .50         0                MM      MM        0
DAYS >= 1.00        0                MM      MM        0
GREATEST
 24 HR. TOTAL    0.30   12/29 TO 12/29              0.02

SNOWFALL (INCHES)
TOTALS             MM                MM      MM       MM
SINCE 7/1          MM                MM      MM       MM
SNOWDEPTH AVG.     MM                MM      MM       MM
DAYS >= 1.0         0                MM      MM       MM
GREATEST
 SNOW DEPTH        MM                                 MM  MM
 24 HR TOTAL       MM                                 MM

DEGREE_DAYS
HEATING TOTAL    1203              1201       2     1091
 SINCE 7/1       2796              2874     -78     2550
COOLING TOTAL       0                 0       0        0
 SINCE 1/1        401               243     158      351
.................................................................

WIND (MPH)
AVERAGE WIND SPEED              4.7
HIGHEST WIND SPEED/DIRECTION    33/280    DATE  12/22
HIGHEST GUST SPEED/DIRECTION    47/280    DATE  12/22

SKY COVER
POSSIBLE SUNSHINE (PERCENT)   MM
AVERAGE SKY COVER           0.40
NUMBER OF DAYS FAIR           15
NUMBER OF DAYS PC             10
NUMBER OF DAYS CLOUDY          6

AVERAGE RH (PERCENT)     71

WEATHER CONDITIONS. NUMBER OF DAYS WITH
THUNDERSTORM              0     MIXED PRECIP                0
HEAVY RAIN                0     RAIN                        0
LIGHT RAIN                1     FREEZING RAIN               0
LT FREEZING RAIN          0     HAIL                        0
HEAVY SNOW                3     SNOW                        4
LIGHT SNOW                8     SLEET                       0
FOG                      12     FOG W/VIS <= 1/4 MILE       9
HAZE                      0

-  INDICATES NEGATIVE NUMBERS.
R  INDICATES RECORD WAS SET OR TIED.
MM INDICATES DATA IS MISSING.
T  INDICATES TRACE AMOUNT.

$$
