000
CXUS53 KDTX 151747 AAA
CLMDTW

CLIMATE REPORT
NATIONAL WEATHER SERVICE DETROIT/PONTIAC MI
1144 PM EDT MON AUG 6 2018

...................................

...THE DETROIT MI CLIMATE SUMMARY FOR THE MONTH OF JULY 2018...

CLIMATE NORMAL PERIOD 1981 TO 2010
CLIMATE RECORD PERIOD 1874 TO 2018

WEATHER         OBSERVED          NORMAL  DEPART
                 VALUE   DATE(S)  VALUE   FROM
                                          NORMAL
................................................
TEMPERATURE (F)
RECORD
 HIGH             105   07/24/1934
 LOW               42   07/06/1972
HIGHEST            96   07/05        MM      MM
LOWEST             55   07/07        MM      MM
AVG. MAXIMUM     85.6              83.4     2.2
AVG. MINIMUM     66.2              63.9     2.3
MEAN             75.9              73.6     2.3
DAYS MAX >= 90     10               4.5     5.5
DAYS MAX <= 32      0               0.0     0.0
DAYS MIN <= 32      0               0.0     0.0
DAYS MIN <= 0       0               0.0     0.0

PRECIPITATION (INCHES)
RECORD
 MAXIMUM         8.76   1878
 MINIMUM         0.50   1930
TOTALS           4.24              3.37    0.87
DAILY AVG.       0.14              0.11    0.03
DAYS >= .01         8              10.4    -2.4
DAYS >= .10         4               6.6    -2.6
DAYS >= .50         1               2.0    -1.0
DAYS >= 1.00        1               0.8     0.2
GREATEST
 24 HR. TOTAL    2.96   07/31 TO 07/31
 STORM TOTAL       MM
 (MM/DD(HH))            MM

SNOWFALL (INCHES)
RECORDS
 TOTAL            0.0   0
                        0
                        0
TOTALS            0.0               0.0     0.0
 LIQUID EQUIV    0.00              0.00    0.00
SINCE 7/1         0.0               0.0     0.0
 LIQUID 7/1      0.00
DAYS >= TRACE       0               0.0     0.0
DAYS >= 1.0         0               0.0     0.0
GREATEST
 SNOW DEPTH         0   MM
 24 HR TOTAL      0.0   07/31 TO 07/31
 STORM TOTAL       MM
 (MM/DD(HH))            MM

DEGREE_DAYS
HEATING TOTAL       0                 2      -2
 SINCE 7/1          0                 2      -2
COOLING TOTAL     342               271      71
 SINCE 1/1        674               486     188

FREEZE DATES
RECORD
 EARLIEST     MM
 LATEST       MM
EARLIEST                        MM
LATEST                          MM
.................................................

WIND (MPH)
AVERAGE WIND SPEED              6.4
HIGHEST WIND SPEED/DIRECTION    38/260    DATE  07/26
HIGHEST GUST SPEED/DIRECTION    48/250    DATE  07/26

SKY COVER
POSSIBLE SUNSHINE (PERCENT)   MM
AVERAGE SKY COVER           0.60
NUMBER OF DAYS FAIR            5
NUMBER OF DAYS PC             17
NUMBER OF DAYS CLOUDY          9

AVERAGE RH (PERCENT)     60


-  INDICATES NEGATIVE NUMBERS.
R  INDICATES RECORD WAS SET OR TIED.
MM INDICATES DATA IS MISSING.
T  INDICATES TRACE AMOUNT.

$$

---------------------------------------------------------------
MONTHLY CLIMATE DATA FOR NWS WHITE LAKE - JULY 2018

...TEMPERATURE DATA...              ...PRECIPITATION DATA...
AVERAGE MAXIMUM...80.5              MONTHLY TOTAL..........2.23
AVERAGE MINIMUM...55.8              GREATEST DAILY TOTAL...0.87
MONTHLY AVERAGE...68.2              ON THE 21ST
                                    2018 TOTAL.............21.91

...HEATING DEGREE DAYS...           ...SNOWFALL DATA...
MONTHLY TOTAL............13         MONTHLY TOTAL............0.0
2018-2019 SEASON TOTAL...13         2018-2019 SEASON TOTAL...0.0

...COOLING DEGREE DAYS...
MONTHLY TOTAL...119
2018 TOTAL......267

================================================================

       SOUTHEAST MICHIGAN CLIMATE SUMMARY FOR JULY 2018


JULY 2018 MONTHLY STATISTICS AND RANKINGS
-----------------------------------------------------------------

PRECIPITATION
                ACTUAL    NORMAL     DEPARTURE     RANKING
DETROIT AREA    4.24"      3.37"      +0.87"     35TH WETTEST
FLINT AREA      1.37"      3.32"      -1.95"     13TH DRIEST
SAGINAW         1.30"      2.58"      -1.28"     26TH DRIEST


PRECIPITATION SINCE JANUARY 1*

                ACTUAL    NORMAL     DEPARTURE     RANKING
DETROIT AREA    26.30"    19.43"      +6.83"      6TH WETTEST
FLINT AREA      17.80"    17.38"      +0.42"     45TH WETTEST
SAGINAW         14.23"    17.21"      -2.98"     27TH DRIEST

      *NORMAL TO DATE (AS OF JULY 31, 2018))

AVERAGE TEMPERATURE
                ACTUAL    NORMAL     DEPARTURE     RANKING
DETROIT AREA     75.9      73.6       +2.3       18TH WARMEST
FLINT AREA       71.6      70.5       +1.1       41ST WARMEST
SAGINAW          73.3      71.0       +2.3       21ST WARMEST

AVERAGE HIGH TEMPERATURE
                ACTUAL    NORMAL     DEPARTURE     RANKING
DETROIT AREA     85.6      83.4       +2.2       22ND WARMEST
FLINT AREA       83.8      81.9       +1.9       39TH WARMEST
SAGINAW          83.6      81.8       +1.8       31ST WARMEST

AVERAGE LOW TEMPERATURE
                ACTUAL    NORMAL     DEPARTURE     RANKING
DETROIT AREA     66.2      63.9       +2.3       17TH WARMEST
FLINT AREA       59.4      59.2       +0.2       48TH COLDEST
SAGINAW          63.0      60.2       +2.8       15TH WARMEST


DETROIT AREA HAS A CLIMATE RECORD DATING TO NOVEMBER 1874
FLINT AREA HAS A CLIMATE RECORD DATING TO JANUARY 1921
SAGINAW HAS A CLIMATE RECORD DATING TO 1912
