000
CXUS55 KTWC 020106
CLMDUG

CLIMATE REPORT
NATIONAL WEATHER SERVICE TUCSON AZ
605 PM MST SUN APR 1 2018

...................................

...THE DOUGLAS AZ CLIMATE SUMMARY FOR THE MONTH OF MARCH 2018...

CLIMATE NORMAL PERIOD 1981 TO 2010
CLIMATE RECORD PERIOD 1948 TO 2018

WEATHER         OBSERVED          NORMAL  DEPART  LAST YEAR`S
                 VALUE   DATE(S)  VALUE   FROM    VALUE  DATE(S)
                                          NORMAL
................................................................
TEMPERATURE (F)
RECORD
 HIGH              92   03/12/1989
                        03/11/1989
 LOW               13   03/04/1951
HIGHEST            89   03/22        83       6       88  03/19
LOWEST             22   03/01        24      -2       29  03/07
AVG. MAXIMUM     74.7              72.1     2.6     78.8
AVG. MINIMUM     37.9              37.0     0.9     39.3
MEAN             56.3              54.5     1.8     59.1
DAYS MAX >= 90      0               0.1    -0.1        0
DAYS MAX <= 32      0               0.0     0.0        0
DAYS MIN <= 32      8               6.9     1.1        5
DAYS MIN <= 0       0               0.0     0.0        0

PRECIPITATION (INCHES)
RECORD
 MAXIMUM         2.17   1992
 MINIMUM         0.00   2011
                        2008
                        1984
TOTALS              T              0.50   -0.50     0.08
DAILY AVG.          T              0.02   -0.02     0.00
DAYS >= .01         0               3.5    -3.5        1
DAYS >= .10         0               1.6    -1.6        0
DAYS >= .50         0               0.1    -0.1        0
DAYS >= 1.00        0               0.0     0.0        0
GREATEST
 24 HR. TOTAL       T   03/27 TO 03/27           03/28 TO 03/28
                        03/24 TO 03/24                    03/31 TO 03/31
                                                          03/31 TO 03/31

DEGREE_DAYS
HEATING TOTAL     267               325     -58      181
 SINCE 7/1       1942              2361    -419     1974
COOLING TOTAL       7                 1       6        7
 SINCE 1/1          7                 1       6        7
.................................................................

WIND (MPH)
AVERAGE WIND SPEED              8.3
HIGHEST WIND SPEED/DIRECTION    40/220    DATE  03/24
HIGHEST GUST SPEED/DIRECTION    52/250    DATE  03/25

AVERAGE RH (PERCENT)     32

WEATHER CONDITIONS. NUMBER OF DAYS WITH
THUNDERSTORM              0     MIXED PRECIP               0
HEAVY RAIN                0     RAIN                       0
LIGHT RAIN                2     FREEZING RAIN              0
LT FREEZING RAIN          0     HAIL                       0
HEAVY SNOW                0     SNOW                       0
LIGHT SNOW                0     SLEET                      0
FOG                       0     FOG W/VIS <= 1/4 MILE      0
HAZE                      0

-  INDICATES NEGATIVE NUMBERS.
R  INDICATES RECORD WAS SET OR TIED.
MM INDICATES DATA IS MISSING.
T  INDICATES TRACE AMOUNT.

$$
