096
CXUS55 KTWC 011532
CLMDUG

CLIMATE REPORT
NATIONAL WEATHER SERVICE TUCSON AZ
828 AM MST SUN JUL 1 2018

...................................

...THE DOUGLAS AZ CLIMATE SUMMARY FOR THE MONTH OF JUNE 2018...

CLIMATE NORMAL PERIOD 1981 TO 2010
CLIMATE RECORD PERIOD 1948 TO 2018

WEATHER         OBSERVED          NORMAL  DEPART  LAST YEAR`S
                 VALUE   DATE(S)  VALUE   FROM    VALUE  DATE(S)
                                          NORMAL
................................................................
TEMPERATURE (F)
RECORD
 HIGH             110   06/26/1994
 LOW               40   06/04/1971
HIGHEST           104   06/21       103       1      109  06/19
                        06/03
LOWEST             52   06/04        48       4       47  06/02
AVG. MAXIMUM     97.4              95.9     1.5    100.1
AVG. MINIMUM     60.6              60.4     0.2     62.4
MEAN             79.0              78.2     0.8     81.2
DAYS MAX >= 90     28              26.2     1.8       29
DAYS MAX <= 32      0               0.0     0.0        0
DAYS MIN <= 32      0               0.0     0.0        0
DAYS MIN <= 0       0               0.0     0.0        0

PRECIPITATION (INCHES)
RECORD
 MAXIMUM         2.96   1984
 MINIMUM         0.00   2005
                        1951
TOTALS           0.96              0.61    0.35     0.04
DAILY AVG.       0.03              0.02    0.01     0.00
DAYS >= .01         7               3.4     3.6        2
DAYS >= .10         3               1.3     1.7        0
DAYS >= .50         0               0.4    -0.4        0
DAYS >= 1.00        0               0.1    -0.1        0
GREATEST
 24 HR. TOTAL    0.39   06/16 TO 06/16           06/24 TO 06/24
 06/30 TO 06/30EATHER         OBSERVED          NORMAL  DEPART  LAST YEAR`S
 6/30 TO 06/30EATHER         OBSERVED          NORMAL  DEPART  LAST YEAR`S

DEGREE_DAYS
COOLING TOTAL     427               395      32      491
 SINCE 1/1        708               596     112      684
.................................................................

WIND (MPH)
AVERAGE WIND SPEED              9.1
HIGHEST WIND SPEED/DIRECTION    43/170    DATE  06/08
HIGHEST GUST SPEED/DIRECTION    58/020    DATE  06/08

AVERAGE RH (PERCENT)     30

WEATHER CONDITIONS. NUMBER OF DAYS WITH
THUNDERSTORM              6     MIXED PRECIP               0
HEAVY RAIN                2     RAIN                       3
LIGHT RAIN                6     FREEZING RAIN              0
LT FREEZING RAIN          0     HAIL                       0
HEAVY SNOW                0     SNOW                       0
LIGHT SNOW                0     SLEET                      0
FOG                       2     FOG W/VIS <= 1/4 MILE      0
HAZE                      0

-  INDICATES NEGATIVE NUMBERS.
R  INDICATES RECORD WAS SET OR TIED.
MM INDICATES DATA IS MISSING.
T  INDICATES TRACE AMOUNT.

$$
