000
CXUS55 KTWC 040846
CLMDUG

CLIMATE REPORT
NATIONAL WEATHER SERVICE TUCSON AZ
144 AM MST THU OCT 4 2018

...................................

...THE DOUGLAS AZ CLIMATE SUMMARY FOR THE MONTH OF SEPTEMBER 2018...

CLIMATE NORMAL PERIOD 1981 TO 2010
CLIMATE RECORD PERIOD 1948 TO 2018

WEATHER         OBSERVED          NORMAL  DEPART  LAST YEAR`S
                 VALUE   DATE(S)  VALUE   FROM    VALUE  DATE(S)
                                          NORMAL
................................................................
TEMPERATURE (F)
RECORD
 HIGH             102   09/03/1948
 LOW               36   09/30/1965
HIGHEST            98   09/14        95       3       98  09/04
LOWEST             54   09/23        50       4       41  09/25
AVG. MAXIMUM     89.8              89.4     0.4     90.8
AVG. MINIMUM     60.0              59.2     0.8     57.5
MEAN             74.9              74.3     0.6     74.2
DAYS MAX >= 90     16              15.3     0.7       22
DAYS MAX <= 32      0               0.0     0.0        0
DAYS MIN <= 32      0               0.0     0.0        0
DAYS MIN <= 0       0               0.0     0.0        0

PRECIPITATION (INCHES)
RECORD
 MAXIMUM         6.94   1983
 MINIMUM         0.00   1968
TOTALS           2.59              1.54    1.05        T
DAILY AVG.       0.09              0.05    0.04        T
DAYS >= .01         8               5.9     2.1        0
DAYS >= .10         6               3.0     3.0        0
DAYS >= .50         3               0.9     2.1        0
DAYS >= 1.00        0               0.4    -0.4        0
GREATEST
 24 HR. TOTAL    0.98   09/19 TO 09/19           09/09 TO 09/09

DEGREE_DAYS
HEATING TOTAL       0                 2      -2        4
 SINCE 7/1          0                 2      -2        4
COOLING TOTAL     304               281      23      286
 SINCE 1/1       1932              1751     181     1783
.................................................................

WIND (MPH)
AVERAGE WIND SPEED              6.0
HIGHEST WIND SPEED/DIRECTION    31/060    DATE  09/16
HIGHEST GUST SPEED/DIRECTION    37/070    DATE  09/16

AVERAGE RH (PERCENT)     MM

WEATHER CONDITIONS. NUMBER OF DAYS WITH
THUNDERSTORM              8     MIXED PRECIP               0
HEAVY RAIN                0     RAIN                       0
LIGHT RAIN                0     FREEZING RAIN              0
LT FREEZING RAIN          0     HAIL                       0
HEAVY SNOW                0     SNOW                       0
LIGHT SNOW                0     SLEET                      0
FOG                       3     FOG W/VIS <= 1/4 MILE      0
HAZE                      0

-  INDICATES NEGATIVE NUMBERS.
R  INDICATES RECORD WAS SET OR TIED.
MM INDICATES DATA IS MISSING.
T  INDICATES TRACE AMOUNT.

$$
