000
CXUS53 KDVN 010852
CLMDVN


CLIMATE REPORT
NATIONAL WEATHER SERVICE QUAD CITIES IA IL
245 AM CST THU FEB 1 2018

...................................

...THE DAVENPORT IA CLIMATE SUMMARY FOR THE MONTH OF JANUARY 2018...

CLIMATE NORMAL PERIOD 1981 TO 2010
CLIMATE RECORD PERIOD 9999 TO 9999

WEATHER         OBSERVED          NORMAL  DEPART
                 VALUE   DATE(S)  VALUE   FROM
                                          NORMAL
................................................
TEMPERATURE (F)
HIGHEST            57   01/22        31      26
LOWEST            -21R  01/01        12     -33
AVG. MAXIMUM     31.6              29.8     1.8
AVG. MINIMUM     12.6              12.7    -0.1
MEAN             22.1              21.2     0.9
DAYS MAX >= 90      0
DAYS MAX <= 32     13
DAYS MIN <= 32     27
DAYS MIN <= 0      10

PRECIPITATION (INCHES)
TOTALS           0.34              1.19   -0.85
DAILY AVG.       0.01              0.04   -0.03
DAYS >= .01         6
DAYS >= .10         2
DAYS >= .50         0
DAYS >= 1.00        0
GREATEST
 24 HR. TOTAL    0.13   01/21 TO 01/22

SNOWFALL (INCHES)
TOTALS            1.8
SINCE 7/1         8.3
SNOWDEPTH AVG.      1
DAYS >= TRACE      11
DAYS >= 1.0         0
GREATEST
 SNOW DEPTH         4   01/02
                        01/01
 24 HR TOTAL      1.5   01/14 TO 01/15

DEGREE_DAYS
HEATING TOTAL    1319              1356     -37
 SINCE 7/1       3759              3936    -177
COOLING TOTAL       0                 0       0
 SINCE 1/1          0                 0       0
.................................................

WIND (MPH)
AVERAGE WIND SPEED              11.9
HIGHEST WIND SPEED/DIRECTION    32/190    DATE  01/26
HIGHEST GUST SPEED/DIRECTION    41/190    DATE  01/26

SKY COVER
POSSIBLE SUNSHINE (PERCENT)   MM
AVERAGE SKY COVER           0.40
NUMBER OF DAYS FAIR           15
NUMBER OF DAYS PC             11
NUMBER OF DAYS CLOUDY          5

AVERAGE RH (PERCENT)     71

WEATHER CONDITIONS. NUMBER OF DAYS WITH
THUNDERSTORM              0     HAIL                       0
SLEET                     2     FOG                       12
FOG W/VIS <= 1/4 MILE     2     HAZE                       9

-  INDICATES NEGATIVE NUMBERS.
R  INDICATES RECORD WAS SET OR TIED.
MM INDICATES DATA IS MISSING.
T  INDICATES TRACE AMOUNT.

Supplimental snow reports from DVNI4

$$
