000
CXUS53 KGID 021144
CLMEAR

CLIMATE REPORT
NATIONAL WEATHER SERVICE HASTINGS NE
953 AM CDT MON OCT 1 2018

...................................

...THE KEARNEY CLIMATE SUMMARY FOR THE MONTH OF SEPTEMBER 2018...

CLIMATE NORMAL PERIOD 1981 TO 2010
CLIMATE RECORD PERIOD 1894 TO 2018

WEATHER         OBSERVED          NORMAL  DEPART  LAST YEAR`S
                 VALUE   DATE(S)  VALUE   FROM    VALUE  DATE(S)
                                          NORMAL
................................................................
TEMPERATURE (F)
HIGHEST            94   09/19        95      -1       98  09/22
LOWEST             38   09/26        34       4       42  09/07
AVG. MAXIMUM     76.8              77.0    -0.2     80.8
AVG. MINIMUM     57.1              50.0     7.1     54.7
MEAN             67.0              63.5     3.5     67.7
DAYS MAX >= 90      3               2.7     0.3        8
DAYS MAX <= 32      0               0.0     0.0        0
DAYS MIN <= 32      0               0.6    -0.6        0
DAYS MIN <= 0       0               0.0     0.0        0

PRECIPITATION (INCHES)
TOTALS           1.54              2.07   -0.53     1.86
DAILY AVG.       0.05              0.07   -0.02
DAYS >= .01         9               6.5     2.5
DAYS >= .10         3               3.6    -0.6
DAYS >= .50         2               1.2     0.8
DAYS >= 1.00        0               0.5    -0.5
GREATEST
 24 HR. TOTAL    0.66   09/04 TO 09/04

DEGREE_DAYS
HEATING TOTAL      87               132     -45       63
COOLING TOTAL     154                87      67      154
.................................................................

WIND (MPH)
AVERAGE WIND SPEED              11.7
HIGHEST WIND SPEED/DIRECTION    29/180
HIGHEST GUST SPEED/DIRECTION    36/180

AVERAGE RH (PERCENT)     74


-  INDICATES NEGATIVE NUMBERS.
R  INDICATES RECORD WAS SET OR TIED.
MM INDICATES DATA IS MISSING.
T  INDICATES TRACE AMOUNT.

THE PRECIPITATION DATA SHOWN ABOVE IS RECORDED BY THE AUTOMATED
WEATHER OBSERVING SYSTEM AT THE KEARNEY AIRPORT. THE PRECIPITATION
IS DEPICTED FOR A CALENDAR DAY FROM MIDNIGHT TO MIDNIGHT. SNOWFALL
IS NOT RECORDED BY THAT SYSTEM.

THE OFFICIAL PRECIPITATION...SNOWFALL...AND SNOW DEPTH OBSERVATION
FOR KEARNEY IS RECORDED DAILY BY THE COOPERATIVE OBSERVER AT 7 AM.
THAT INFORMATION FOLLOWS...

...KEARNEY 4NE COOPERATIVE OBSERVER REPORT FOR SEPT 2018...

PRECIPITATION (IN)
     MONTHLY...............................  1.85
     YEAR TO DATE.......................... 23.27

SNOWFALL (IN)
     MONTHLY...............................  0.0
     SEASONAL TOTAL (SINCE JULY 1ST).......  0.0

$$
