000
CXUS53 KGID 011825
CLMEAR

CLIMATE REPORT
NATIONAL WEATHER SERVICE HASTINGS NE
118 PM CDT SUN JUL 1 2018

...................................

...THE KEARNEY CLIMATE SUMMARY FOR THE MONTH OF JUNE 2018...

CLIMATE NORMAL PERIOD 1981 TO 2010
CLIMATE RECORD PERIOD 1894 TO 2018

WEATHER         OBSERVED          NORMAL  DEPART  LAST YEAR`S
                 VALUE   DATE(S)  VALUE   FROM    VALUE  DATE(S)
                                          NORMAL
................................................................
TEMPERATURE (F)
HIGHEST            99   06/15        97       2       99  06/21
                        06/10                             06/13
LOWEST             54   06/22        45       9       50  06/24
                        06/03
AVG. MAXIMUM     87.1              82.0     5.1     87.0
AVG. MINIMUM     64.1              57.6     6.5     61.6
MEAN             75.6              69.8     5.8     74.3
DAYS MAX >= 90     13               5.5     7.5       11
DAYS MAX <= 32      0               0.0     0.0        0
DAYS MIN <= 32      0               0.0     0.0        0
DAYS MIN <= 0       0               0.0     0.0        0

PRECIPITATION (INCHES)
TOTALS           3.77              3.93   -0.16     1.36
DAILY AVG.       0.13              0.13    0.00
DAYS >= .01         9              10.0    -1.0
DAYS >= .10         6               6.8    -0.8
DAYS >= .50         4               2.4     1.6
DAYS >= 1.00        1               1.1    -0.1
GREATEST
 24 HR. TOTAL    1.12   06/30 TO 06/30

DEGREE_DAYS
HEATING TOTAL       0                35     -35        2
COOLING TOTAL     324               179     145      291
.................................................................

WIND (MPH)
AVERAGE WIND SPEED              12.5
HIGHEST WIND SPEED/DIRECTION    48/360
HIGHEST GUST SPEED/DIRECTION    59/360

AVERAGE RH (PERCENT)     67


-  INDICATES NEGATIVE NUMBERS.
R  INDICATES RECORD WAS SET OR TIED.
MM INDICATES DATA IS MISSING.
T  INDICATES TRACE AMOUNT.

&&

THE PRECIPITATION DATA SHOWN ABOVE IS RECORDED BY THE AUTOMATED
WEATHER OBSERVING SYSTEM AT THE KEARNEY AIRPORT. THE PRECIPITATION
IS DEPICTED FOR A CALENDAR DAY FROM MIDNIGHT TO MIDNIGHT. SNOWFALL
IS NOT RECORDED BY THAT SYSTEM.

THE OFFICIAL PRECIPITATION...SNOWFALL...AND SNOW DEPTH OBSERVATION
FOR KEARNEY IS RECORDED DAILY BY THE COOPERATIVE OBSERVER AT 7 AM.
THAT INFORMATION FOLLOWS...

...KEARNEY 4NE COOPERATIVE OBSERVER REPORT FOR JUNE 2018...

PRECIPITATION (IN)
     MONTHLY...............................  2.87
     YEAR TO DATE.......................... 13.20

SNOWFALL (IN)
     MONTHLY...............................  0.0
     SEASONAL TOTAL (SINCE JULY 1ST)....... 31.1

$$
