000
CXUS56 KOTX 012209 CCA
CLMEAT

CLIMATE REPORT
NATIONAL WEATHER SERVICE SPOKANE, WA
419 AM PDT SUN JUL 1 2018

...................................

...THE WENATCHEE WA PANGBORN FIELD CLIMATE SUMMARY FOR THE MONTH OF JUNE 2018...

CLIMATE NORMAL PERIOD 1981 TO 2010
CLIMATE RECORD PERIOD 1959 TO 2018

WEATHER         OBSERVED          NORMAL  DEPART  LAST YEAR`S
                 VALUE   DATE(S)  VALUE   FROM    VALUE  DATE(S)
                                          NORMAL
................................................................
TEMPERATURE (F)
RECORD
 HIGH             109   06/28/2015
 LOW               38   06/03/1976
HIGHEST            91   06/21        MM      MM       95  06/25
LOWEST             45   06/12        MM      MM       47  06/09
AVG. MAXIMUM     78.6              78.3     0.3     79.9
AVG. MINIMUM     54.5              55.1    -0.6     55.2
MEAN             66.6              66.7    -0.1     67.5
DAYS MAX >= 90      1               2.9    -1.9        4
DAYS MAX <= 32      0               0.0     0.0        0
DAYS MIN <= 32      0               0.0     0.0        0
DAYS MIN <= 0       0               0.0     0.0        0

PRECIPITATION (INCHES)
RECORD
 MAXIMUM         1.87   1972
 MINIMUM         0.01   1999
TOTALS           0.12              0.60   -0.48     0.20
DAILY AVG.       0.00              0.02   -0.02     0.01
DAYS >= .01         3               4.4    -1.4        3
DAYS >= .10         0               1.9    -1.9        1
DAYS >= .50         0               0.2    -0.2        0
DAYS >= 1.00        0               0.0     0.0        0
GREATEST
 24 HR. TOTAL    0.09   06/08 TO 06/08              0.11

DEGREE_DAYS
HEATING TOTAL      40                58     -18       40
 SINCE 7/1       5637              5772    -135     6241
COOLING TOTAL      93               292    -199      124
 SINCE 1/1        188               439    -251      180
.................................................................

WIND (MPH)
AVERAGE WIND SPEED              11.2
HIGHEST WIND SPEED/DIRECTION    40/310    DATE  06/25
HIGHEST GUST SPEED/DIRECTION    49/310    DATE  06/25

SKY COVER
POSSIBLE SUNSHINE (PERCENT)   MM
AVERAGE SKY COVER           0.10
NUMBER OF DAYS FAIR           29
NUMBER OF DAYS PC              0
NUMBER OF DAYS CLOUDY          1

AVERAGE RH (PERCENT)     45

WEATHER CONDITIONS. NUMBER OF DAYS WITH
THUNDERSTORM              3     MIXED PRECIP               0
HEAVY RAIN                0     RAIN                       1
LIGHT RAIN                7     FREEZING RAIN              0
LT FREEZING RAIN          0     HAIL                       0
HEAVY SNOW                0     SNOW                       0
LIGHT SNOW                0     SLEET                      0
FOG                       2     FOG W/VIS <= 1/4 MILE      0
HAZE                      2

-  INDICATES NEGATIVE NUMBERS.
R  INDICATES RECORD WAS SET OR TIED.
MM INDICATES DATA IS MISSING.
T  INDICATES TRACE AMOUNT.

$$

JUNE 2018 BROUGHT NORMAL TEMPERATURES AND DRIER THAN NORMAL
CONDITIONS TO NORTH CENTRAL WASHINGTON.  A SEVERE THUNDERSTORM EVENT
STRUCK THE AREA DURING THE EARLY MORNING HOURS OF THE 25TH, WITH
SIGNIFICANT WIND DAMAGE FROM TWISP TO OKANOGAN TO ALTA LAKE AS WELL
AS THE BRIDGEPORT AREA.  ALTA LAKE STATE PARK WAS ESPECIALLY HARD
HIT WITH NUMEROUS DOWNED TREES INJURING 4 PEOPLE...DAMAGING 2
VEHICLES...AND A RV. IN THE OKANOGAN HIGHLANDS TREES WERE FLATTENED
OR SNAPPED OFF IN LARGE SWATHS.  IN AND NEAR REPUBLIC 100 TREES WERE
REPORTED DOWN WITH TREES ON HOUSES. NUMEROUS TREES ALSO FELL AT
BEAVER LAKE CAMPGROUND AND BONAPARTE LAKE RESORT.  WIND SENSORS IN
THIS REGION REPORTED WIND GUSTS RANGING FROM 40-70 MPH. THE
WENATCHEE AIRPORT RECORDED A PEAK WIND GUST OF 49 MPH. BESIDES THIS
MAJOR EVENT...THUNDERSTORMS ALSO STRUCK AROUND THE OKANOGAN AND
METHOW VALLEYS AS WELL AS THE OKANOGAN HIGHLANDS ON THE 21ST AND
22ND.  ONE STORM BLEW DOWN A TREE ONTO AN OUTBUILDING WEST OF
INCHELIUM.

NO RECORDS WERE SET DURING THE MONTH AT THE WENATCHEE AIRPORT.
