505
CXUS53 KMPX 032238 CCA
CLMEAU

CLIMATE REPORT
NATIONAL WEATHER SERVICE CHANHASSEN MN
706 AM CST SAT DEC 1 2018

...................................

...THE EAU CLAIRE WI CLIMATE SUMMARY FOR THE MONTH OF NOVEMBER 2018...

CLIMATE NORMAL PERIOD 1981 TO 2010
CLIMATE RECORD PERIOD 1893 TO 2018

WEATHER         OBSERVED          NORMAL  DEPART  LAST YEAR`S
                 VALUE   DATE(S)  VALUE   FROM    VALUE  DATE(S)
                                          NORMAL
................................................................
TEMPERATURE (F)
RECORD
 HIGH              79   11/01/1933
 LOW              -18   11/30/1964
HIGHEST            49   11/01        54      -5       59  11/24
LOWEST              4   11/13        13      -9        3  11/10
AVG. MAXIMUM     32.4              41.4    -9.0     40.4
AVG. MINIMUM     20.6              24.5    -3.9     22.1
MEAN             26.5              32.9    -6.4     31.2
DAYS MAX >= 90      0               0.0     0.0        0
DAYS MAX <= 32     17               6.1    10.9        3
DAYS MIN <= 32     28              23.3     4.7       24
DAYS MIN <= 0       0               0.7    -0.7        0

PRECIPITATION (INCHES)
RECORD
 MAXIMUM         7.52   1991
 MINIMUM         0.07   2002
TOTALS           1.76              1.84   -0.08     0.49
DAILY AVG.       0.06              0.06    0.00     0.02
DAYS >= .01        13               8.9     4.1        8
DAYS >= .10         3               4.2    -1.2        1
DAYS >= .50         1               1.0     0.0        0
DAYS >= 1.00        0               0.2    -0.2        0
GREATEST
 24 HR. TOTAL    0.78   11/04 TO 11/04

SNOWFALL (INCHES)
RECORDS
 TOTAL           19.0   1985
TOTALS            3.4               5.9    -2.5      1.4
SINCE 7/1         4.2               6.3    -2.1      3.3
SNOWDEPTH AVG.      0                MM      MM        0
DAYS >= 1.0         1               1.9    -0.9        1
GREATEST
 SNOW DEPTH         1   11/14                          0  MM
                        11/13
                        11/12
 24 HR TOTAL      1.1   11/09 TO 11/09

DEGREE_DAYS
HEATING TOTAL    1148               962     186     1008
 SINCE 7/1       1999              1746     253     1641
COOLING TOTAL       0                 0       0        0
 SINCE 1/1        712               579     133      466
.................................................................

WIND (MPH)
AVERAGE WIND SPEED              7.7
HIGHEST WIND SPEED/DIRECTION    22/320    DATE  11/09
HIGHEST GUST SPEED/DIRECTION    38/280    DATE  11/06

SKY COVER
POSSIBLE SUNSHINE (PERCENT)   MM
AVERAGE SKY COVER           0.70
NUMBER OF DAYS FAIR            5
NUMBER OF DAYS PC              6
NUMBER OF DAYS CLOUDY         19

AVERAGE RH (PERCENT)     75


-  INDICATES NEGATIVE NUMBERS.
R  INDICATES RECORD WAS SET OR TIED.
MM INDICATES DATA IS MISSING.
T  INDICATES TRACE AMOUNT.

$$
