000
CXUS53 KMPX 011506
CLMEAU


CLIMATE REPORT
NATIONAL WEATHER SERVICE CHANHASSEN MN
1005 AM CDT SAT SEP 1 2018

...................................

...THE EAU CLAIRE WI CLIMATE SUMMARY FOR THE MONTH OF AUGUST 2018...

CLIMATE NORMAL PERIOD 1981 TO 2010
CLIMATE RECORD PERIOD 1893 TO 2018

WEATHER         OBSERVED          NORMAL  DEPART  LAST YEAR`S
                 VALUE   DATE(S)  VALUE   FROM    VALUE  DATE(S)
                                          NORMAL
................................................................
TEMPERATURE (F)
RECORD
 HIGH             104   08/01/1988
                        08/04/1947
 LOW               36   08/30/1915
HIGHEST            91   08/14        90       1       85  08/01
LOWEST             44   08/30        52      -8       47  08/31
                                                          08/12
AVG. MAXIMUM     80.6              80.3     0.3     75.4
AVG. MINIMUM     58.8              58.3     0.5     55.4
MEAN             69.7              69.3     0.4     65.4
DAYS MAX >= 90      2               2.2    -0.2        0
DAYS MAX <= 32      0               0.0     0.0        0
DAYS MIN <= 32      0               0.0     0.0        0
DAYS MIN <= 0       0               0.0     0.0        0

PRECIPITATION (INCHES)
RECORD
 MAXIMUM        11.64   1980
 MINIMUM         0.00   2002
TOTALS           5.64              4.47    1.17     4.12
DAILY AVG.       0.18              0.14    0.04     0.13
DAYS >= .01        10              10.8    -0.8       14
DAYS >= .10         9               6.8     2.2        9
DAYS >= .50         5               3.0     2.0        3
DAYS >= 1.00        3               1.3     1.7        1
GREATEST
 24 HR. TOTAL    1.17   08/26 TO 08/26

SNOWFALL (INCHES)
RECORDS
 TOTAL            0.0   MM
TOTALS            0.0               0.0     0.0      0.0
SINCE 7/1         0.0               0.0     0.0      0.0
SNOWDEPTH AVG.      0                MM      MM        0
DAYS >= 1.0         0               0.0     0.0        0
GREATEST
 SNOW DEPTH         0   MM                             0  MM
 24 HR TOTAL      0.0   08/31 TO 08/31

DEGREE_DAYS
HEATING TOTAL      23                28      -5       41
 SINCE 7/1         24                39     -15       43
COOLING TOTAL     177               161      16       60
 SINCE 1/1        628               527     101      372
.................................................................

WIND (MPH)
AVERAGE WIND SPEED              5.6
HIGHEST WIND SPEED/DIRECTION    30/230    DATE  08/27
HIGHEST GUST SPEED/DIRECTION    52/260    DATE  08/27

SKY COVER
POSSIBLE SUNSHINE (PERCENT)   MM
AVERAGE SKY COVER           0.40
NUMBER OF DAYS FAIR           17
NUMBER OF DAYS PC             11
NUMBER OF DAYS CLOUDY          3

AVERAGE RH (PERCENT)     77

WEATHER CONDITIONS. NUMBER OF DAYS WITH
  0
  9
  0
  0
  0
  0
 12
HAZE                      6

-  INDICATES NEGATIVE NUMBERS.
R  INDICATES RECORD WAS SET OR TIED.
MM INDICATES DATA IS MISSING.
T  INDICATES TRACE AMOUNT.

$$
