000
CXUS52 KAKQ 011256
CLMECG


CLIMATE REPORT
NATIONAL WEATHER SERVICE WAKEFIELD, VA
855 AM EDT THU NOV 1 2018

...................................

...THE ELIZABETH CITY NC CLIMATE SUMMARY FOR THE MONTH OF OCTOBER 2018...

CLIMATE NORMAL PERIOD 1981 TO 2010
CLIMATE RECORD PERIOD 1934 TO 2018

WEATHER         OBSERVED          NORMAL  DEPART  LAST YEAR`S
                 VALUE   DATE(S)  VALUE   FROM    VALUE  DATE(S)
                                          NORMAL
................................................................
TEMPERATURE (F)
RECORD
 HIGH              95   10/06/1954
                        10/07/1941
 LOW               26   10/29/1976
                        10/27/1962
HIGHEST            91   10/05        77      14       88  10/10
                                                          10/08
LOWEST             37   10/22        58     -21       38  10/27
AVG. MAXIMUM     75.0              72.5     2.5     76.3
AVG. MINIMUM     55.5              52.3     3.2     56.9
MEAN             65.2              62.4     2.8     66.6
DAYS MAX >= 90      1               0.1     0.9        0
DAYS MAX <= 32      0               0.0     0.0        0
DAYS MIN <= 32      0               0.4    -0.4        0
DAYS MIN <= 0       0               0.0     0.0        0

PRECIPITATION (INCHES)
RECORD
 MAXIMUM           MM   MM
 MINIMUM           MM   MM
TOTALS           1.62              3.07   -1.45     3.06
DAILY AVG.       0.05              0.10   -0.05     0.10
DAYS >= .01         6               9.9    -3.9       11
DAYS >= .10         3               4.3    -1.3        4
DAYS >= .50         1               1.6    -0.6        1
DAYS >= 1.00        0               1.1    -1.1        1
GREATEST
 24 HR. TOTAL    0.96   10/26 TO 10/26

SNOWFALL (INCHES)
RECORDS
 TOTAL             MM   MM
TOTALS            0.0
SINCE 7/1         0.0                MM      MM      0.0
SNOWDEPTH AVG.      0                MM      MM        0
DAYS >= 1.0         0                MM      MM        0
GREATEST
 SNOW DEPTH         0   MM                             0  MM
 24 HR TOTAL      0.0   10/31 TO 10/31           10/31 TO 10/31
                                                          10/31 TO 10/31EATHER         OBSERVED          NORMAL  DEPART  LAST YEAR`S
                                                          10/31 TO 10/31EATHER         OBSERVED          NORMAL  DEPART  LAST YEAR`S

DEGREE_DAYS
HEATING TOTAL     149               139      10       77
 SINCE 7/1        149               151      -2       77
COOLING TOTAL     165                59     106      134
 SINCE 1/1       2303              1581     722     1951
.................................................................

WIND (MPH)
AVERAGE WIND SPEED              8.4
HIGHEST WIND SPEED/DIRECTION    38/270    DATE  10/11
HIGHEST GUST SPEED/DIRECTION    52/280    DATE  10/11

SKY COVER
POSSIBLE SUNSHINE (PERCENT)   MM
AVERAGE SKY COVER           0.30

AVERAGE RH (PERCENT)     71

WEATHER CONDITIONS. NUMBER OF DAYS WITH
  0
  3
  0
  0
  0
  0
  3
HAZE                      0

-  INDICATES NEGATIVE NUMBERS.
R  INDICATES RECORD WAS SET OR TIED.
MM INDICATES DATA IS MISSING.
T  INDICATES TRACE AMOUNT.

$$
