000
CXUS52 KAKQ 011726
CLMECG


CLIMATE REPORT
NATIONAL WEATHER SERVICE WAKEFIELD, VA
122 PM EDT SAT SEP 1 2018

...................................

...THE ELIZABETH CITY NC CLIMATE SUMMARY FOR THE MONTH OF AUGUST 2018...

CLIMATE NORMAL PERIOD 1981 TO 2010
CLIMATE RECORD PERIOD 1934 TO 2018

WEATHER         OBSERVED          NORMAL  DEPART  LAST YEAR`S
                 VALUE   DATE(S)  VALUE   FROM    VALUE  DATE(S)
                                          NORMAL
................................................................
TEMPERATURE (F)
RECORD
 HIGH             101   08/29/1948
 LOW               49   08/30/1965
HIGHEST            94   08/30        88       6       93  08/18
                        08/08
LOWEST             67   08/26        68      -1       59  08/01
AVG. MAXIMUM     89.5              86.6     2.9     85.7
AVG. MINIMUM     72.7              68.7     4.0     71.3
MEAN             81.1              77.6     3.5     78.5
DAYS MAX >= 90     16               8.2     7.8        7
DAYS MAX <= 32      0               0.0     0.0        0
DAYS MIN <= 32      0               0.0     0.0        0
DAYS MIN <= 0       0               0.0     0.0        0

PRECIPITATION (INCHES)
RECORD
 MAXIMUM           MM   MM
 MINIMUM           MM   MM
TOTALS           5.06              6.64   -1.58     6.01
DAILY AVG.       0.16              0.21   -0.05     0.19
DAYS >= .01        15              13.6     1.4       12
DAYS >= .10         7               7.2    -0.2       10
DAYS >= .50         4               3.4     0.6        5
DAYS >= 1.00        2               2.1    -0.1        2
GREATEST
 24 HR. TOTAL    1.40   08/19 TO 08/19

DEGREE_DAYS
HEATING TOTAL       0                 0       0        0
 SINCE 7/1          0                 0       0        0
COOLING TOTAL     505               392     113      423
 SINCE 1/1       1701              1296     405     1546
.................................................................

WIND (MPH)
AVERAGE WIND SPEED              7.3
HIGHEST WIND SPEED/DIRECTION    29/200    DATE  08/02
HIGHEST GUST SPEED/DIRECTION    36/200    DATE  08/02

SKY COVER
POSSIBLE SUNSHINE (PERCENT)   MM
AVERAGE SKY COVER           0.20

AVERAGE RH (PERCENT)     80

WEATHER CONDITIONS. NUMBER OF DAYS WITH
  0
  5
  0
  0
  0
  0
  3
HAZE                      0

-  INDICATES NEGATIVE NUMBERS.
R  INDICATES RECORD WAS SET OR TIED.
MM INDICATES DATA IS MISSING.
T  INDICATES TRACE AMOUNT.

$$
