496
CXUS52 KAKQ 011232
CLMECG


CLIMATE REPORT
NATIONAL WEATHER SERVICE WAKEFIELD, VA
822 AM EDT FRI JUN 1 2018

...................................

...THE ELIZABETH CITY NC CLIMATE SUMMARY FOR THE MONTH OF MAY 2018...

CLIMATE NORMAL PERIOD 1981 TO 2010
CLIMATE RECORD PERIOD 1934 TO 2018

WEATHER         OBSERVED          NORMAL  DEPART  LAST YEAR`S
                 VALUE   DATE(S)  VALUE   FROM    VALUE  DATE(S)
                                          NORMAL
................................................................
TEMPERATURE (F)
RECORD
 HIGH             101   05/23/1941
 LOW               32   05/10/1997
HIGHEST            90   05/14        80      10       91  05/17
                        05/12
LOWEST             50   05/01        54      -4       45  05/09
AVG. MAXIMUM     82.5              76.8     5.7     78.1
AVG. MINIMUM     65.4              56.7     8.7     59.9
MEAN             73.9              66.8     7.1     69.0
DAYS MAX >= 90      2               0.7     1.3        1
DAYS MAX <= 32      0               0.0     0.0        0
DAYS MIN <= 32      0               0.0     0.0        0
DAYS MIN <= 0       0               0.0     0.0        0

PRECIPITATION (INCHES)
RECORD
 MAXIMUM        11.75   1966
 MINIMUM         0.58   2011
TOTALS           6.92              3.61    3.31     6.05
DAILY AVG.       0.22              0.12    0.10     0.20
DAYS >= .01        14              11.5     2.5       15
DAYS >= .10         9               6.5     2.5       11
DAYS >= .50         5               2.8     2.2        4
DAYS >= 1.00        2               1.1     0.9        2
GREATEST
 24 HR. TOTAL    1.77   05/23 TO 05/23

DEGREE_DAYS
HEATING TOTAL       8                68     -60       34
 SINCE 7/1       3103              3229    -126     2687
COOLING TOTAL     293               122     171      164
 SINCE 1/1        344               164     180      298
.................................................................

WIND (MPH)
AVERAGE WIND SPEED              9.2
HIGHEST WIND SPEED/DIRECTION    32/360    DATE  05/14
HIGHEST GUST SPEED/DIRECTION    41/350    DATE  05/14

SKY COVER
POSSIBLE SUNSHINE (PERCENT)   MM
AVERAGE SKY COVER           0.30

AVERAGE RH (PERCENT)     79

WEATHER CONDITIONS. NUMBER OF DAYS WITH
  0
 11
  0
  0
  0
  0
  3
HAZE                      1

-  INDICATES NEGATIVE NUMBERS.
R  INDICATES RECORD WAS SET OR TIED.
MM INDICATES DATA IS MISSING.
T  INDICATES TRACE AMOUNT.

$$
