895
CXUS55 KGJT 011356
CLMEEO


CLIMATE REPORT
NATIONAL WEATHER SERVICE GRAND JUNCTION CO
646 AM MST SAT DEC 1 2018

...................................

...THE MEEKER CO CLIMATE SUMMARY FOR THE MONTH OF NOVEMBER 2018...

CLIMATE NORMAL PERIOD 1981 TO 2010
CLIMATE RECORD PERIOD 9999 TO 9999

WEATHER         OBSERVED          NORMAL  DEPART  LAST YEAR`S
                 VALUE   DATE(S)  VALUE   FROM    VALUE  DATE(S)
                                          NORMAL
................................................................
TEMPERATURE (F)
HIGHEST            58   11/02        MM      MM       68  11/26
LOWEST              0   11/26        MM      MM        6  11/18
AVG. MAXIMUM     44.6              45.1    -0.5     56.0
AVG. MINIMUM     16.6              18.8    -2.2     25.7
MEAN             30.6              31.9    -1.3     40.8
DAYS MAX >= 90      0               0.0     0.0        0
DAYS MAX <= 32      1               4.5    -3.5        1
DAYS MIN <= 32     30              28.5     1.5       26
DAYS MIN <= 0       1               1.9    -0.9        0

PRECIPITATION (INCHES)
TOTALS           0.80              1.47   -0.67     0.68
DAILY AVG.       0.03              0.05   -0.02     0.02
DAYS >= .01         7                MM      MM        5
DAYS >= .10         3                MM      MM        3
DAYS >= .50         0                MM      MM        0
DAYS >= 1.00        0                MM      MM        0
GREATEST
 24 HR. TOTAL    0.29   11/24 TO 11/24              0.29

SNOWFALL (INCHES)
TOTALS             MM                MM      MM       MM
SINCE 7/1          MM                MM      MM       MM
SNOWDEPTH AVG.     MM                MM      MM       MM
DAYS >= 1.0         0                MM      MM       MM
GREATEST
 SNOW DEPTH        MM                                 MM  MM
 24 HR TOTAL       MM                                 MM

DEGREE_DAYS
HEATING TOTAL    1024               992      32      715
 SINCE 7/1       1789              1936    -147     1588
COOLING TOTAL       0                 0       0        0
 SINCE 1/1        395               172     223      321
.................................................................

WIND (MPH)
AVERAGE WIND SPEED              3.8
HIGHEST WIND SPEED/DIRECTION    30/320    DATE  11/02
HIGHEST GUST SPEED/DIRECTION    44/330    DATE  11/02

SKY COVER
POSSIBLE SUNSHINE (PERCENT)   MM
AVERAGE SKY COVER           0.40
NUMBER OF DAYS FAIR           14
NUMBER OF DAYS PC              8
NUMBER OF DAYS CLOUDY          8

AVERAGE RH (PERCENT)     59

WEATHER CONDITIONS. NUMBER OF DAYS WITH
THUNDERSTORM              0     MIXED PRECIP                0
HEAVY RAIN                0     RAIN                        0
LIGHT RAIN                6     FREEZING RAIN               0
LT FREEZING RAIN          0     HAIL                        0
HEAVY SNOW                1     SNOW                        3
LIGHT SNOW               10     SLEET                       0
FOG                       9     FOG W/VIS <= 1/4 MILE       2
HAZE                      0

-  INDICATES NEGATIVE NUMBERS.
R  INDICATES RECORD WAS SET OR TIED.
MM INDICATES DATA IS MISSING.
T  INDICATES TRACE AMOUNT.

$$
