000
CXUS55 KGJT 042153 RRB
CLMEEO

CLIMATE REPORT
NATIONAL WEATHER SERVICE GRAND JUNCTION CO
424 AM MDT SAT SEP 1 2018

...................................

...THE MEEKER CO CLIMATE SUMMARY FOR THE MONTH OF AUGUST 2018...

CLIMATE NORMAL PERIOD 1981 TO 2010
CLIMATE RECORD PERIOD 9999 TO 9999

WEATHER         OBSERVED          NORMAL  DEPART  LAST YEAR`S
                 VALUE   DATE(S)  VALUE   FROM    VALUE  DATE(S)
                                          NORMAL
................................................................
TEMPERATURE (F)
HIGHEST            97   08/12        MM      MM       92  08/29
LOWEST             40   08/29        MM      MM       43  08/30
                                                          08/26
AVG. MAXIMUM     86.1              83.6     2.5     85.1
AVG. MINIMUM     48.9              48.4     0.5     48.1
MEAN             67.5              66.0     1.5     66.6
DAYS MAX >= 90      9               3.7     5.3        7
DAYS MAX <= 32      0               0.0     0.0        0
DAYS MIN <= 32      0               0.0     0.0        0
DAYS MIN <= 0       0               0.0     0.0        0

PRECIPITATION (INCHES)
TOTALS           1.36              1.32    0.04     1.27
DAILY AVG.       0.04              0.04    0.00     0.04
DAYS >= .01        10                MM      MM        8
DAYS >= .10         6                MM      MM        5
DAYS >= .50         1                MM      MM        0
DAYS >= 1.00        0                MM      MM        0
GREATEST
 24 HR. TOTAL    0.53   08/18 TO 08/18              0.39

SNOWFALL (INCHES)
TOTALS             MM                MM      MM       MM
SINCE 7/1          MM                MM      MM       MM
SNOWDEPTH AVG.     MM                MM      MM       MM
DAYS >= 1.0        MM                MM      MM       MM
GREATEST
 SNOW DEPTH        MM                                 MM  MM
 24 HR TOTAL       MM                                 MM

DEGREE_DAYS
HEATING TOTAL      14                34     -20        9
 SINCE 7/1         15                54     -39        9
COOLING TOTAL     101                65      36       67
 SINCE 1/1        386               168     218      295
.................................................................

WIND (MPH)
AVERAGE WIND SPEED              6.5
HIGHEST WIND SPEED/DIRECTION    39/260    DATE  08/26
HIGHEST GUST SPEED/DIRECTION    53/250    DATE  08/26

SKY COVER
POSSIBLE SUNSHINE (PERCENT)    0
AVERAGE SKY COVER           0.10
NUMBER OF DAYS FAIR           28
NUMBER OF DAYS PC              2
NUMBER OF DAYS CLOUDY          1

AVERAGE RH (PERCENT)     42

WEATHER CONDITIONS. NUMBER OF DAYS WITH
THUNDERSTORM             11     MIXED PRECIP                0
HEAVY RAIN                2     RAIN                        5
LIGHT RAIN               15     FREEZING RAIN               0
LT FREEZING RAIN          0     HAIL                        0
HEAVY SNOW                0     SNOW                        0
LIGHT SNOW                0     SLEET                       0
FOG                       5     FOG W/VIS <= 1/4 MILE       0
HAZE                      5

-  INDICATES NEGATIVE NUMBERS.
R  INDICATES RECORD WAS SET OR TIED.
MM INDICATES DATA IS MISSING.
T  INDICATES TRACE AMOUNT.

$$
