000
CXUS56 KEKA 020403
CLMEKA

CLIMATE REPORT
NATIONAL WEATHER SERVICE EUREKA CA
1141 AM PDT SUN JUL 1 2018

...................................

...THE EUREKA CA CLIMATE SUMMARY FOR THE MONTH OF JUNE 2018...

CLIMATE NORMAL PERIOD 1981 TO 2010
CLIMATE RECORD PERIOD 1886 TO 2018

WEATHER         OBSERVED          NORMAL  DEPART  LAST YEAR`S
                 VALUE   DATE(S)  VALUE   FROM    VALUE
                                          NORMAL
.............................................................
TEMPERATURE (F)
RECORD
 HIGH              85   06/17/1945
                        06/06/1903
 LOW               40   06/24/2003
                        06/08/1999
                        06/06/1899
HIGHEST            66   06/23                MM
LOWEST             43   06/01                MM
AVG. MAXIMUM     61.7                      -0.5
AVG. MINIMUM     50.1                       0.0
MEAN             55.9                      -0.2

PRECIPITATION (INCHES)
RECORD
 MAXIMUM         4.66   1888
 MINIMUM         0.00   1960
                        1951
                        1926
TOTALS           0.70              0.75   -0.05
DAYS >= .01         2               5.8    -3.8        6
DAYS >= .10         2               2.2    -0.2        2
DAYS >= .50         0               0.3    -0.3        0
DAYS >= 1.00        0               0.1    -0.1        0
GREATEST
 24 HR. TOTAL    0.67   06/08 TO 06/09

SNOWFALL (INCHES)
 LIQUID 7/1        MM                        MM

DEGREE_DAYS
HEATING TOTAL     268               266       2      230
 SINCE 7/1       4315              4434    -119     4290
COOLING TOTAL       0                 0       0        0
 SINCE 1/1          0                 0       0        0
..............................................................

WIND (MPH)
AVERAGE WIND SPEED              5.2
HIGHEST WIND SPEED/DIRECTION    16/360    DATE  06/16
HIGHEST GUST SPEED/DIRECTION    26/350    DATE  06/23

SKY COVER
POSSIBLE SUNSHINE (PERCENT)   MM
AVERAGE SKY COVER           0.50
NUMBER OF DAYS FAIR            7
NUMBER OF DAYS PC             17
NUMBER OF DAYS CLOUDY          6


WEATHER CONDITIONS. NUMBER OF DAYS WITH
  0
  6
  0
  1
HAZE                      0

-  INDICATES NEGATIVE NUMBERS.
R  INDICATES RECORD WAS SET OR TIED.
MM INDICATES DATA IS MISSING.
T  INDICATES TRACE AMOUNT.

&&

TOTAL RAINFALL...............  0.70 DEPARTURE FROM NORMAL.....- 0.05
TOTAL SINCE JANUARY 1ST...... 25.74 DEPARTURE FROM NORMAL.....+ 2.46
TOTAL SINCE OCT 1ST.......... 36.72 DEPARTURE FROM NORMAL.....- 2.53

HIGHEST SLP......... 30.21 ON 9,1 LOWEST SLP........29.76 ON 16

...REMARKS...HIGH PRESSURE WAS THE DOMINANT WEATHER PATTERN FOR MUCH
OF THE MONTH. HOWEVER ONE WEATHER SYSTEM DID BRING ENOUGH RAIN ON
THE 8TH AND 9TH TO END THE MONTH CLOSE TO NORMAL ON RAINFALL.
SEVERAL ADDITIONAL...BUT VERY WEAK...WEATHER SYSTEMS BROUGHT
ACCUMULATING DRIZZLE TO THE AREA. TEMPERATURES WERE VERY CLOSE TO
NORMAL THIS MONTH WITH HIGH TEMPERATURES ONLY RANGING FROM 59 TO 66.
LOW TEMPERATURES ENDED THE MONTH EXACTLY AT THE NORMAL OF 50.1
DEGREES.





$$
