784
CXUS55 KLKN 030946
CLMEKO

CLIMATE REPORT
NATIONAL WEATHER SERVICE ELKO NV
612 AM PST SUN DEC 2 2018

...................................

...THE ELKO AIRPORT NV CLIMATE SUMMARY FOR THE MONTH OF NOVEMBER 2018...

CLIMATE NORMAL PERIOD 1981 TO 2010
CLIMATE RECORD PERIOD 1888 TO 2018

WEATHER         OBSERVED          NORMAL  DEPART  LAST YEAR`S
                 VALUE   DATE(S)  VALUE   FROM    VALUE  DATE(S)
                                          NORMAL
................................................................
TEMPERATURE (F)
RECORD
 HIGH              83   11/07/1913
 LOW              -16   11/29/1896
HIGHEST            66   11/02        66       0       67  11/26
                                                          11/23
                                                          11/02
LOWEST              5   11/19         4       1       18  11/19
                        11/12                             11/18
AVG. MAXIMUM     49.5              48.2     1.3     53.6
AVG. MINIMUM     18.0              21.2    -3.2     27.9
MEAN             33.7              34.7    -1.0     40.8
DAYS MAX >= 90      0               0.0     0.0        0
DAYS MAX <= 32      0               2.1    -2.1        0
DAYS MIN <= 32     27              26.2     0.8       24
DAYS MIN <= 0       0               0.7    -0.7        0

PRECIPITATION (INCHES)
RECORD
 MAXIMUM         6.19   1909
 MINIMUM         0.00   1929
                        1894
                        1893
TOTALS           1.07              1.11   -0.04     1.26
DAILY AVG.       0.04              0.04    0.00     0.04
DAYS >= .01         5               7.7    -2.7        8
DAYS >= .10         3               3.7    -0.7        4
DAYS >= .50         0               0.5    -0.5        0
DAYS >= 1.00        0               0.0     0.0        0
GREATEST
 24 HR. TOTAL    0.38   11/28 TO 11/28              0.39

SNOWFALL (INCHES)
RECORDS
 TOTAL           20.0   1930
TOTALS            2.2               5.0    -2.8      0.7
SINCE 7/1         2.2               5.7    -3.5      0.7
SNOWDEPTH AVG.      0                                  0
DAYS >= TRACE       3               4.0    -1.0        1
DAYS >= 1.0         1               2.0    -1.0        0
GREATEST
 SNOW DEPTH         1   11/30                          0
                        11/29
 24 HR TOTAL      1.5   11/29 TO 11/29               0.7

DEGREE_DAYS
HEATING TOTAL     932               909      23      720
 SINCE 7/1       1627              1738    -111     1588
COOLING TOTAL       0                 0       0        0
 SINCE 1/1        678               383     295      785
.................................................................

WIND (MPH)
AVERAGE WIND SPEED              4.3
HIGHEST WIND SPEED/DIRECTION    29/340    DATE  11/24
HIGHEST GUST SPEED/DIRECTION    38/170    DATE  11/21

AVERAGE RH (PERCENT)     56

WEATHER CONDITIONS. NUMBER OF DAYS WITH
THUNDERSTORM              1     MIXED PRECIP               0
HEAVY RAIN                0     RAIN                       0
LIGHT RAIN                5     FREEZING RAIN              0
LT FREEZING RAIN          0     HAIL                       0
HEAVY SNOW                0     SNOW                       1
LIGHT SNOW                3     SLEET                      0
FOG                       5     FOG W/VIS <= 1/4 MILE      2
HAZE                      4

-  INDICATES NEGATIVE NUMBERS.
R  INDICATES RECORD WAS SET OR TIED.
MM INDICATES DATA IS MISSING.
T  INDICATES TRACE AMOUNT.

$$
=====================================================================
...NOVEMBER IN ELKO WAS COOL WITH CLOSE TO NORMAL PRECIPITATION...

THE AVERAGE TEMPERATURE IN ELKO DURING NOVEMBER 2018 WAS 33.7 DEGREES...
WHICH IS 1.0 DEGREES BELOW THE 1981-2010 CLIMATOLOGICAL NORMAL OF 34.7
DEGREES.  THIS MAKES NOVEMBER 2018 THE 37TH COOLEST ON RECORD.  THE TOTAL
PRECIPITATION WAS 1.07 INCHES... WHICH IS 0.04 INCHES BELOW THE 1981-2010
CLIMATOLOGICAL NORMAL OF 1.11 INCHES.  THIS MAKES NOVEMBER 2018 THE
40TH WETTEST ON RECORD, AT 96 PERCENT OF NORMAL PRECIPITATION. TOTAL
SNOWFALL OF 2.2 INCHES WAS 44 PERCENT OF NORMAL AND ELKO`S 55TH LEAST
SNOWY NOVEMBER.


$$
DTK
