000
CXUS55 KLKN 131547
CLMELY

CLIMATE REPORT
NATIONAL WEATHER SERVICE ELKO NV
316 AM PDT TUE JUL 3 2018

...................................

...THE ELY AIRPORT NV CLIMATE SUMMARY FOR THE MONTH OF JUNE 2018...

CLIMATE NORMAL PERIOD 1981 TO 2010
CLIMATE RECORD PERIOD 1893 TO 2018

WEATHER         OBSERVED          NORMAL  DEPART  LAST YEAR`S
                 VALUE   DATE(S)  VALUE   FROM    VALUE  DATE(S)
                                          NORMAL
................................................................
TEMPERATURE (F)
RECORD
 HIGH              99   06/29/2013
                        06/22/1954
                        08/04/1978
 LOW               18   06/14/1976
HIGHEST            94   06/26        91       3       97  06/20
                        06/25
LOWEST             32   06/18        28       4       34  06/14
                        06/02
AVG. MAXIMUM     84.9              79.0     5.9     85.9
AVG. MINIMUM     41.7              40.9     0.8     43.0
MEAN             63.3              60.0     3.3     64.4
DAYS MAX >= 90      6               1.9     4.1       11
DAYS MAX <= 32      0               0.0     0.0        0
DAYS MIN <= 32      2               2.5    -0.5        0
DAYS MIN <= 0       0               0.0     0.0        0

PRECIPITATION (INCHES)
RECORD
 MAXIMUM         3.53   1963
 MINIMUM         0.00   1910
                        1893
TOTALS           0.01              0.67   -0.66     0.02
DAILY AVG.       0.00              0.02   -0.02     0.00
DAYS >= .01         1               4.8    -3.8        1
DAYS >= .10         0               2.1    -2.1        0
DAYS >= .50         0               0.3    -0.3        0
DAYS >= 1.00        0               0.1    -0.1        0
GREATEST
 24 HR. TOTAL    0.01   06/17 TO 06/17              0.02

SNOWFALL (INCHES)
RECORDS
 TOTAL            1.7   1955
TOTALS            0.0               0.1    -0.1        T
SINCE 7/1        44.9              50.8    -5.9     68.0
SNOWDEPTH AVG.      0                                  0
DAYS >= TRACE       0               0.2    -0.2        1
DAYS >= 1.0         0               0.0     0.0        0
GREATEST
 SNOW DEPTH         0   MM                             0
 24 HR TOTAL      0.0   06/30 TO 06/30                 T

DEGREE_DAYS
HEATING TOTAL      84               175     -91       72
 SINCE 7/1       6775              7522    -747     6861
COOLING TOTAL      38                23      15       62
 SINCE 1/1         38                24      14       62
.................................................................

WIND (MPH)
AVERAGE WIND SPEED              10.6
HIGHEST WIND SPEED/DIRECTION    39/180    DATE  06/09
HIGHEST GUST SPEED/DIRECTION    53/190    DATE  06/09

AVERAGE RH (PERCENT)     28

WEATHER CONDITIONS. NUMBER OF DAYS WITH
THUNDERSTORM              0     MIXED PRECIP               0
HEAVY RAIN                0     RAIN                       0
LIGHT RAIN                1     FREEZING RAIN              0
LT FREEZING RAIN          0     HAIL                       0
HEAVY SNOW                0     SNOW                       0
LIGHT SNOW                0     SLEET                      0
FOG                       0     FOG W/VIS <= 1/4 MILE      0
HAZE                      3

-  INDICATES NEGATIVE NUMBERS.
R  INDICATES RECORD WAS SET OR TIED.
MM INDICATES DATA IS MISSING.
T  INDICATES TRACE AMOUNT.

&&

==============================================================

...14TH WARMEST JUNE ON RECORD IN ELY...
...12TH DRIEST JUNE ON RECORD IN ELY...

THE AVERAGE TEMPERATURE IN ELY DURING JUNE 2018 WAS 63.3
DEGREES...WHICH IS 3.3 DEGREES ABOVE THE 1981-2010
CLIMATOLOGICAL NORMAL OF 60.0 DEGREES. THIS MAKES JUNE
2018 THE 14TH WARMEST ON RECORD. THE TOTAL PRECIPITATION
WAS 0.01 INCHES... WHICH IS 0.66 INCHES OR 98 PERCENT BELOW
THE 1981-2010 CLIMATOLOGICAL NORMAL OF O.67 INCHES. THIS MAKES
JUNE 2018 THE 12TH DRIEST ON RECORD.

A RECORD HIGH OF 89 DEGREES WAS SET ON JUNE 4TH.

$$

BA/DS
