000
CXUS55 KLKN 021352
CLMELY


CLIMATE REPORT
NATIONAL WEATHER SERVICE ELKO NV
623 AM PDT TUE OCT 2 2018

...................................

...THE ELY AIRPORT NV CLIMATE SUMMARY FOR THE MONTH OF SEPTEMBER 2018...

CLIMATE NORMAL PERIOD 1981 TO 2010
CLIMATE RECORD PERIOD 1893 TO 2018

WEATHER         OBSERVED          NORMAL  DEPART  LAST YEAR`S
                 VALUE   DATE(S)  VALUE   FROM    VALUE  DATE(S)
                                          NORMAL
................................................................
TEMPERATURE (F)
RECORD
 HIGH              93   09/05/2017
                        09/12/1990
                        09/03/1950
 LOW               15   09/22/1968
                        09/21/1968
                        09/21/1895
HIGHEST            88   09/10        88       0       93  09/05
                        09/09
                        09/08
LOWEST             25   09/25        24       1       24  09/25
AVG. MAXIMUM     81.5              75.8     5.7     73.2
AVG. MINIMUM     39.3              37.8     1.5     38.5
MEAN             60.4              56.8     3.6     55.9
DAYS MAX >= 90      0               0.2    -0.2        4
DAYS MAX <= 32      0               0.0     0.0        0
DAYS MIN <= 32      7               6.0     1.0       11
DAYS MIN <= 0       0               0.0     0.0        0

PRECIPITATION (INCHES)
RECORD
 MAXIMUM         4.99   1982
 MINIMUM            T   1953
                        1893
TOTALS           0.01              0.83   -0.82     1.72
DAILY AVG.       0.00              0.03   -0.03     0.06
DAYS >= .01         1               4.9    -3.9        9
DAYS >= .10         0               2.0    -2.0        3
DAYS >= .50         0               0.3    -0.3        1
DAYS >= 1.00        0               0.1    -0.1        0
GREATEST
 24 HR. TOTAL    0.01   09/06 TO 09/06              0.78

SNOWFALL (INCHES)
RECORDS
 TOTAL            6.3   1982
TOTALS            0.0               0.4    -0.4      5.0
SINCE 7/1         0.0               0.4    -0.4      5.0
SNOWDEPTH AVG.      0                                  0
DAYS >= TRACE       0               0.2    -0.2        2
DAYS >= 1.0         0               0.2    -0.2        1
GREATEST
 SNOW DEPTH         0   MM                             3
 24 HR TOTAL      0.0   09/30 TO 09/30               5.0

DEGREE_DAYS
HEATING TOTAL     138               252    -114      290
 SINCE 7/1        149               316    -167      296
COOLING TOTAL       9                 6       3       24
 SINCE 1/1        381               218     163      433
.................................................................

WIND (MPH)
AVERAGE WIND SPEED              11.0
HIGHEST WIND SPEED/DIRECTION    41/180    DATE  09/15
HIGHEST GUST SPEED/DIRECTION    55/160    DATE  09/15

AVERAGE RH (PERCENT)     24

WEATHER CONDITIONS. NUMBER OF DAYS WITH
THUNDERSTORM              2     MIXED PRECIP               0
HEAVY RAIN                0     RAIN                       0
LIGHT RAIN                3     FREEZING RAIN              0
LT FREEZING RAIN          0     HAIL                       0
HEAVY SNOW                0     SNOW                       0
LIGHT SNOW                0     SLEET                      0
FOG                       0     FOG W/VIS <= 1/4 MILE      0
HAZE                      2

-  INDICATES NEGATIVE NUMBERS.
R  INDICATES RECORD WAS SET OR TIED.
MM INDICATES DATA IS MISSING.
T  INDICATES TRACE AMOUNT.

&&

=========================================================================

...4th driest September on record in Ely...
...3rd warmest September on record in Ely...

The average temperature in Ely during September 2018 was 81.5 degrees...which is 24.7
degrees above the 1981-2010 climatological normal of 56.8 degrees.  This makes September
2018 the 3rd warmest on record.  The total precipitaion was 0.01 inch(es) or 99 percent
below the 1981-2010 climatological normal of 0.83 inch(es). This makes September 2018 the
4th driest on record.


$$

LM
