000
CXUS56 KOTX 011658 CCA
CLMEPH

CLIMATE REPORT
NATIONAL WEATHER SERVICE SPOKANE, WA
541 AM PDT SAT SEP 1 2018

...................................

...THE EPHRATA WA AIRPORT CLIMATE SUMMARY FOR THE MONTH OF AUGUST 2018...

CLIMATE NORMAL PERIOD 1981 TO 2010
CLIMATE RECORD PERIOD 9999 TO 9999

WEATHER         OBSERVED          NORMAL  DEPART  LAST YEAR`S
                 VALUE   DATE(S)  VALUE   FROM    VALUE  DATE(S)
                                          NORMAL
................................................................
TEMPERATURE (F)
RECORD
 HIGH             115   08/04/1961
 LOW               36   08/22/1960
HIGHEST           106   08/09        MM      MM      102  08/11
LOWEST             49   08/28        MM      MM       51  08/26
                        08/25
                        08/22
AVG. MAXIMUM     88.7              87.1     1.6     92.3
AVG. MINIMUM     59.6              58.7     0.9     62.2
MEAN             74.1              72.9     1.2     77.2
DAYS MAX >= 90     14              11.6     2.4       21
DAYS MAX <= 32      0               0.0     0.0        0
DAYS MIN <= 32      0               0.0     0.0        0
DAYS MIN <= 0       0               0.0     0.0        0

PRECIPITATION (INCHES)
RECORD
 MAXIMUM         1.21   1999
 MINIMUM         0.00   2011
TOTALS              T              0.19   -0.19     0.06
DAILY AVG.          T              0.01   -0.01     0.00
DAYS >= .01         0               2.1    -2.1        1
DAYS >= .10         0               0.6    -0.6        0
DAYS >= .50         0               0.1    -0.1        0
DAYS >= 1.00        0               0.0     0.0        0
GREATEST
 24 HR. TOTAL       T   08/27 TO 08/27              0.06
                        08/26 TO 08/26

DEGREE_DAYS
HEATING TOTAL       4                 9      -5        0
 SINCE 7/1          4                17     -13        0
COOLING TOTAL     296               254      42      387
 SINCE 1/1        949               694     255      971
.................................................................

WIND (MPH)
AVERAGE WIND SPEED              8.4
HIGHEST WIND SPEED/DIRECTION    30/230    DATE  08/11
HIGHEST GUST SPEED/DIRECTION    40/240    DATE  08/11

SKY COVER
POSSIBLE SUNSHINE (PERCENT)   MM
AVERAGE SKY COVER           0.30
NUMBER OF DAYS FAIR           18
NUMBER OF DAYS PC              8
NUMBER OF DAYS CLOUDY          5

AVERAGE RH (PERCENT)     37

WEATHER CONDITIONS. NUMBER OF DAYS WITH
THUNDERSTORM              0     MIXED PRECIP               0
HEAVY RAIN                0     RAIN                       0
LIGHT RAIN                2     FREEZING RAIN              0
LT FREEZING RAIN          0     HAIL                       0
HEAVY SNOW                0     SNOW                       0
LIGHT SNOW                0     SLEET                      0
FOG                       0     FOG W/VIS <= 1/4 MILE      0
HAZE                     18

-  INDICATES NEGATIVE NUMBERS.
R  INDICATES RECORD WAS SET OR TIED.
MM INDICATES DATA IS MISSING.
T  INDICATES TRACE AMOUNT.

$$
