000
CXUS56 KOTX 011300
CLMEPH


CLIMATE REPORT
NATIONAL WEATHER SERVICE SPOKANE, WA
509 AM PDT FRI JUN 1 2018

...................................

...THE EPHRATA WA AIRPORT CLIMATE SUMMARY FOR THE MONTH OF MAY 2018...

CLIMATE NORMAL PERIOD 1981 TO 2010
CLIMATE RECORD PERIOD 9999 TO 9999

WEATHER         OBSERVED          NORMAL  DEPART  LAST YEAR`S
                 VALUE   DATE(S)  VALUE   FROM    VALUE  DATE(S)
                                          NORMAL
................................................................
TEMPERATURE (F)
RECORD
 HIGH             101   05/31/1986
 LOW               28   05/08/2002
HIGHEST            90   05/23        MM      MM       95  05/30
                        05/15
LOWEST             42   05/02        MM      MM       34  05/02
AVG. MAXIMUM     79.9              72.3     7.6     74.4
AVG. MINIMUM     54.1              46.3     7.8     47.3
MEAN             67.0              59.3     7.7     60.9
DAYS MAX >= 90      2               1.2     0.8        4
DAYS MAX <= 32      0               0.0     0.0        0
DAYS MIN <= 32      0               0.6    -0.6        0
DAYS MIN <= 0       0               0.0     0.0        0

PRECIPITATION (INCHES)
RECORD
 MAXIMUM         1.83   1972
 MINIMUM            T   1992
TOTALS           1.13              0.65    0.48     0.76
DAILY AVG.       0.04              0.02    0.02     0.02
DAYS >= .01         7               5.9     1.1        8
DAYS >= .10         2               2.1    -0.1        3
DAYS >= .50         1               0.2     0.8        0
DAYS >= 1.00        0               0.0     0.0        0
GREATEST
 24 HR. TOTAL    0.72   05/17 TO 05/17              0.27

DEGREE_DAYS
HEATING TOTAL      34               212    -178      179
 SINCE 7/1       5346              5909    -563     6098
COOLING TOTAL     103                35      68       58
 SINCE 1/1        108                37      71       58
.................................................................

WIND (MPH)
AVERAGE WIND SPEED              8.7
HIGHEST WIND SPEED/DIRECTION    35/130    DATE  05/06
HIGHEST GUST SPEED/DIRECTION    42/130    DATE  05/06

SKY COVER
POSSIBLE SUNSHINE (PERCENT)   MM
AVERAGE SKY COVER           0.20
NUMBER OF DAYS FAIR           23
NUMBER OF DAYS PC              6
NUMBER OF DAYS CLOUDY          2

AVERAGE RH (PERCENT)     49

WEATHER CONDITIONS. NUMBER OF DAYS WITH
THUNDERSTORM              4     MIXED PRECIP               0
HEAVY RAIN                0     RAIN                       2
LIGHT RAIN               10     FREEZING RAIN              0
LT FREEZING RAIN          0     HAIL                       0
HEAVY SNOW                0     SNOW                       0
LIGHT SNOW                0     SLEET                      0
FOG                       7     FOG W/VIS <= 1/4 MILE      0
HAZE                      2

-  INDICATES NEGATIVE NUMBERS.
R  INDICATES RECORD WAS SET OR TIED.
MM INDICATES DATA IS MISSING.
T  INDICATES TRACE AMOUNT.

$$
