000
CXUS56 KOTX 011228 AAA
CLMEPH

CLIMATE REPORT
NATIONAL WEATHER SERVICE SPOKANE, WA
402 AM PST SAT DEC 1 2018

...................................

...THE EPHRATA WA AIRPORT CLIMATE SUMMARY FOR THE MONTH OF NOVEMBER 2018...

CLIMATE NORMAL PERIOD 1981 TO 2010
CLIMATE RECORD PERIOD 9999 TO 9999

WEATHER         OBSERVED          NORMAL  DEPART  LAST YEAR`S
                 VALUE   DATE(S)  VALUE   FROM    VALUE  DATE(S)
                                          NORMAL
................................................................
TEMPERATURE (F)
RECORD
 HIGH              72   11/09/1989
 LOW              -15   11/23/1985
HIGHEST            66   11/04        MM      MM       58  11/23
                        11/02                             11/01
LOWEST             17   11/12        MM      MM       25  11/07
                                                          11/06
                                                          11/04
AVG. MAXIMUM     47.3              45.1     2.2     46.0
AVG. MINIMUM     31.2              29.0     2.2     31.4
MEAN             39.2              37.0     2.2     38.7
DAYS MAX >= 90      0               0.0     0.0        0
DAYS MAX <= 32      2               2.3    -0.3        0
DAYS MIN <= 32     18              19.4    -1.4       19
DAYS MIN <= 0       0               0.2    -0.2        0

PRECIPITATION (INCHES)
RECORD
 MAXIMUM         3.63   1983
 MINIMUM            T   2004
TOTALS           0.64              1.06   -0.42     1.42
DAILY AVG.       0.02              0.04   -0.02     0.05
DAYS >= .01         7               8.7    -1.7       14
DAYS >= .10         2               3.5    -1.5        4
DAYS >= .50         0               0.3    -0.3        0
DAYS >= 1.00        0               0.0     0.0        0
GREATEST
 24 HR. TOTAL    0.23   11/28 TO 11/28              0.37

DEGREE_DAYS
HEATING TOTAL     766               838     -72      779
 SINCE 7/1       1319              1419    -100     1380
COOLING TOTAL       0                 0       0        0
 SINCE 1/1        984               772     212     1072
.................................................................

WIND (MPH)
AVERAGE WIND SPEED              6.3
HIGHEST WIND SPEED/DIRECTION    35/280    DATE  11/02
HIGHEST GUST SPEED/DIRECTION    43/280    DATE  11/02

SKY COVER
POSSIBLE SUNSHINE (PERCENT)   MM
AVERAGE SKY COVER           0.40
NUMBER OF DAYS FAIR           15
NUMBER OF DAYS PC              9
NUMBER OF DAYS CLOUDY          6

AVERAGE RH (PERCENT)     75

 WEATHER CONDITIONS. NUMBER OF DAYS WITH
THUNDERSTORM              0     MIXED PRECIP               0
HEAVY RAIN                0     RAIN                       1
LIGHT RAIN                9     FREEZING RAIN              1
LT FREEZING RAIN          1     HAIL                       0
HEAVY SNOW                0     SNOW                       0
LIGHT SNOW                2     SLEET                      0
FOG                      13     FOG W/VIS <= 1/4 MILE      8
HAZE                      0

-  INDICATES NEGATIVE NUMBERS.
R  INDICATES RECORD WAS SET OR TIED.
MM INDICATES DATA IS MISSING.
T  INDICATES TRACE AMOUNT.

$$
