000
CXUS51 KCLE 030348
CLMERI


CLIMATE REPORT
NATIONAL WEATHER SERVICE CLEVELAND OH
1030 PM EST SAT FEB 2 2019

...................................

...THE ERIE PA CLIMATE SUMMARY FOR THE MONTH OF JANUARY 2019...

CLIMATE NORMAL PERIOD 1981 TO 2010
CLIMATE RECORD PERIOD 1873 TO 2019

WEATHER         OBSERVED          NORMAL  DEPART  LAST YEAR`S
                 VALUE   DATE(S)  VALUE   FROM    VALUE
                                          NORMAL
.............................................................
TEMPERATURE (F)
RECORD
 HIGH              73   01/25/1950
                        01/01/1876
 LOW              -18   01/19/1994
HIGHEST            63   01/01
LOWEST             -4   01/31
                        01/30
AVG. MAXIMUM     34.1              33.7     0.4     33.3
AVG. MINIMUM     19.5              20.8    -1.3     18.5
MEAN             26.8              27.2    -0.4     25.9
DAYS MAX >= 90      0               0.0     0.0        0
DAYS MAX <= 32     15              14.2     0.8       16
DAYS MIN <= 32     28              26.4     1.6       27
DAYS MIN <= 0       2               1.3     0.7        1

PRECIPITATION (INCHES)
RECORD
 MAXIMUM         6.25   1950
 MINIMUM         0.85   1944
TOTALS           4.72              2.95    1.77     2.72
DAYS >= .01        19              19.6    -0.6       17
DAYS >= .10        12               8.6     3.4        7
DAYS >= .50         3               1.1     1.9        1
DAYS >= 1.00        0               0.2    -0.2        0
GREATEST
 24 HR. TOTAL    0.79   01/23                       0.83

SNOWFALL (INCHES)
RECORDS
 TOTAL           62.4   1978
TOTALS           47.0              29.6    17.4     22.4
SINCE 7/1        72.9              65.8     7.1    143.8
DAYS >= 1.0         9               8.3     0.7        8
GREATEST
 24 HR TOTAL     11.2   01/27

DEGREE_DAYS
HEATING TOTAL    1176              1170       6     1205
 SINCE 7/1       3253              3338     -85     3331
COOLING TOTAL       0                 0       0        0
 SINCE 1/1          0                 0       0        0
..............................................................

WIND (MPH)
AVERAGE WIND SPEED              11.7
HIGHEST WIND SPEED/DIRECTION    35/250    DATE  01/27
HIGHEST GUST SPEED/DIRECTION    55/250    DATE  01/01

SKY COVER
AVERAGE SKY COVER           0.80

AVERAGE RH (PERCENT)     70

WEATHER CONDITIONS. NUMBER OF DAYS WITH
THUNDER 0
FREEZING RAIN 2
HEAVY SNOW 3
FOG 18
DENSE FOG 3
HAZE 19

-  INDICATES NEGATIVE NUMBERS.
R  INDICATES RECORD WAS SET OR TIED.
MM INDICATES DATA IS MISSING.
T  INDICATES TRACE AMOUNT.

$$
