000
CXUS51 KCLE 020248
CLMERI


CLIMATE REPORT
NATIONAL WEATHER SERVICE CLEVELAND OH
1037 PM EDT SUN JUL 1 2018

...................................

...THE ERIE PA CLIMATE SUMMARY FOR THE MONTH OF JUNE 2018...

CLIMATE NORMAL PERIOD 1981 TO 2010
CLIMATE RECORD PERIOD 1873 TO 2018

WEATHER         OBSERVED          NORMAL  DEPART  LAST YEAR`S
                 VALUE   DATE(S)  VALUE   FROM    VALUE
                                          NORMAL
.............................................................
TEMPERATURE (F)
RECORD
 HIGH             100   06/25/1988
 LOW               32   06/11/1972
HIGHEST            92   06/18
LOWEST             49   06/07
                        06/06
AVG. MAXIMUM     76.8              75.7     1.1     76.0
AVG. MINIMUM     60.8              58.4     2.4     60.2
MEAN             68.8              67.1     1.7     68.1
DAYS MAX >= 90      2               0.5     1.5        1
DAYS MAX <= 32      0               0.0     0.0        0
DAYS MIN <= 32      0               0.0     0.0        0
DAYS MIN <= 0       0               0.0     0.0        0

PRECIPITATION (INCHES)
RECORD
 MAXIMUM         8.46   2017
 MINIMUM         0.75   1991
TOTALS           4.06              3.76    0.30     8.46
DAYS >= .01        11              11.1    -0.1       17
DAYS >= .10        10               7.2     2.8       10
DAYS >= .50         2               2.0     0.0        5
DAYS >= 1.00        1               0.9     0.1        2
GREATEST
 24 HR. TOTAL    1.09   06/18 TO 06/18              3.58

SNOWFALL (INCHES)
RECORDS
 TOTAL              T   1990
                        1933
TOTALS            0.0               0.0     0.0      0.0
SINCE 7/1       198.5             100.9    97.6     78.6
DAYS >= 1.0         0               0.0     0.0        0
GREATEST
 24 HR TOTAL      0.0

DEGREE_DAYS
HEATING TOTAL      22                61     -39       48
 SINCE 7/1       6026              6147    -121     5105
COOLING TOTAL     143               123      20      147
 SINCE 1/1        241               162      79      191
..............................................................

WIND (MPH)
AVERAGE WIND SPEED              8.4
HIGHEST WIND SPEED/DIRECTION    26/260    DATE  06/18
HIGHEST GUST SPEED/DIRECTION    39/250    DATE  06/13

SKY COVER
AVERAGE SKY COVER           0.40

AVERAGE RH (PERCENT)     69

W-  INDICATES NEGATIVE NUMBERS.
R  INDICATES RECORD WAS SET OR TIED.
MM INDICATES DATA IS MISSING.
T  INDICATES TRACE AMOUNT.

$$
