000
CXUS56 KPQR 011736
CLMEUG


CLIMATE REPORT
NATIONAL WEATHER SERVICE PORTLAND OREGON
1036 AM PDT THU NOV 1 2018

...................................

...THE EUGENE OR CLIMATE SUMMARY FOR THE MONTH OF OCTOBER 2018...

CLIMATE NORMAL PERIOD 1981 TO 2010
CLIMATE RECORD PERIOD 1892 TO 2018

WEATHER         OBSERVED          NORMAL  DEPART  LAST YEAR`S
                 VALUE   DATE(S)  VALUE   FROM    VALUE  DATE(S)
                                          NORMAL
................................................................
TEMPERATURE (F)
HIGHEST            78                                 76  10/06
LOWEST             29                                 27  10/31
AVG. MAXIMUM     68.3              64.2     4.1     63.4
AVG. MINIMUM     40.6              41.2    -0.6     39.4
MEAN             54.5              52.7     1.8     51.4
DAYS MAX >= 90      0               0.0     0.0        0
DAYS MAX <= 32      0               0.0     0.0        0
DAYS MIN <= 32      2               2.1    -0.1        5
DAYS MIN <= 0       0               0.0     0.0        0

PRECIPITATION (INCHES)
RECORD
 MAXIMUM        12.66   1950
 MINIMUM            T   1895
TOTALS           1.68              3.25   -1.57     4.08
DAYS >= .01        11              11.4    -0.4       10
DAYS >= .10         4               7.0    -3.0        8
DAYS >= .50         1               1.9    -0.9        3
DAYS >= 1.00        0               0.6    -0.6        1
GREATEST
 24 HR. TOTAL    0.52   10/29 TO 10/29

DEGREE_DAYS
HEATING TOTAL     320               382     -62      414
 SINCE 7/1        473               570     -97      545
COOLING TOTAL       3                 1       2        0
 SINCE 1/1        336               239      97      376
.................................................................

WIND (MPH)
AVERAGE WIND SPEED              5.9
RESULTANT WIND SPEED/DIRECTION   0/265
HIGHEST WIND SPEED/DIRECTION    24/270    DATE  10/27
HIGHEST GUST SPEED/DIRECTION    31/190    DATE  10/05

SKY COVER
POSSIBLE SUNSHINE (PERCENT)   MM
AVERAGE SKY COVER           0.50
NUMBER OF DAYS FAIR           12
NUMBER OF DAYS PC             10
NUMBER OF DAYS CLOUDY          9

AVERAGE RH (PERCENT)     69

WEATHER CONDITIONS. NUMBER OF DAYS WITH
  0
  1
  0
  0
  0
  0
 12
HAZE                      9

-  INDICATES NEGATIVE NUMBERS.
R  INDICATES RECORD WAS SET OR TIED.
MM INDICATES DATA IS MISSING.
T  INDICATES TRACE AMOUNT.

$$
