000
CXUS56 KPQR 011801 CCA
CLMEUG

CLIMATE REPORT
NATIONAL WEATHER SERVICE PORTLAND OREGON
957 AM PST FRI FEB 1 2019

...................................

...THE EUGENE OR CLIMATE SUMMARY FOR THE MONTH OF JANUARY 2019...

CLIMATE NORMAL PERIOD 1981 TO 2010
CLIMATE RECORD PERIOD 1892 TO 2019

WEATHER         OBSERVED          NORMAL  DEPART  LAST YEAR`S
                 VALUE   DATE(S)  VALUE   FROM    VALUE  DATE(S)
                                          NORMAL
................................................................
TEMPERATURE (F)
HIGHEST            62                                 66  01/17
LOWEST             24                                 28  01/02
AVG. MAXIMUM     50.0              47.2     2.8     49.7
AVG. MINIMUM     34.4              34.2     0.2     36.9
MEAN             42.2              40.7     1.5     43.3
DAYS MAX >= 90      0               0.0     0.0        0
DAYS MAX <= 32      0               0.7    -0.7        0
DAYS MIN <= 32     13              11.9     1.1        5
DAYS MIN <= 0       0               0.0     0.0        0

PRECIPITATION (INCHES)
RECORD
 MAXIMUM        15.36   1995
 MINIMUM         0.31   1985
TOTALS           3.23              6.87   -3.64     4.85
DAYS >= .01        13              17.9    -4.9       24
DAYS >= .10        10              12.3    -2.3       15
DAYS >= .50         2               4.9    -2.9        1
DAYS >= 1.00        0               1.6    -1.6        0
GREATEST
 24 HR. TOTAL    0.88   01/20 TO 01/20

DEGREE_DAYS
HEATING TOTAL     702               753     -51      665
 SINCE 7/1       2434              2710    -276     2661
COOLING TOTAL       0                 0       0        0
 SINCE 1/1          0                 0       0        0
.................................................................

WIND (MPH)
AVERAGE WIND SPEED              5.6
RESULTANT WIND SPEED/DIRECTION   1/187
HIGHEST WIND SPEED/DIRECTION    36/180    DATE  01/05
HIGHEST GUST SPEED/DIRECTION    43/180    DATE  01/05

SKY COVER
POSSIBLE SUNSHINE (PERCENT)   MM
AVERAGE SKY COVER           0.80
NUMBER OF DAYS FAIR            2
NUMBER OF DAYS PC              9
NUMBER OF DAYS CLOUDY         20

AVERAGE RH (PERCENT)     82

WEATHER CONDITIONS. NUMBER OF DAYS WITH
THUNDERSTORMS        0        MIXED PRECIP            0
HEAVY RAIN           0        RAIN                    6
LIGHT RAIN           15       FREEZING RAIN           0
LT FREEZING RAIN     0        HAIL                    0
HEAVY SNOW           0        SNOW                    0
LIGHT SNOW           0        SLEET                   0
FOG                  26       FOG W/VIS <=1/4 MILE   18
HAZE                 3

-  INDICATES NEGATIVE NUMBERS.
R  INDICATES RECORD WAS SET OR TIED.
MM INDICATES DATA IS MISSING.
T  INDICATES TRACE AMOUNT.

$$
