000
CXUS53 KPAH 011713
CLMEVV

INDCLMEEV 000
TTAA00 KPAH 011654


CLIMATE REPORT
NATIONAL WEATHER SERVICE PADUCAH KY
1127 AM CDT WED AUG 1 2018

...................................

...THE EVANSVILLE ASOS CLIMATE SUMMARY FOR THE MONTH OF JULY 2018...

CLIMATE NORMAL PERIOD 1981 TO 2010
CLIMATE RECORD PERIOD 1896 TO 2018

WEATHER         OBSERVED          NORMAL  DEPART  LAST YEAR`S
                 VALUE   DATE(S)  VALUE   FROM    VALUE  DATE(S)
                                          NORMAL
................................................................
TEMPERATURE (F)
RECORD
 HIGH             111   07/28/1930
 LOW               47   07/23/1947
                        07/16/1930
HIGHEST            96   07/05        89       7       99  07/22
LOWEST             60   07/28        68      -8       60  07/30
AVG. MAXIMUM     88.0              88.5    -0.5     89.9
AVG. MINIMUM     68.6              67.5     1.1     69.2
MEAN             78.3              78.0     0.3     79.5
DAYS MAX >= 90     14              13.1     0.9       13
DAYS MAX <= 32      0               0.0     0.0        0
DAYS MIN <= 32      0               0.0     0.0        0
DAYS MIN <= 0       0               0.0     0.0        0

PRECIPITATION (INCHES)
RECORD
 MAXIMUM        10.32   1910
 MINIMUM         0.18   1974
TOTALS           3.75              3.92   -0.17     5.66
DAILY AVG.       0.12              0.13   -0.01     0.18
DAYS >= .01        12               9.0     3.0        7
DAYS >= .10         6               6.2    -0.2        5
DAYS >= .50         1               2.8    -1.8        4
DAYS >= 1.00        1               1.1    -0.1        2
GREATEST
 24 HR. TOTAL    2.35   07/31 TO 07/31
 STORM TOTAL       MM
 (MM/DD(HH))            MM

DEGREE_DAYS
COOLING TOTAL     420               403      17      457
 SINCE 1/1       1104               836     268      988
.................................................................

WIND (MPH)
AVERAGE WIND SPEED              5.0
HIGHEST WIND SPEED/DIRECTION    23/230    DATE  07/20
HIGHEST GUST SPEED/DIRECTION    33/260    DATE  07/20

SKY COVER
POSSIBLE SUNSHINE (PERCENT)   MM
AVERAGE SKY COVER           0.30
NUMBER OF DAYS FAIR           22
NUMBER OF DAYS PC              9
NUMBER OF DAYS CLOUDY          0

AVERAGE RH (PERCENT)     75

WEATHER CONDITIONS. NUMBER OF DAYS WITH
THUNDERSTORM              8     MIXED PRECIP               0
HEAVY RAIN                5     RAIN                       4
LIGHT RAIN               13     FREEZING RAIN              0
LT FREEZING RAIN          0     HAIL                       0
HEAVY SNOW                0     SNOW                       0
LIGHT SNOW                0     SLEET                      0
FOG                      15     FOG W/VIS <= 1/4 MILE      1
HAZE                      4

-  INDICATES NEGATIVE NUMBERS.
R  INDICATES RECORD WAS SET OR TIED.
MM INDICATES DATA IS MISSING.
T  INDICATES TRACE AMOUNT.

$$
