000
CXUS53 KPAH 020121
CLMEVV

CLIMATE REPORT
NATIONAL WEATHER SERVICE PADUCAH KY
716 PM CST TUE JAN 1 2019

...................................

...THE EVANSVILLE ASOS CLIMATE SUMMARY FOR THE MONTH OF DECEMBER 2018...

CLIMATE NORMAL PERIOD 1981 TO 2010
CLIMATE RECORD PERIOD 1896 TO 2018

WEATHER         OBSERVED          NORMAL  DEPART  LAST YEAR`S
                 VALUE   DATE(S)  VALUE   FROM    VALUE  DATE(S)
                                          NORMAL
................................................................
TEMPERATURE (F)
RECORD
 HIGH              77   12/02/1982
 LOW              -15   12/22/1989
HIGHEST            64   12/31        44      20       68  12/04
LOWEST             17   12/11        27     -10        6  12/27
AVG. MAXIMUM     48.1              44.1     4.0     43.6
AVG. MINIMUM     32.7              27.1     5.6     26.3
MEAN             40.4              35.6     4.8     35.3
DAYS MAX >= 90      0               0.0     0.0        0
DAYS MAX <= 32      1               4.6    -3.6        7
DAYS MIN <= 32     19              21.3    -2.3       23
DAYS MIN <= 0       0               0.5    -0.5        0

PRECIPITATION (INCHES)
RECORD
 MAXIMUM         8.23   1982
 MINIMUM         0.56   1976
TOTALS           6.15              3.76    2.39     2.42
DAILY AVG.       0.20              0.12    0.08     0.08
DAYS >= .01        10              10.8    -0.8        6
DAYS >= .10         6               7.2    -1.2        3
DAYS >= .50         5               2.6     2.4        3
DAYS >= 1.00        4               0.9     3.1        0
GREATEST
 24 HR. TOTAL    1.65   12/14 TO 12/14
 STORM TOTAL       MM
 (MM/DD(HH))            MM

SNOWFALL (INCHES)
RECORDS
 TOTAL           25.1   1917
TOTALS            1.1               3.2    -2.1        T
SINCE 7/1         2.2               3.5    -1.3        T
SNOWDEPTH AVG.      0                MM      MM        0
DAYS >= TRACE       4
DAYS >= 1.0         0               1.0    -1.0        0
GREATEST
 SNOW DEPTH         1   12/05                         -1  12/25
 24 HR TOTAL      0.9   12/04 TO 12/04
 STORM TOTAL       MM
 (MM/DD(HH))            MM

DEGREE_DAYS
HEATING TOTAL     755               911    -156      881
 SINCE 7/1       1806              1772      34     1661
.................................................................

WIND (MPH)
AVERAGE WIND SPEED              7.1
HIGHEST WIND SPEED/DIRECTION    31/230    DATE  12/02
HIGHEST GUST SPEED/DIRECTION    45/130    DATE  12/27

SKY COVER
POSSIBLE SUNSHINE (PERCENT)   MM
AVERAGE SKY COVER           0.50
NUMBER OF DAYS FAIR           13
NUMBER OF DAYS PC              6
NUMBER OF DAYS CLOUDY         12

AVERAGE RH (PERCENT)     79

WEATHER CONDITIONS. NUMBER OF DAYS WITH
THUNDERSTORM              1     MIXED PRECIP               0
HEAVY RAIN                3     RAIN                       6
LIGHT RAIN                9     FREEZING RAIN              0
LT FREEZING RAIN          0     HAIL                       0
HEAVY SNOW                0     SNOW                       0
LIGHT SNOW                3     SLEET                      1
FOG                      16     FOG W/VIS <= 1/4 MILE      0
HAZE                      3

-  INDICATES NEGATIVE NUMBERS.
R  INDICATES RECORD WAS SET OR TIED.
MM INDICATES DATA IS MISSING.
T  INDICATES TRACE AMOUNT.

$$
