000
CXUS52 KMHX 012135
CLMEWN


CLIMATE REPORT
NATIONAL WEATHER SERVICE NEWPORT/MOREHEAD CITY NC
432 PM EST FRI FEB 1 2019

...................................

...THE NEW BERN NC CLIMATE SUMMARY FOR THE MONTH OF JANUARY 2019...

CLIMATE NORMAL PERIOD 1981 TO 2010
CLIMATE RECORD PERIOD 1948 TO 2019

WEATHER         OBSERVED          NORMAL  DEPART  LAST YEAR`S
                 VALUE   DATE(S)  VALUE   FROM    VALUE  DATE(S)
                                          NORMAL
................................................................
TEMPERATURE (F)
RECORD
 HIGH              86   01/19/2016
 LOW                1   01/21/1985
HIGHEST            76   01/01                         74  01/23
LOWEST             17   01/22                          5  01/07
                                                          01/05
AVG. MAXIMUM     54.6              54.5     0.1     50.3
AVG. MINIMUM     34.3              33.9     0.4     27.0
MEAN             44.5              44.2     0.3     38.6
DAYS MAX >= 90      0               0.0     0.0        0
DAYS MAX <= 32      0               0.6    -0.6        6
DAYS MIN <= 32     17              13.8     3.2       22
DAYS MIN <= 0       0               0.0     0.0        0

PRECIPITATION (INCHES)
RECORD
 MAXIMUM         8.08   1966
 MINIMUM         0.77   1951
TOTALS           3.92              4.02   -0.10     5.06
DAILY AVG.       0.13              0.13    0.00     0.16
DAYS >= .01         7              10.2    -3.2        9
DAYS >= .10         4               6.9    -2.9        7
DAYS >= .50         3               2.8     0.2        5
DAYS >= 1.00        1               1.0     0.0        2
GREATEST
 24 HR. TOTAL    1.95   01/24 TO 01/24

SNOWFALL (INCHES)
RECORDS
 TOTAL             MM   5
 24 HR TOTAL       MM
 SNOW DEPTH        MM   MM
TOTALS            0.0               0.2    -0.2      6.0
 LIQUID EQUIV    0.00              0.00    0.00     0.60
SINCE 7/1         0.0               1.1    -1.1      6.0
 LIQUID 7/1      0.00              0.10   -0.10     0.60
SNOWDEPTH AVG.      0                MM      MM        1
DAYS >= TRACE       0               0.1    -0.1        4
DAYS >= 1.0         0               0.1    -0.1        3
GREATEST
 SNOW DEPTH         0   MM                             5  01/06
                                                          01/05
                                                          01/04
 24 HR TOTAL      0.0   01/31 TO 01/31
 STORM TOTAL       MM                                 MM
 (MM/DD(HH))

DEGREE_DAYS
HEATING TOTAL     630               646     -16      814
 SINCE 7/1       1555              1640     -85     1874
.................................................................

WIND (MPH)
AVERAGE WIND SPEED              6.9
RESULTANT WIND SPEED/DIRECTION   2/314
HIGHEST WIND SPEED/DIRECTION    33/210    DATE  01/24
HIGHEST GUST SPEED/DIRECTION    45/210    DATE  01/24

SKY COVER
POSSIBLE SUNSHINE (PERCENT)   MM
AVERAGE SKY COVER           0.30
NUMBER OF DAYS FAIR           18
NUMBER OF DAYS PC              9
NUMBER OF DAYS CLOUDY          4

AVERAGE RH (PERCENT)     72

WEATHER CONDITIONS. NUMBER OF DAYS WITH
  0
  4
  0
  0
  0
  0
  3
HAZE                      4

-  INDICATES NEGATIVE NUMBERS.
R  INDICATES RECORD WAS SET OR TIED.
MM INDICATES DATA IS MISSING.
T  INDICATES TRACE AMOUNT.

$$
