000
CXUS52 KMHX 051514
CLMEWN


CLIMATE REPORT
NATIONAL WEATHER SERVICE NEWPORT/MOREHEAD CITY NC
1114 AM EDT SUN AUG 5 2018

...................................

...THE NEW BERN NC CLIMATE SUMMARY FOR THE MONTH OF JULY 2018...

CLIMATE NORMAL PERIOD 1981 TO 2010
CLIMATE RECORD PERIOD 1948 TO 2018

WEATHER         OBSERVED          NORMAL  DEPART  LAST YEAR`S
                 VALUE   DATE(S)  VALUE   FROM    VALUE  DATE(S)
                                          NORMAL
................................................................
TEMPERATURE (F)
RECORD
 HIGH             106   07/22/1952
 LOW               55   07/02/1975
HIGHEST            93   07/11                         95  07/23
                                                          07/15
                                                          07/14
LOWEST             56   07/10                         63  07/31
AVG. MAXIMUM     86.3              89.5    -3.2     90.3
AVG. MINIMUM     70.0              71.6    -1.6     72.5
MEAN             78.1              80.5    -2.4     81.4
DAYS MAX >= 90      5              14.7    -9.7       20
DAYS MAX <= 32      0               0.0     0.0        0
DAYS MIN <= 32      0               0.0     0.0        0
DAYS MIN <= 0       0               0.0     0.0        0

PRECIPITATION (INCHES)
RECORD
 MAXIMUM        16.04   1950
 MINIMUM         0.28   1953
TOTALS           8.70              6.17    2.53     5.24
DAILY AVG.       0.28              0.20    0.08     0.17
DAYS >= .01        14              13.3     0.7       14
DAYS >= .10         9               9.8    -0.8        8
DAYS >= .50         4               4.6    -0.6        5
DAYS >= 1.00        3               2.0     1.0        2
GREATEST
 24 HR. TOTAL    2.64   07/24 TO 07/24

DEGREE_DAYS
COOLING TOTAL     417               482     -65      515
 SINCE 1/1       1139              1090      49     1251
.................................................................

WIND (MPH)
AVERAGE WIND SPEED              6.0
RESULTANT WIND SPEED/DIRECTION   2/098
HIGHEST WIND SPEED/DIRECTION    25/030    DATE  07/07
HIGHEST GUST SPEED/DIRECTION    33/030    DATE  07/07

SKY COVER
POSSIBLE SUNSHINE (PERCENT)   MM
AVERAGE SKY COVER           0.30
NUMBER OF DAYS FAIR           18
NUMBER OF DAYS PC             12
NUMBER OF DAYS CLOUDY          1

AVERAGE RH (PERCENT)     82

WEATHER CONDITIONS. NUMBER OF DAYS WITH
  0
 10
  0
  0
  0
  0
  2
HAZE                      2

-  INDICATES NEGATIVE NUMBERS.
R  INDICATES RECORD WAS SET OR TIED.
MM INDICATES DATA IS MISSING.
T  INDICATES TRACE AMOUNT.

$$
