000
CXUS52 KMHX 041608
CLMEWN


CLIMATE REPORT
NATIONAL WEATHER SERVICE NEWPORT/MOREHEAD CITY NC
1208 PM EDT THU OCT 4 2018

...................................

...THE NEW BERN NC CLIMATE SUMMARY FOR THE MONTH OF SEPTEMBER 2018...

CLIMATE NORMAL PERIOD 1981 TO 2010
CLIMATE RECORD PERIOD 1948 TO 2018

WEATHER         OBSERVED          NORMAL  DEPART  LAST YEAR`S
                 VALUE   DATE(S)  VALUE   FROM    VALUE  DATE(S)
                                          NORMAL
................................................................
TEMPERATURE (F)
RECORD
 HIGH             101   09/06/1954
 LOW               43   09/30/1970
HIGHEST            91   09/28                         92  09/28
                        09/27
LOWEST             61   09/22                         56  09/08
AVG. MAXIMUM     86.5              82.9     3.6     83.8
AVG. MINIMUM     70.3              64.9     5.4     66.3
MEAN             78.4              73.9     4.5     75.0
DAYS MAX >= 90      6               3.1     2.9        3
DAYS MAX <= 32      0               0.0     0.0        0
DAYS MIN <= 32      0               0.0     0.0        0
DAYS MIN <= 0       0               0.0     0.0        0

PRECIPITATION (INCHES)
RECORD
 MAXIMUM        19.43   1955
 MINIMUM         0.52   1951
TOTALS          18.39              5.89   12.50     3.25
DAILY AVG.       0.61              0.20    0.41     0.11
DAYS >= .01        11               9.1     1.9        9
DAYS >= .10         7               6.2     0.8        6
DAYS >= .50         4               2.9     1.1        2
DAYS >= 1.00        3               1.7     1.3        1
GREATEST
 24 HR. TOTAL    9.80   09/14 TO 09/14

DEGREE_DAYS
COOLING TOTAL     411               274     137      310
 SINCE 1/1       2011              1803     208     1993
.................................................................

WIND (MPH)
AVERAGE WIND SPEED              5.5
RESULTANT WIND SPEED/DIRECTION   2/086
HIGHEST WIND SPEED/DIRECTION    36/030    DATE  09/13
HIGHEST GUST SPEED/DIRECTION    56/020    DATE  09/13

SKY COVER
POSSIBLE SUNSHINE (PERCENT)   MM
AVERAGE SKY COVER           0.30
NUMBER OF DAYS FAIR           20
NUMBER OF DAYS PC              8
NUMBER OF DAYS CLOUDY          1

AVERAGE RH (PERCENT)     82

WEATHER CONDITIONS. NUMBER OF DAYS WITH
  0
  4
  0
  0
  0
  0
 11
HAZE                      4

-  INDICATES NEGATIVE NUMBERS.
R  INDICATES RECORD WAS SET OR TIED.
MM INDICATES DATA IS MISSING.
T  INDICATES TRACE AMOUNT.

$$
