180
CXUS53 KIND 011703
CLMEYE


CLIMATE REPORT
NATIONAL WEATHER SERVICE INDIANAPOLIS IN
1152 AM EST TUE JAN 1 2019

...................................

...THE INDIANAPOLIS EAGLE CREEK IN CLIMATE SUMMARY FOR THE MONTH OF DECEMBER 2018...

CLIMATE NORMAL PERIOD 1981 TO 2010
CLIMATE RECORD PERIOD 9999 TO 9999

WEATHER         OBSERVED          NORMAL  DEPART  LAST YEAR`S
                 VALUE   DATE(S)  VALUE   FROM    VALUE  DATE(S)
                                          NORMAL
................................................................
TEMPERATURE (F)
HIGHEST            60   12/31                         65  12/04
LOWEST             17   12/11                         -1  12/27
                        12/10
AVG. MAXIMUM     43.8              38.5     5.3     38.4
AVG. MINIMUM     29.2              24.9     4.3     22.7
MEAN             36.5              31.7     4.8     30.5
DAYS MAX >= 90      0               0.0     0.0        0
DAYS MAX <= 32      3               9.2    -6.2        9
DAYS MIN <= 32     21              23.5    -2.5       26
DAYS MIN <= 0       0               0.4    -0.4        3

PRECIPITATION (INCHES)
TOTALS           3.27              3.08    0.19     0.94
DAILY AVG.       0.11              0.10    0.01     0.03
DAYS >= .01        13                MM      MM        8
DAYS >= .10         6                MM      MM        3
DAYS >= .50         2                MM      MM        1
DAYS >= 1.00        1                MM      MM        0
GREATEST
 24 HR. TOTAL    1.27   12/31 TO 12/31

DEGREE_DAYS
HEATING TOTAL     847              1032    -185     1060
 SINCE 7/1       2031              2056     -25     1955
COOLING TOTAL       0                 0       0        0
 SINCE 1/1       1612              1058     554     1146
.................................................................

WIND (MPH)
AVERAGE WIND SPEED              6.8
HIGHEST WIND SPEED/DIRECTION    30/120    DATE  12/27
HIGHEST GUST SPEED/DIRECTION    43/240    DATE  12/31

SKY COVER
POSSIBLE SUNSHINE (PERCENT)   MM
AVERAGE SKY COVER           0.50
NUMBER OF DAYS FAIR           11
NUMBER OF DAYS PC              8
NUMBER OF DAYS CLOUDY         12

AVERAGE RH (PERCENT)     76

WEATHER CONDITIONS. NUMBER OF DAYS WITH
THUNDERSTORM              0     MIXED PRECIP                0
HEAVY RAIN                2     RAIN                        3
LIGHT RAIN               12     FREEZING RAIN               0
LT FREEZING RAIN          0     HAIL                        0
HEAVY SNOW                0     SNOW                        0
LIGHT SNOW                4     SLEET                       0
FOG                      20     FOG W/VIS <= 1/4 MILE       0
HAZE                      4

-  INDICATES NEGATIVE NUMBERS.
R  INDICATES RECORD WAS SET OR TIED.
MM INDICATES DATA IS MISSING.
T  INDICATES TRACE AMOUNT.

$$
