000
CXUS53 KIND 011035
CLMEYE


CLIMATE REPORT
NATIONAL WEATHER SERVICE INDIANAPOLIS IN
635 AM EDT MON OCT 1 2018

...................................

...THE INDIANAPOLIS EAGLE CREEK IN CLIMATE SUMMARY FOR THE MONTH OF SEPTEMBER 2018...

CLIMATE NORMAL PERIOD 1981 TO 2010
CLIMATE RECORD PERIOD 9999 TO 9999

WEATHER         OBSERVED          NORMAL  DEPART  LAST YEAR`S
                 VALUE   DATE(S)  VALUE   FROM    VALUE  DATE(S)
                                          NORMAL
................................................................
TEMPERATURE (F)
HIGHEST            93   09/05                         94  09/22
                        09/04
LOWEST             46   09/28                         48  09/07
AVG. MAXIMUM     80.0              77.2     2.8     80.5
AVG. MINIMUM     62.2              57.1     5.1     58.5
MEAN             71.1              67.1     4.0     69.5
DAYS MAX >= 90      8               1.0     7.0        8
DAYS MAX <= 32      0               0.0     0.0        0
DAYS MIN <= 32      0               0.0     0.0        0
DAYS MIN <= 0       0               0.0     0.0        0

PRECIPITATION (INCHES)
TOTALS           5.17              2.25    2.92     0.49
DAILY AVG.       0.17              0.08    0.09     0.02
DAYS >= .01         8                MM      MM        4
DAYS >= .10         6                MM      MM        2
DAYS >= .50         3                MM      MM        0
DAYS >= 1.00        3                MM      MM        0
GREATEST
 24 HR. TOTAL    2.03   09/07 TO 09/07

DEGREE_DAYS
HEATING TOTAL      39                58     -19       27
 SINCE 7/1         39                61     -22       27
COOLING TOTAL     227               123     104      169
 SINCE 1/1       1530              1043     487     1097
.................................................................

WIND (MPH)
AVERAGE WIND SPEED              4.9
HIGHEST WIND SPEED/DIRECTION    22/350    DATE  09/28
HIGHEST GUST SPEED/DIRECTION    33/070    DATE  09/08

SKY COVER
POSSIBLE SUNSHINE (PERCENT)   MM
AVERAGE SKY COVER           0.30
NUMBER OF DAYS FAIR           21
NUMBER OF DAYS PC              3
NUMBER OF DAYS CLOUDY          6

AVERAGE RH (PERCENT)     74

WEATHER CONDITIONS. NUMBER OF DAYS WITH
THUNDERSTORM              4     MIXED PRECIP                0
HEAVY RAIN                4     RAIN                        5
LIGHT RAIN               11     FREEZING RAIN               0
LT FREEZING RAIN          0     HAIL                        0
HEAVY SNOW                0     SNOW                        0
LIGHT SNOW                0     SLEET                       0
FOG                      14     FOG W/VIS <= 1/4 MILE       1
HAZE                      3

-  INDICATES NEGATIVE NUMBERS.
R  INDICATES RECORD WAS SET OR TIED.
MM INDICATES DATA IS MISSING.
T  INDICATES TRACE AMOUNT.

$$
