000
CXUS53 KIND 011512
CLMEYE


CLIMATE REPORT
NATIONAL WEATHER SERVICE INDIANAPOLIS IN
1107 AM EDT SUN APR 1 2018

...................................

...THE INDIANAPOLIS EAGLE CREEK IN CLIMATE SUMMARY FOR THE MONTH OF MARCH 2018...

CLIMATE NORMAL PERIOD 1981 TO 2010
CLIMATE RECORD PERIOD 9999 TO 9999

WEATHER         OBSERVED          NORMAL  DEPART  LAST YEAR`S
                 VALUE   DATE(S)  VALUE   FROM    VALUE  DATE(S)
                                          NORMAL
................................................................
TEMPERATURE (F)
HIGHEST            60   03/19                         75  03/25
LOWEST             21   03/14                         18  03/16
                                                          03/15
                                                          03/14
AVG. MAXIMUM     47.6              51.5    -3.9     52.4
AVG. MINIMUM     30.5              33.4    -2.9     35.4
MEAN             39.1              42.4    -3.3     43.9
DAYS MAX >= 90      0               0.0     0.0        0
DAYS MAX <= 32      1               1.1    -0.1        2
DAYS MIN <= 32     22              14.5     7.5       14
DAYS MIN <= 0       0               0.0     0.0        0

PRECIPITATION (INCHES)
TOTALS           3.40              3.30    0.10     4.45
DAILY AVG.       0.11              0.11    0.00     0.14
DAYS >= .01        11                MM      MM       13
DAYS >= .10         6                MM      MM        9
DAYS >= .50         3                MM      MM        5
DAYS >= 1.00        1                MM      MM        0
GREATEST
 24 HR. TOTAL    1.08   03/29 TO 03/29

DEGREE_DAYS
HEATING TOTAL     797               700      97      648
 SINCE 7/1       4681              4825    -144     3908
COOLING TOTAL       0                 1      -1        2
 SINCE 1/1          6                 1       5        2
.................................................................

WIND (MPH)
AVERAGE WIND SPEED              8.9
HIGHEST WIND SPEED/DIRECTION    33/340    DATE  03/01
HIGHEST GUST SPEED/DIRECTION    42/340    DATE  03/01

SKY COVER
POSSIBLE SUNSHINE (PERCENT)   MM
AVERAGE SKY COVER           0.50
NUMBER OF DAYS FAIR           13
NUMBER OF DAYS PC              8
NUMBER OF DAYS CLOUDY         10

AVERAGE RH (PERCENT)     62

WEATHER CONDITIONS. NUMBER OF DAYS WITH
THUNDERSTORM              1     MIXED PRECIP               0
HEAVY RAIN                2     RAIN                       3
LIGHT RAIN               11     FREEZING RAIN              0
LT FREEZING RAIN          0     HAIL                       0
HEAVY SNOW                1     SNOW                       3
LIGHT SNOW                6     SLEET                      0
FOG                      12     FOG W/VIS <= 1/4 MILE      2
HAZE                      4

-  INDICATES NEGATIVE NUMBERS.
R  INDICATES RECORD WAS SET OR TIED.
MM INDICATES DATA IS MISSING.
T  INDICATES TRACE AMOUNT.

$$
