000
CXUS53 KIND 011515
CLMEYE


CLIMATE REPORT
NATIONAL WEATHER SERVICE INDIANAPOLIS IN
1115 AM EDT SUN JUL 1 2018

...................................

...THE INDIANAPOLIS EAGLE CREEK IN CLIMATE SUMMARY FOR THE MONTH OF JUNE 2018...

CLIMATE NORMAL PERIOD 1981 TO 2010
CLIMATE RECORD PERIOD 9999 TO 9999

WEATHER         OBSERVED          NORMAL  DEPART  LAST YEAR`S
                 VALUE   DATE(S)  VALUE   FROM    VALUE  DATE(S)
                                          NORMAL
................................................................
TEMPERATURE (F)
HIGHEST            94   06/17                         91  06/12
LOWEST             55   06/14                         50  06/01
AVG. MAXIMUM     85.0              81.3     3.7     82.6
AVG. MINIMUM     66.8              63.4     3.4     62.2
MEAN             75.9              72.3     3.6     72.4
DAYS MAX >= 90     10               1.8     8.2        2
DAYS MAX <= 32      0               0.0     0.0        0
DAYS MIN <= 32      0               0.0     0.0        0
DAYS MIN <= 0       0               0.0     0.0        0

PRECIPITATION (INCHES)
TOTALS           6.16              4.39    1.77     4.35
DAILY AVG.       0.21              0.15    0.06     0.14
DAYS >= .01        13                MM      MM       10
DAYS >= .10         5                MM      MM        6
DAYS >= .50         4                MM      MM        3
DAYS >= 1.00        4                MM      MM        1
GREATEST
 24 HR. TOTAL    1.65   06/21 TO 06/21

DEGREE_DAYS
HEATING TOTAL       0                14     -14        3
 SINCE 7/1       5223              5348    -125     4245
COOLING TOTAL     335               234     101      231
 SINCE 1/1        586               318     268      333
.................................................................

WIND (MPH)
AVERAGE WIND SPEED              5.5
HIGHEST WIND SPEED/DIRECTION    31/300    DATE  06/09
HIGHEST GUST SPEED/DIRECTION    39/290    DATE  06/09

SKY COVER
POSSIBLE SUNSHINE (PERCENT)   MM
AVERAGE SKY COVER           0.30
NUMBER OF DAYS FAIR           19
NUMBER OF DAYS PC              7
NUMBER OF DAYS CLOUDY          4

AVERAGE RH (PERCENT)     69

WEATHER CONDITIONS. NUMBER OF DAYS WITH
THUNDERSTORM             10     MIXED PRECIP                0
HEAVY RAIN                5     RAIN                        7
LIGHT RAIN               14     FREEZING RAIN               0
LT FREEZING RAIN          0     HAIL                        0
HEAVY SNOW                0     SNOW                        0
LIGHT SNOW                0     SLEET                       0
FOG                      13     FOG W/VIS <= 1/4 MILE       0
HAZE                      3

-  INDICATES NEGATIVE NUMBERS.
R  INDICATES RECORD WAS SET OR TIED.
MM INDICATES DATA IS MISSING.
T  INDICATES TRACE AMOUNT.

$$
