000
CXUS52 KKEY 011728
CLMEYW


CLIMATE REPORT
NATIONAL WEATHER SERVICE KEY WEST, FL
128 PM EDT SUN JUL 1 2018

...................................

...THE KEY WEST CLIMATE SUMMARY FOR THE MONTH OF JUNE 2018...

CLIMATE NORMAL PERIOD 1981 TO 2010
CLIMATE RECORD PERIOD 1871 TO 2018

WEATHER         OBSERVED          NORMAL  DEPART  LAST YEAR`S
                 VALUE   DATE(S)  VALUE   FROM    VALUE  DATE(S)
                                          NORMAL
................................................................
TEMPERATURE (F)
RECORD
 HIGH              96   06/06/1881
 LOW               65   06/02/1932
HIGHEST            90   06/23                         91  06/27
                        06/20
LOWEST             73   06/09                         72  06/07
                        06/06
AVG. MAXIMUM     87.8              87.8     0.0     87.7
AVG. MINIMUM     78.4              78.8    -0.4     80.2
MEAN             83.1              83.3    -0.2     84.0
DAYS MAX >= 90      2               3.1    -1.1        1
DAYS MAX <= 32      0               0.0     0.0        0
DAYS MIN <= 32      0               0.0     0.0        0
DAYS MIN <= 0       0               0.0     0.0        0

PRECIPITATION (INCHES)
RECORD
 MAXIMUM        14.43   1972
 MINIMUM         0.14   1927
TOTALS           2.80              4.11   -1.31     5.71
DAILY AVG.       0.09              0.14   -0.05     0.19
DAYS >= .01        10              11.0    -1.0        9
DAYS >= .10         7               6.3     0.7        5
DAYS >= .50         3               2.5     0.5        1
DAYS >= 1.00        0               1.2    -1.2        1
GREATEST
 24 HR. TOTAL    0.74   06/18 TO 06/18

SNOWFALL (INCHES)
RECORDS
 TOTAL            0.0
TOTALS            0.0               0.0     0.0      0.0
SINCE 7/1         0.0               0.0     0.0      0.0
SNOWDEPTH AVG.      0               0.0     0.0        0
DAYS >= 1.0         0               0.0     0.0        0
GREATEST
 SNOW DEPTH         0                                  0
 24 HR TOTAL      0.0   06/30 TO 06/30

DEGREE_DAYS
HEATING TOTAL       0                 0       0        0
 SINCE 7/1         44                73     -29        5
COOLING TOTAL     551               549       2      576
 SINCE 1/1       2076              1979      97     2331
.................................................................

WIND (MPH)
AVERAGE WIND SPEED              6.4
HIGHEST WIND SPEED/DIRECTION    31/110    DATE  06/11
HIGHEST GUST SPEED/DIRECTION    42/120    DATE  06/11

SKY COVER
POSSIBLE SUNSHINE (PERCENT)   MM
AVERAGE SKY COVER           0.20
NUMBER OF DAYS FAIR           28
NUMBER OF DAYS PC              2
NUMBER OF DAYS CLOUDY          0

AVERAGE RH (PERCENT)     81

WEATHER CONDITIONS. NUMBER OF DAYS WITH
THUNDERSTORM             12     MIXED PRECIP                0
HEAVY RAIN                6     RAIN                        4
LIGHT RAIN                8     FREEZING RAIN               0
LT FREEZING RAIN          0     HAIL                        0
HEAVY SNOW                0     SNOW                        0
LIGHT SNOW                0     SLEET                       0
FOG                       8     FOG W/VIS <= 1/4 MILE       0
HAZE                      3


-  INDICATES NEGATIVE NUMBERS.
R  INDICATES RECORD WAS SET OR TIED.
MM INDICATES DATA IS MISSING.
T  INDICATES TRACE AMOUNT.

$$


DAILY RECORDS SET/TIED AT KEY WEST, JUNE 2018 AND 2018-TO-DATE

RECORD                       JUN 2018   2018
======                       ========   ====
MAXIMUM TEMPERATURE              0        0
COOL MAXIMUM TEMPERATURE         0        0
WARM MINIMUM TEMPERATURE         0        4
MINIMUM TEMPERATURE              0        0
RAINFALL                         0        3


Ross
