000
CXUS53 KFGF 011501 RRA
CLMFAR

BISCLMFAR 000
TTAA00 KFGF 011352


CLIMATE REPORT
NATIONAL WEATHER SERVICE EASTERN NORTH DAKOTA/GRAND FORKS
840 AM CDT FRI JUN 1 2018

...................................

...THE FARGO HECTOR INTL AP ND CLIMATE SUMMARY FOR THE MONTH OF MAY 2018...

CLIMATE NORMAL PERIOD 1981 TO 2010
CLIMATE RECORD PERIOD 1881 TO 2018

WEATHER         OBSERVED          NORMAL  DEPART  LAST YEAR`S
                 VALUE   DATE(S)  VALUE   FROM    VALUE  DATE(S)
                                          NORMAL
................................................................
TEMPERATURE (F)
RECORD
 HIGH             104   05/30/1934
 LOW               14   05/01/1890
HIGHEST            93   05/26        70      23       87  05/13
                        05/25
LOWEST             29   05/11        45     -16       34  05/11
AVG. MAXIMUM     77.8              69.3     8.5     69.6
AVG. MINIMUM     49.5              44.9     4.6     44.4
MEAN             63.6              57.1     6.5     57.0
DAYS MAX >= 90      4               0.7     3.3        0
DAYS MAX <= 32      0               0.0     0.0        0
DAYS MIN <= 32      3               2.5     0.5        0
DAYS MIN <= 0       0               0.0     0.0        0

PRECIPITATION (INCHES)
RECORD
 MAXIMUM         7.85   2015
 MINIMUM         0.38   1917
TOTALS           1.94              2.81   -0.87     1.14
DAILY AVG.       0.06              0.09   -0.03     0.04
DAYS >= .01         6              11.0    -5.0        8
DAYS >= .10         4               5.9    -1.9        3
DAYS >= .50         1               1.7    -0.7        0
DAYS >= 1.00        1               0.7     0.3        0
GREATEST
 24 HR. TOTAL    1.14   05/17 TO 05/17           05/20 TO 05/21

 STORM TOTAL       MM                                 MM
 (MM/DD(HH))            MM                    05/21(00) TO 05/21(00)


SNOWFALL (INCHES)
RECORDS
 TOTAL            5.1   1935
TOTALS            0.0                 T     0.0      0.0
SINCE 7/1        50.0              50.4    -0.4     33.1
SNOWDEPTH AVG.      0                MM      MM        0
DAYS >= 1.0         0               0.0     0.0        0
GREATEST
 SNOW DEPTH         0   MM                             0  MM
 24 HR TOTAL      0.0   05/31 TO 05/31

 STORM TOTAL       MM                                 MM (MM/DD(HH))
           MM                    05/31(00) TO 05/31(00)


DEGREE_DAYS
HEATING TOTAL     145               273    -128      251
 SINCE 7/1       8897              8729     168     7417
COOLING TOTAL     111                28      83       11
 SINCE 1/1        111                31      80       11
.................................................................

WIND (MPH)
AVERAGE WIND SPEED              10.3
HIGHEST WIND SPEED/DIRECTION    33/320    DATE  05/27
HIGHEST GUST SPEED/DIRECTION    44/330    DATE  05/27

SKY COVER
POSSIBLE SUNSHINE (PERCENT)   MM
AVERAGE SKY COVER           0.30
NUMBER OF DAYS FAIR           21
NUMBER OF DAYS PC              9
NUMBER OF DAYS CLOUDY          1

AVERAGE RH (PERCENT)     58

-  INDICATES NEGATIVE NUMBERS.
R  INDICATES RECORD WAS SET OR TIED.
MM INDICATES DATA IS MISSING.
T  INDICATES TRACE AMOUNT.

&&

THE MONTH OF MAY AT FARGO HECTOR INTERNATIONAL AIRPORT WAS WARMER
AND DRYER THAN NORMAL. THE AVERAGE TEMPERATURE FOR THE MONTH WAS
63.6 DEGREES WHICH WAS 6.5 DEGREES WARMER THAN NORMAL. THIS LEAD TO
MAY 2018 BEING THE FOURTH WARMEST MAY ON RECORD IN FARGO. THE
WARMEST MAY ON RECORD WAS 1977 WITH AN AVERAGE TEMPERATURE OF 66.5.
RECORD HIGHS WERE SET IN FARGO ON MAY 24, 25, AND 26. THE
TEMPERATURES THAT SET THESE RECORDS WERE 92, 93, AND 93. RECORD HIGH
LOWS WERE ALSO SET ON MAY 23 FOR A LOW OF 64 AND MAY 24 FOR A LOW OF
70. THE DAILY HIGHS WERE ABOVE NORMAL FOR 26 OF THE 31 DAYS THIS
MONTH WITH THE LAST 11 DAYS OF THE MONTH ALL BEING ABOVE NORMAL AND
WAS THE WARMEST PERIOD OF THE MONTH.

THE PRECIPITATION FOR MAY AT FARGO HECTOR INTERNATIONAL AIRPORT WAS
1.94 WHICH WAS 0.87 INCHES BELOW NORMAL. MOST OF THE RAIN FALL ON
MAY 17 WITH 1.14 INCHES OF RAIN RECORDED. TWELVE DAYS IN MAY
RECORDED SOME AMOUNT OF PRECIPITATION WITH FOUR OF THOSE DAYS
MEASURING MORE THAN A HUNDREDTH OF AN INCH.

REMEMBER...THIS DATA IS PROVISIONAL AND IS SUBJECT TO CHANGE. THE
FINAL AND OFFICIAL RECORDS WILL BE AVAILABLE FROM THE NATIONAL
CENTERS FOR ENVIRONMENTAL INFORMATION (FORMERLY THE NATIONAL
CLIMATIC DATA CENTER).

$$

NC
