172
CXUS53 KFGF 011858
CLMFAR

CLIMATE REPORT
NATIONAL WEATHER SERVICE EASTERN NORTH DAKOTA/GRAND FORKS
1258 PM CST SAT DEC 1 2018

...................................

...THE FARGO HECTOR INTL AP ND CLIMATE SUMMARY FOR THE MONTH OF NOVEMBER 2018...

CLIMATE NORMAL PERIOD 1981 TO 2010
CLIMATE RECORD PERIOD 1881 TO 2018

WEATHER         OBSERVED          NORMAL  DEPART  LAST YEAR`S
                 VALUE   DATE(S)  VALUE   FROM    VALUE  DATE(S)
                                          NORMAL
................................................................
TEMPERATURE (F)
RECORD
 HIGH              74   11/01/1990
 LOW              -27   11/30/1905
HIGHEST            50   11/04        35      15       54  11/27
                                                          11/20
LOWEST             -3   11/19        19     -22        4  11/09
                                                          11/07
AVG. MAXIMUM     29.2              37.3    -8.1     37.1
AVG. MINIMUM     15.6              20.3    -4.7     19.5
MEAN             22.4              28.8    -6.4     28.3
DAYS MAX >= 90      0               0.0     0.0        0
DAYS MAX <= 32     18              10.3     7.7       11
DAYS MIN <= 32     28              25.9     2.1       29
DAYS MIN <= 0       2               1.8     0.2        0

PRECIPITATION (INCHES)
RECORD
 MAXIMUM         4.58   1977
 MINIMUM            T   1999
TOTALS           0.61              1.00   -0.39     0.33
DAILY AVG.       0.02              0.03   -0.01     0.01
DAYS >= .01        12               7.1     4.9        8
DAYS >= .10         2               2.8    -0.8        2
DAYS >= .50         0               0.5    -0.5        0
DAYS >= 1.00        0               0.0     0.0        0
GREATEST
 24 HR. TOTAL    0.18   11/15 TO 11/15

SNOWFALL (INCHES)
RECORDS
 TOTAL           26.4   1997
TOTALS            5.3               7.9    -2.6      3.1
SINCE 7/1         6.9               8.6    -1.7      3.7
SNOWDEPTH AVG.      1                 3      -2        0
DAYS >= 1.0         2               2.2    -0.2        1
GREATEST
 SNOW DEPTH         2   11/20                          1  11/01
                        11/19
                        11/18
 24 HR TOTAL      1.9   11/15 TO 11/15

DEGREE_DAYS
HEATING TOTAL    1271              1086     185     1093
 SINCE 7/1       2301              1962     339     1798
COOLING TOTAL       0                 0       0        0
 SINCE 1/1        694               551     143      518
.................................................................

WIND (MPH)
AVERAGE WIND SPEED              10.8
HIGHEST WIND SPEED/DIRECTION    28/340    DATE  11/15
HIGHEST GUST SPEED/DIRECTION    38/340    DATE  11/15

SKY COVER
POSSIBLE SUNSHINE (PERCENT)   MM
AVERAGE SKY COVER           0.70
NUMBER OF DAYS FAIR            4
NUMBER OF DAYS PC              9
NUMBER OF DAYS CLOUDY         16

AVERAGE RH (PERCENT)     81

WEATHER CONDITIONS. NUMBER OF DAYS WITH
  0
  0
  0
  0
  1
  0
  2
HAZE                      3

-  INDICATES NEGATIVE NUMBERS.
R  INDICATES RECORD WAS SET OR TIED.
MM INDICATES DATA IS MISSING.
T  INDICATES TRACE AMOUNT.

&&

REMARKS...

TEMPERATURES FOR NOVEMBER AT THE FARGO INTERNATIONAL AIRPORT WAS
BELOW NORMAL AND THE PRECIPITATION FOR THE MONTH WAS ALSO A LITTLE
BELOW NORMAL.

TEMPERATURES WERE NEAR NORMAL FOR THE FIST WEEK IN NOVEMBER.
THEREAFTER AVERAGE DAILY TEMPERATURES FELL BELOW NORMAL FOR MUCH OF
THE REST OF THE MONTH. NOVEMBER 2018 AVERAGED 22.4 DEGREES AND WAS
6.4 DEGREES BELOW NORMAL. NOVEMBER 2018 WAS THE TWENTY FIRST COLDEST
NOVEMBER ON RECORD. THE COLDEST NOVEMBER ON RECORD OCCURRED IN 1896
WITH A MONTHLY AVERAGE OF 10.1 DEGREES. NO DAILY RECORD HIGH OR LOW
TEMPERATURES OCCURRED DURING THE MONTH.

A LITTLE OVER HALF AN INCH OF PRECIPITATION /0.61/ FELL DURING
NOVEMBER AT THE FARGO INTERNATIONAL AIRPORT AND WAS 0.39 INCH BELOW
NORMAL. NO DAILY RECORD PRECIPITATION AMOUNTS OCCURRED IN NOVEMBER.

REMEMBER..THIS DATA IS PROVISIONAL AND SUBJECT TO CHANGE. THE FINAL
AND OFFICIAL RECORDS WILL BE AVAILABLE FROM THE NATIONAL CENTERS FOR
ENVIRONMENTAL INFORMATION (FORMERLY THE NATIONAL CLIMATE DATA
CENTER).

$$
