000
CXUS56 KHNX 021558
CLMFAT


CLIMATE REPORT
NATIONAL WEATHER SERVICE SAN JOAQUIN VALLEY, CA
855 AM PDT THU AUG 2 2018

...................................

...THE FRESNO CA CLIMATE SUMMARY FOR THE MONTH OF JULY 2018...

CLIMATE NORMAL PERIOD 1981 TO 2010
CLIMATE RECORD PERIOD 1887 TO 2018

WEATHER         OBSERVED          NORMAL  DEPART  LAST YEAR`S
                 VALUE   DATE(S)  VALUE   FROM    VALUE  DATE(S)
                                          NORMAL
................................................................
TEMPERATURE (F)
RECORD
 HIGH             115   07/08/1905
 LOW               50   07/06/1955
                        07/03/1901
HIGHEST           108   07/18        MM      MM      107  07/17
                                                          07/08
LOWEST             64   07/05        MM      MM       65  07/01
                        07/04
AVG. MAXIMUM    102.8              98.4     4.4    101.9
AVG. MINIMUM     73.7              67.6     6.1     71.1
MEAN             88.2              83.0     5.2     86.5
DAYS MAX >= 90     31              28.7     2.3       31
DAYS MIN <= 32      0               0.0     0.0        0

PRECIPITATION (INCHES)
RECORD
 MAXIMUM         0.43   2015
TOTALS           0.00R             0.01   -0.01     0.00
DAYS >= .01         0               0.2    -0.2        0
DAYS >= .10         0               0.0     0.0        0
DAYS >= .50         0               0.0     0.0        0
DAYS >= 1.00        0               0.0     0.0        0
GREATEST
 24 HR. TOTAL    0.00   07/31 TO 07/31


SNOWFALL (INCHES)
RECORDS
 TOTAL            0.0
TOTALS            0.0               0.0

DEGREE_DAYS
HEATING TOTAL       0                 0       0        0
 SINCE 7/1          0                 0       0        0
COOLING TOTAL     729               558     171      674
 SINCE 1/1       1450              1168     282     1402
.................................................................

WIND (MPH)
AVERAGE WIND SPEED              7.7
HIGHEST WIND SPEED/DIRECTION    22/310    DATE  07/06
HIGHEST GUST SPEED/DIRECTION    27/310    DATE  07/20

AVERAGE RH (PERCENT)     33

WEATHER CONDITIONS. NUMBER OF DAYS WITH
THUNDERSTORM              0     RAIN                       0
HAIL                      0     FOG                        0
FOG W/VIS <= 1/4 MILE     0     HAZE                      10

-  INDICATES NEGATIVE NUMBERS.
R  INDICATES RECORD WAS SET OR TIED.
MM INDICATES DATA IS MISSING.
T  INDICATES TRACE AMOUNT.

$$
