784
CXUS56 KHNX 012343
CLMFAT


CLIMATE REPORT
NATIONAL WEATHER SERVICE SAN JOAQUIN VALLEY, CA
440 PM PDT MON OCT 1 2018

...................................

...THE FRESNO CA CLIMATE SUMMARY FOR THE MONTH OF SEPTEMBER 2018...

CLIMATE NORMAL PERIOD 1981 TO 2010
CLIMATE RECORD PERIOD 1887 TO 2018

WEATHER         OBSERVED          NORMAL  DEPART  LAST YEAR`S
                 VALUE   DATE(S)  VALUE   FROM    VALUE  DATE(S)
                                          NORMAL
................................................................
TEMPERATURE (F)
RECORD
 HIGH             111   09/03/1955
                        09/11/1888
 LOW               37   09/30/1950
HIGHEST           100   09/08        MM      MM      109  09/02
                        09/07
                        09/05
LOWEST             56   09/16        MM      MM       51  09/23
AVG. MAXIMUM     92.9              90.9     2.0     90.1
AVG. MINIMUM     63.0              61.5     1.5     64.2
MEAN             78.0              76.2     1.8     77.1
DAYS MAX >= 90     20              18.1     1.9       16
DAYS MIN <= 32      0               0.0     0.0        0

PRECIPITATION (INCHES)
RECORD
 MAXIMUM         1.78   1904
TOTALS           0.00R             0.17   -0.17     0.16
DAYS >= .01         0               1.0    -1.0        2
DAYS >= .10         0               0.5    -0.5        1
DAYS >= .50         0               0.1    -0.1        0
DAYS >= 1.00        0               0.0     0.0        0
GREATEST
 24 HR. TOTAL    0.00

SNOWFALL (INCHES)
RECORDS
 TOTAL            0.0
TOTALS            0.0               0.0

DEGREE_DAYS
HEATING TOTAL       0                 2      -2        4
 SINCE 7/1          0                 2      -2        4
COOLING TOTAL     399               338      61      375
 SINCE 1/1       2415              2022     393     2414
.................................................................

WIND (MPH)
AVERAGE WIND SPEED              6.0
HIGHEST WIND SPEED/DIRECTION    21/310    DATE  09/12
HIGHEST GUST SPEED/DIRECTION    24/310    DATE  09/12

AVERAGE RH (PERCENT)     40

WEATHER CONDITIONS. NUMBER OF DAYS WITH
THUNDERSTORM              0     RAIN                       0
HAIL                      0     FOG                        0
FOG W/VIS <= 1/4 MILE     0     HAZE                      17

-  INDICATES NEGATIVE NUMBERS.
R  INDICATES RECORD WAS SET OR TIED.
MM INDICATES DATA IS MISSING.
T  INDICATES TRACE AMOUNT.

$$
