000
CXUS52 KRAH 011520
CLMFAY


CLIMATE REPORT
NATIONAL WEATHER SERVICE RALEIGH NC
1111 AM EDT MON OCT 1 2018

...................................

...THE FAYETTEVILLE REGL AIRPORT NC CLIMATE SUMMARY FOR THE MONTH OF SEPTEMBER 2018...

CLIMATE NORMAL PERIOD 1981 TO 2010
CLIMATE RECORD PERIOD 1910 TO 2018

WEATHER         OBSERVED          NORMAL  DEPART  LAST YEAR`S
                 VALUE   DATE(S)  VALUE   FROM    VALUE
                                          NORMAL
.............................................................
TEMPERATURE (F)
RECORD
 HIGH             106   09/18/1931
 LOW               28   09/20/1941
HIGHEST            95   09/12                         95
                        09/07
                        09/06
LOWEST             65   09/30                         54
AVG. MAXIMUM     89.4              83.6     5.8     85.8
AVG. MINIMUM     71.0              63.7     7.3     65.1
MEAN             80.2              73.6     6.6     75.5
DAYS MAX >= 90     18                                  6
DAYS MAX <= 32      0                                  0
DAYS MIN <= 32      0                                  0
DAYS MIN <= 0       0                                  0

PRECIPITATION (INCHES)
RECORD
 MAXIMUM        13.39   1999
TOTALS          15.54R             4.40   11.14     3.73
DAYS >= .01         8
DAYS >= .10         4
DAYS >= .50         3
DAYS >= 1.00        3
GREATEST
 24 HR. TOTAL    6.45   09/15 TO 09/16

DEGREE_DAYS
HEATING TOTAL       0                 9      -9        2
 SINCE 7/1          0                 9      -9        2
COOLING TOTAL     463               268     195      324
 SINCE 1/1       2404              1908     496     2303
..............................................................

WIND (MPH)
AVERAGE WIND SPEED              7.2
HIGHEST WIND SPEED/DIRECTION    46/030    DATE  09/14
HIGHEST GUST SPEED/DIRECTION    65/030    DATE  09/14

SKY COVER
POSSIBLE SUNSHINE (PERCENT)   MM
AVERAGE SKY COVER           0.40
NUMBER OF DAYS FAIR           17
NUMBER OF DAYS PC              8
NUMBER OF DAYS CLOUDY          5

AVERAGE RH (PERCENT)     73

WEATHER CONDITIONS. NUMBER OF DAYS WITH
THUNDERSTORM              7     MIXED PRECIP               0
HEAVY RAIN                3     RAIN                       3
LIGHT RAIN                9     FREEZING RAIN              0
LT FREEZING RAIN          0     HAIL                       0
HEAVY SNOW                0     SNOW                       0
LIGHT SNOW                0     SLEET                      0
FOG                      21     FOG W/VIS <= 1/4 MILE      4
HAZE                      2

-  INDICATES NEGATIVE NUMBERS.
R  INDICATES RECORD WAS SET OR TIED.
MM INDICATES DATA IS MISSING.
T  INDICATES TRACE AMOUNT.

&&

THE SEPTEMBER 2018 AVERAGE MEAN TEMPERATURE OF 80.4 DEGREES IS THE
WARMEST SEPTEMBER ON RECORD. THIS BEATS THE PREVIOUS WARMEST
SEPTEMBER WHICH WAS 80.0 DEGREES SET IN 1921.

THE SEPTEMBER 2018 TOTAL PRECIPITATION MEASURED 15.54 INCHES WHICH
IS THE WETTEST SEPTEMBER ON RECORD. THIS BEATS THE PREVIOUS RECORD
OF 13.92 INCHES SET IN 1999.

A record daily rainfall record of 3.11 inches was set on September
14th.

A record daily rainfall record of 5.81 inches was set on September
15th.

A record daily rainfall record of 6.33 inches was set on September
16th.

A record high minimum temperature of 74 degrees was set on September
17th.

A record high minimum temperature of 73 degrees was tied on
September 18th.

A record high minimum temperature of 71 degrees was tied on
September 25th.

$$
