000
CXUS53 KLMK 011636
CLMFFT


CLIMATE REPORT
NATIONAL WEATHER SERVICE LOUISVILLE KY
1127 AM EST THU FEB 1 2018

...................................

...THE FRANKFORT KY CLIMATE SUMMARY FOR THE MONTH OF JANUARY 2018...

CLIMATE NORMAL PERIOD 1981 TO 2010
CLIMATE RECORD PERIOD 1895 TO 2018

WEATHER         OBSERVED          NORMAL  DEPART  LAST YEAR`S
                 VALUE   DATE(S)  VALUE   FROM    VALUE  DATE(S)
                                          NORMAL
................................................................
TEMPERATURE (F)
RECORD
 HIGH              80   01/24/1943
 LOW              -27   01/19/1994
                        01/20/1994
HIGHEST            66   01/11        MM      MM       69  01/12
LOWEST             -4   01/06        MM      MM        4  01/07
AVG. MAXIMUM     40.5              41.7    -1.2     47.8
AVG. MINIMUM     20.8              23.4    -2.6     32.8
MEAN             30.6              32.5    -1.9     40.3
DAYS MAX >= 90      0               0.0     0.0        0
DAYS MAX <= 32     11               6.8     4.2        4
DAYS MIN <= 32     22              23.6    -1.6       11
DAYS MIN <= 0       3               1.0     2.0        0

PRECIPITATION (INCHES)
RECORD
 MAXIMUM        16.77   1937
 MINIMUM         0.37   1981
TOTALS           1.58              3.26   -1.68     3.94
DAILY AVG.       0.05              0.11   -0.06     0.13
DAYS >= .01         8                MM      MM       17
DAYS >= .10         5                MM      MM       11
DAYS >= .50         1                MM      MM        3
DAYS >= 1.00        0                MM      MM        0
GREATEST
 24 HR. TOTAL    0.68   01/27 TO 01/28

SNOWFALL (INCHES)
RECORDS
 TOTAL             MM   MM
TOTALS             MM                MM      MM       MM
SINCE 7/1          MM                MM      MM       MM
SNOWDEPTH AVG.     MM                MM      MM       MM
DAYS >= 1.0         0                MM      MM        0
GREATEST
 SNOW DEPTH        MM                                 MM  MM
 24 HR TOTAL       MM

DEGREE_DAYS
HEATING TOTAL    1058              1006      52      760
 SINCE 7/1       2793              2838     -45     2251
COOLING TOTAL       0                 0       0        0
 SINCE 1/1          0                 0       0        0
.................................................................

WIND (MPH)
AVERAGE WIND SPEED              7.3
HIGHEST WIND SPEED/DIRECTION    28/230    DATE  01/31
HIGHEST GUST SPEED/DIRECTION    45/330    DATE  01/12

SKY COVER
POSSIBLE SUNSHINE (PERCENT)   MM
AVERAGE SKY COVER           0.50
NUMBER OF DAYS FAIR           11
NUMBER OF DAYS PC              7
NUMBER OF DAYS CLOUDY         13

AVERAGE RH (PERCENT)     62

WEATHER CONDITIONS. NUMBER OF DAYS WITH
THUNDERSTORM              1     MIXED PRECIP               0
HEAVY RAIN                0     RAIN                       4
LIGHT RAIN                7     FREEZING RAIN              0
LT FREEZING RAIN          0     HAIL                       0
HEAVY SNOW                0     SNOW                       1
LIGHT SNOW                9     SLEET                      0
FOG                       9     FOG W/VIS <= 1/4 MILE      2
HAZE                      8

-  INDICATES NEGATIVE NUMBERS.
R  INDICATES RECORD WAS SET OR TIED.
MM INDICATES DATA IS MISSING.
T  INDICATES TRACE AMOUNT.

$$
