000
CXUS53 KLMK 011713
CLMFFT


CLIMATE REPORT
NATIONAL WEATHER SERVICE LOUISVILLE KY
106 PM EDT SUN JUL 1 2018

...................................

...THE FRANKFORT KY CLIMATE SUMMARY FOR THE MONTH OF JUNE 2018...

CLIMATE NORMAL PERIOD 1981 TO 2010
CLIMATE RECORD PERIOD 1895 TO 2018

WEATHER         OBSERVED          NORMAL  DEPART  LAST YEAR`S
                 VALUE   DATE(S)  VALUE   FROM    VALUE  DATE(S)
                                          NORMAL
................................................................
TEMPERATURE (F)
RECORD
 HIGH             106   06/29/1936
 LOW               36   06/01/1966
HIGHEST            95   06/17        MM      MM       92  06/12
LOWEST             53   06/05        MM      MM       51  06/09
AVG. MAXIMUM     85.9              83.4     2.5     84.1
AVG. MINIMUM     65.9              61.7     4.2     61.2
MEAN             75.9              72.6     3.3     72.7
DAYS MAX >= 90      9               3.4     5.6        4
DAYS MAX <= 32      0               0.0     0.0        0
DAYS MIN <= 32      0               0.0     0.0        0
DAYS MIN <= 0       0               0.0     0.0        0

PRECIPITATION (INCHES)
RECORD
 MAXIMUM         9.58   1960
 MINIMUM         0.22   1936
TOTALS           5.24              4.09    1.15     5.48
DAILY AVG.       0.17              0.14    0.03     0.18
DAYS >= .01        10                MM      MM       10
DAYS >= .10         9                MM      MM        6
DAYS >= .50         5                MM      MM        4
DAYS >= 1.00        1                MM      MM        2
GREATEST
 24 HR. TOTAL    1.88   06/25 TO 06/25

SNOWFALL (INCHES)
RECORDS
 TOTAL             MM   MM
TOTALS             MM                MM      MM       MM
SINCE 7/1          MM                MM      MM       MM
SNOWDEPTH AVG.     MM                MM      MM       MM
DAYS >= 1.0         0                MM      MM        0
GREATEST
 SNOW DEPTH        MM                                 MM  MM
 24 HR TOTAL       MM

DEGREE_DAYS
HEATING TOTAL       0                10     -10        1
 SINCE 7/1       4493              4700    -207     3532
COOLING TOTAL     333               236      97      238
 SINCE 1/1        614               335     279      424
.................................................................

WIND (MPH)
AVERAGE WIND SPEED              4.7
HIGHEST WIND SPEED/DIRECTION    25/210    DATE  06/12
HIGHEST GUST SPEED/DIRECTION    43/230    DATE  06/26

SKY COVER
POSSIBLE SUNSHINE (PERCENT)   MM
AVERAGE SKY COVER           0.30
NUMBER OF DAYS FAIR           18
NUMBER OF DAYS PC             11
NUMBER OF DAYS CLOUDY          1

AVERAGE RH (PERCENT)     70

WEATHER CONDITIONS. NUMBER OF DAYS WITH
THUNDERSTORM             10     MIXED PRECIP                0
HEAVY RAIN                8     RAIN                        9
LIGHT RAIN               11     FREEZING RAIN               0
LT FREEZING RAIN          0     HAIL                        0
HEAVY SNOW                0     SNOW                        0
LIGHT SNOW                0     SLEET                       0
FOG                      16     FOG W/VIS <= 1/4 MILE       3
HAZE                      7


-  INDICATES NEGATIVE NUMBERS.
R  INDICATES RECORD WAS SET OR TIED.
MM INDICATES DATA IS MISSING.
T  INDICATES TRACE AMOUNT.

$$
