000
CXUS53 KLMK 012102 AAA
CLMFFT

CLIMATE REPORT
NATIONAL WEATHER SERVICE LOUISVILLE KY
840 AM EDT MON OCT 1 2018

...................................

...THE FRANKFORT KY CLIMATE SUMMARY FOR THE MONTH OF SEPTEMBER 2018...
...UPDATED FOR DAILY WEATHER OCCURRENCES...

CLIMATE NORMAL PERIOD 1981 TO 2010
CLIMATE RECORD PERIOD 1895 TO 2018

WEATHER         OBSERVED          NORMAL  DEPART  LAST YEAR`S
                 VALUE   DATE(S)  VALUE   FROM    VALUE  DATE(S)
                                          NORMAL
................................................................
TEMPERATURE (F)
RECORD
 HIGH             106   09/02/1953
 LOW               30   09/29/1942
HIGHEST            93   09/04        MM      MM       91  09/27
                        09/03
LOWEST             50   09/29        MM      MM       46  09/07
AVG. MAXIMUM     81.8              79.6     2.2     79.8
AVG. MINIMUM     64.6              55.7     8.9     57.0
MEAN             73.2              67.6     5.6     68.4
DAYS MAX >= 90     10               3.0     7.0        5
DAYS MAX <= 32      0               0.0     0.0        0
DAYS MIN <= 32      0               0.0     0.0        0
DAYS MIN <= 0       0               0.0     0.0        0

PRECIPITATION (INCHES)
RECORD
 MAXIMUM        11.45   1979
 MINIMUM            T   1895
TOTALS           7.58              3.33    4.25     4.96
DAILY AVG.       0.25              0.11    0.14     0.17
DAYS >= .01        14                MM      MM        7
DAYS >= .10         9                MM      MM        6
DAYS >= .50         4                MM      MM        2
DAYS >= 1.00        3                MM      MM        1
GREATEST
 24 HR. TOTAL    2.15   09/23 TO 09/23

SNOWFALL (INCHES)
RECORDS
 TOTAL             MM   MM
TOTALS             MM                MM      MM       MM
SINCE 7/1          MM                MM      MM       MM
SNOWDEPTH AVG.     MM                MM      MM       MM
DAYS >= 1.0         0                MM      MM        0
GREATEST
 SNOW DEPTH        MM                                 MM  MM
 24 HR TOTAL       MM

DEGREE_DAYS
HEATING TOTAL      16                53     -37       32
 SINCE 7/1         16                54     -38       32
COOLING TOTAL     269               133     136      142
 SINCE 1/1       1627              1135     492     1229
.................................................................

WIND (MPH)
AVERAGE WIND SPEED              4.4
HIGHEST WIND SPEED/DIRECTION    21/070    DATE  09/08
HIGHEST GUST SPEED/DIRECTION    30/270    DATE  09/08

SKY COVER
POSSIBLE SUNSHINE (PERCENT)   MM
AVERAGE SKY COVER           0.40
NUMBER OF DAYS FAIR           16
NUMBER OF DAYS PC              8
NUMBER OF DAYS CLOUDY          6

AVERAGE RH (PERCENT)     79

WEATHER CONDITIONS. NUMBER OF DAYS WITH
THUNDERSTORM              2     MIXED PRECIP                0
HEAVY RAIN                7     RAIN                        7
LIGHT RAIN               15     FREEZING RAIN               0
LT FREEZING RAIN          0     HAIL                        0
HEAVY SNOW                0     SNOW                        0
LIGHT SNOW                0     SLEET                       0
FOG                      20     FOG W/VIS <= 1/4 MILE       3
HAZE                      0

-  INDICATES NEGATIVE NUMBERS.
R  INDICATES RECORD WAS SET OR TIED.
MM INDICATES DATA IS MISSING.
T  INDICATES TRACE AMOUNT.

$$
