257
CXUS53 KLMK 011243
CLMFFT


CLIMATE REPORT
NATIONAL WEATHER SERVICE LOUISVILLE KY
743 AM EST TUE JAN 1 2019

...................................

...THE FRANKFORT KY CLIMATE SUMMARY FOR THE MONTH OF DECEMBER 2018...

CLIMATE NORMAL PERIOD 1981 TO 2010
CLIMATE RECORD PERIOD 1895 TO 2018

WEATHER         OBSERVED          NORMAL  DEPART  LAST YEAR`S
                 VALUE   DATE(S)  VALUE   FROM    VALUE  DATE(S)
                                          NORMAL
................................................................
TEMPERATURE (F)
RECORD
 HIGH              78   12/04/1982
 LOW              -17   12/22/1989
                        12/11/1917
HIGHEST            68   12/02        MM      MM       69  12/04
LOWEST             15   12/11        MM      MM        8  12/31
AVG. MAXIMUM     48.8              44.4     4.4     44.5
AVG. MINIMUM     32.4              26.2     6.2     25.3
MEAN             40.6              35.3     5.3     34.9
DAYS MAX >= 90      0               0.0     0.0        0
DAYS MAX <= 32      1               4.6    -3.6        8
DAYS MIN <= 32     18              22.2    -4.2       25
DAYS MIN <= 0       0               0.3    -0.3        0

PRECIPITATION (INCHES)
RECORD
 MAXIMUM         9.29   1990
 MINIMUM         0.36   1925
TOTALS           5.40              4.01    1.39     1.83
DAILY AVG.       0.17              0.13    0.04     0.06
DAYS >= .01         9                MM      MM        5
DAYS >= .10         6                MM      MM        3
DAYS >= .50         4                MM      MM        2
DAYS >= 1.00        3                MM      MM        0
GREATEST
 24 HR. TOTAL    1.54   12/31 TO 12/31

SNOWFALL (INCHES)
RECORDS
 TOTAL             MM   MM
TOTALS             MM                MM      MM       MM
SINCE 7/1          MM                MM      MM       MM
SNOWDEPTH AVG.     MM                MM      MM       MM
DAYS >= 1.0         0                MM      MM        0
GREATEST
 SNOW DEPTH        MM                                 MM  MM
 24 HR TOTAL       MM

DEGREE_DAYS
HEATING TOTAL     748               921    -173      927
 SINCE 7/1       1749              1832     -83     1735
COOLING TOTAL       0                 0       0        0
 SINCE 1/1       1746              1155     591     1279
.................................................................

WIND (MPH)
AVERAGE WIND SPEED              6.4
HIGHEST WIND SPEED/DIRECTION    35/230    DATE  12/02
HIGHEST GUST SPEED/DIRECTION    50/160    DATE  12/27

SKY COVER
POSSIBLE SUNSHINE (PERCENT)   MM
AVERAGE SKY COVER           0.50
NUMBER OF DAYS FAIR           10
NUMBER OF DAYS PC             10
NUMBER OF DAYS CLOUDY         11

AVERAGE RH (PERCENT)     73

WEATHER CONDITIONS. NUMBER OF DAYS WITH
  0
  5
  0
  0
  0
  0
  0
HAZE                      4

-  INDICATES NEGATIVE NUMBERS.
R  INDICATES RECORD WAS SET OR TIED.
MM INDICATES DATA IS MISSING.
T  INDICATES TRACE AMOUNT.

$$
