000
CXUS55 KFGZ 011956
CLMFLG


CLIMATE REPORT
NATIONAL WEATHER SERVICE FLAGSTAFF, AZ
1254 PM MST SAT DEC 1 2018

...................................

...THE FLAGSTAFF AZ AIRPORT CLIMATE SUMMARY FOR THE MONTH OF NOVEMBER 2018...

CLIMATE NORMAL PERIOD 1981 TO 2010
CLIMATE RECORD PERIOD 1898 TO 2018

WEATHER         OBSERVED          NORMAL  DEPART  LAST YEAR`S
                 VALUE   DATE(S)  VALUE   FROM    VALUE  DATE(S)
                                          NORMAL
................................................................
TEMPERATURE (F)
RECORD
 HIGH              74   11/03/1977
                        11/08/1973
 LOW              -13   11/18/1958
HIGHEST            64   11/02                         73  11/25
LOWEST             11   11/27                         10  11/19
                        11/19
                        11/12
AVG. MAXIMUM     50.5              50.5     0.0     59.7
AVG. MINIMUM     21.1              22.9    -1.8     28.3
MEAN             35.8              36.7    -0.9     44.0
DAYS MAX >= 90      0               0.0     0.0        0
DAYS MAX <= 32      0               0.5    -0.5        0
DAYS MIN <= 32     30              27.5     2.5       23
DAYS MIN <= 0       0               0.2    -0.2        0

PRECIPITATION (INCHES)
RECORD
 MAXIMUM         7.10   1905
 MINIMUM         0.00   1999
                        1932
                        1916
TOTALS           0.76              1.76   -1.00     0.01
DAILY AVG.       0.03              0.06   -0.03     0.00
DAYS >= .01         2               4.9    -2.9        1
DAYS >= .10         2               3.4    -1.4        0
DAYS >= .50         0               1.1    -1.1        0
DAYS >= 1.00        0               0.4    -0.4        0
GREATEST
 24 HR. TOTAL    0.46   11/29 TO 11/29              0.01

SNOWFALL (INCHES)
RECORDS
 TOTAL           42.6   1902
TOTALS            6.6              10.7              0.0
SINCE 7/1         8.1              12.2    -4.1      0.0
SNOWDEPTH AVG.      0                MM      MM        0
GREATEST
 SNOW DEPTH         6   11/30                          0  MM
 24 HR TOTAL      3.6   11/29 TO 11/29               0.0

DEGREE_DAYS
HEATING TOTAL     869               849      20      622
 SINCE 7/1       1656              1732     -76     1386
COOLING TOTAL       0                 0       0        0
 SINCE 1/1        200               117      83      184
.................................................................

WIND (MPH)
AVERAGE WIND SPEED              6.7
HIGHEST WIND SPEED/DIRECTION    38/040    DATE  11/12
HIGHEST GUST SPEED/DIRECTION    49/060    DATE  11/12

SKY COVER
POSSIBLE SUNSHINE (PERCENT)   MM
AVERAGE SKY COVER           0.10
NUMBER OF DAYS FAIR           28
NUMBER OF DAYS PC              1
NUMBER OF DAYS CLOUDY          1

AVERAGE RH (PERCENT)     52

-  INDICATES NEGATIVE NUMBERS.
R  INDICATES RECORD WAS SET OR TIED.
MM INDICATES DATA IS MISSING.
T  INDICATES TRACE AMOUNT.

$$
