401
CXUS55 KFGZ 041806
CLMFLG


CLIMATE REPORT
NATIONAL WEATHER SERVICE FLAGSTAFF, AZ
1104 AM MST TUE SEP 4 2018

...................................

...THE FLAGSTAFF AZ AIRPORT CLIMATE SUMMARY FOR THE MONTH OF AUGUST 2018...

CLIMATE NORMAL PERIOD 1981 TO 2010
CLIMATE RECORD PERIOD 1898 TO 2018

WEATHER         OBSERVED          NORMAL  DEPART  LAST YEAR`S
                 VALUE   DATE(S)  VALUE   FROM    VALUE  DATE(S)
                                          NORMAL
................................................................
TEMPERATURE (F)
RECORD
 HIGH              93   08/02/1902
 LOW               24   08/23/1968
HIGHEST            88   08/07                         86  08/27
                        08/06
LOWEST             44   08/28                         38  08/16
AVG. MAXIMUM     79.4              78.4     1.0     77.8
AVG. MINIMUM     51.5              50.1     1.4     49.6
MEAN             65.4              64.2     1.2     63.7
DAYS MAX >= 90      0               0.1    -0.1        0
DAYS MAX <= 32      0               0.0     0.0        0
DAYS MIN <= 32      0               0.0     0.0        0
DAYS MIN <= 0       0               0.0     0.0        0

PRECIPITATION (INCHES)
RECORD
 MAXIMUM         8.77   1904
 MINIMUM         0.26   1962
TOTALS           5.15              3.11    2.04     3.29
DAILY AVG.       0.17              0.10    0.07     0.11
DAYS >= .01        15              14.0     1.0       11
DAYS >= .10        10               7.3     2.7        8
DAYS >= .50         5               1.7     3.3        2
DAYS >= 1.00        1               0.5     0.5        1
GREATEST
 24 HR. TOTAL    1.31   08/14 TO 08/14              1.05

SNOWFALL (INCHES)
RECORDS
 TOTAL            0.0   2017
TOTALS            0.0               0.0              0.0
SINCE 7/1         0.0               0.0     0.0      0.0
SNOWDEPTH AVG.      0                MM      MM        0
GREATEST
 SNOW DEPTH         0   MM                             0  MM
 24 HR TOTAL      0.0   08/31 TO 08/31               0.0

DEGREE_DAYS
HEATING TOTAL      35                56     -21       48
 SINCE 7/1         44                88     -44       51
COOLING TOTAL      57                33      24       16
 SINCE 1/1        200               114      86      173
.................................................................

WIND (MPH)
AVERAGE WIND SPEED              5.2
HIGHEST WIND SPEED/DIRECTION    26/230    DATE  08/27
HIGHEST GUST SPEED/DIRECTION    37/200    DATE  08/21

SKY COVER
POSSIBLE SUNSHINE (PERCENT)   MM
AVERAGE SKY COVER           0.20
NUMBER OF DAYS FAIR           26
NUMBER OF DAYS PC              5
NUMBER OF DAYS CLOUDY          0

AVERAGE RH (PERCENT)     61


-  INDICATES NEGATIVE NUMBERS.
R  INDICATES RECORD WAS SET OR TIED.
MM INDICATES DATA IS MISSING.
T  INDICATES TRACE AMOUNT.

$$
