000
CXUS52 KMFL 011417
CLMFLL


CLIMATE REPORT
NATIONAL WEATHER SERVICE MIAMI, FL
1010 AM EDT SUN JUL 1 2018

...................................

...THE FORT LAUDERDALE CLIMATE SUMMARY FOR THE MONTH OF JUNE 2018...

CLIMATE NORMAL PERIOD 1981 TO 2010
CLIMATE RECORD PERIOD 1912 TO 2018

WEATHER         OBSERVED          NORMAL  DEPART  LAST YEAR`S
                 VALUE   DATE(S)  VALUE   FROM    VALUE
                                          NORMAL
.............................................................
TEMPERATURE (F)
RECORD
 HIGH             100   06/22/2009
 LOW               57   06/04/1933
HIGHEST            94   06/06                         90
LOWEST             71   06/07                         71
AVG. MAXIMUM     88.8              88.8     0.0     87.5
AVG. MINIMUM     76.5              77.4    -0.9     77.4
MEAN             82.7              83.1    -0.4     82.4
DAYS MAX >= 90      9                                  6
DAYS MAX <= 32      0                                  0
DAYS MIN <= 32      0                                  0
DAYS MIN <= 0       0                                  0

PRECIPITATION (INCHES)
RECORD
 MAXIMUM        24.37   1992
 MINIMUM         0.70   1952
TOTALS           6.60             10.16   -3.56    11.78
DAILY AVG.       0.22              0.34   -0.12     0.39
DAYS >= .01        16                                 18
DAYS >= .10         6                                 12
DAYS >= .50         4                                  6
DAYS >= 1.00        3                                  4
GREATEST
 24 HR. TOTAL    2.49   06/07 TO 06/07              4.78

DEGREE_DAYS
HEATING TOTAL       0                 0       0        0
 SINCE 7/1        141               112      29       35
COOLING TOTAL     537               543      -6      533
 SINCE 1/1       1941              1961     -20     2110
..............................................................

WIND (MPH)
AVERAGE WIND SPEED              6.4
HIGHEST WIND SPEED/DIRECTION    31/110    DATE  06/22
HIGHEST GUST SPEED/DIRECTION    39/110    DATE  06/22

SKY COVER
POSSIBLE SUNSHINE (PERCENT)   MM
AVERAGE SKY COVER           0.60
NUMBER OF DAYS FAIR            0
NUMBER OF DAYS PC             28
NUMBER OF DAYS CLOUDY          2

AVERAGE RH (PERCENT)     81

WEATHER CONDITIONS. NUMBER OF DAYS WITH

THUNDERSTORM             20     MIXED PRECIP               0
HEAVY RAIN                6     RAIN                       6
LIGHT RAIN               13     FREEZING RAIN              0
LT FREEZING RAIN          0     HAIL                       0
HEAVY SNOW                0     SNOW                       0
LIGHT SNOW                0     SLEET                      0
FOG                       6     FOG W/VIS <= 1/4 MILE      1
HAZE                      1

-  INDICATES NEGATIVE NUMBERS.
R  INDICATES RECORD WAS SET OR TIED.
MM INDICATES DATA IS MISSING.
T  INDICATES TRACE AMOUNT.

$$
