408
CXUS52 KMFL 011121
CLMFLL

CLIMATE REPORT
NATIONAL WEATHER SERVICE MIAMI, FL
614 AM EST TUE JAN 1 2019

...................................

...THE FORT LAUDERDALE CLIMATE SUMMARY FOR THE MONTH OF DECEMBER 2018...

CLIMATE NORMAL PERIOD 1981 TO 2010
CLIMATE RECORD PERIOD 1912 TO 2018

WEATHER         OBSERVED          NORMAL  DEPART  LAST YEAR`S
                 VALUE   DATE(S)  VALUE   FROM    VALUE
                                          NORMAL
.............................................................
TEMPERATURE (F)
RECORD
 HIGH              90   12/08/1919
 LOW               29   12/25/1989
                        12/13/1934
HIGHEST            88   12/03                         85
LOWEST             50   12/12                         47
                        12/11
AVG. MAXIMUM     78.3              77.9     0.4     77.2
AVG. MINIMUM     64.8              64.1     0.7     63.1
MEAN             71.6              71.0     0.6     70.2
DAYS MAX >= 90      0                                  0
DAYS MAX <= 32      0                                  0
DAYS MIN <= 32      0                                  0
DAYS MIN <= 0       0                                  0

PRECIPITATION (INCHES)
RECORD
 MAXIMUM        20.45   1958
 MINIMUM         0.00   1956
TOTALS           1.77              2.46   -0.69     0.87
DAILY AVG.       0.06              0.08   -0.02     0.03
DAYS >= .01         6                                  5
DAYS >= .10         4                                  3
DAYS >= .50         2                                  0
DAYS >= 1.00        0                                  0
GREATEST
 24 HR. TOTAL    0.76   12/20 TO 12/20              0.33

DEGREE_DAYS
HEATING TOTAL      17                30     -13       40
 SINCE 7/1         31                32      -1       42
COOLING TOTAL     229               216      13      207
 SINCE 1/1       4790              4729      61     4886
..............................................................

WIND (MPH)
AVERAGE WIND SPEED              10.7
HIGHEST WIND SPEED/DIRECTION    37/260    DATE  12/21
HIGHEST GUST SPEED/DIRECTION    48/260    DATE  12/21

SKY COVER
POSSIBLE SUNSHINE (PERCENT)   MM
AVERAGE SKY COVER           0.50
NUMBER OF DAYS FAIR           12
NUMBER OF DAYS PC             16
NUMBER OF DAYS CLOUDY          3

AVERAGE RH (PERCENT)     79

WEATHER CONDITIONS. NUMBER OF DAYS WITH
THUNDERSTORM              3     MIXED PRECIP                0
HEAVY RAIN                1     RAIN                        3
LIGHT RAIN                8     FREEZING RAIN               0
LT FREEZING RAIN          0     HAIL                        0
HEAVY SNOW                0     SNOW                        0
LIGHT SNOW                0     SLEET                       0
FOG                       5     FOG W/VIS <= 1/4 MILE       0
HAZE                      0

-  INDICATES NEGATIVE NUMBERS.
R  INDICATES RECORD WAS SET OR TIED.
MM INDICATES DATA IS MISSING.
T  INDICATES TRACE AMOUNT.

$$
