000
CXUS52 KILM 140357
CLMFLO


CLIMATE REPORT
NATIONAL WEATHER SERVICE WILMINGTON NC
1153 PM EDT MON AUG 13 2018

...................................

...THE FLORENCE SOUTH  CAROLINA CLIMATE SUMMARY FOR THE MONTH OF JULY 2018...

CLIMATE NORMAL PERIOD 1981 TO 2010
CLIMATE RECORD PERIOD 1948 TO 2018

WEATHER         OBSERVED          NORMAL  DEPART  LAST YEAR`S
                 VALUE   DATE(S)  VALUE   FROM    VALUE  DATE(S)
                                          NORMAL
................................................................
TEMPERATURE (F)
RECORD
 HIGH             105   07/08/1977
 LOW               57   07/02/1988
                        07/11/1963
                        07/07/1951
HIGHEST            98   07/12        MM      MM       96  07/15
LOWEST             64   07/10        MM      MM       61  07/31
AVG. MAXIMUM     91.6              91.0     0.6     90.9
AVG. MINIMUM     72.0              71.4     0.6     71.8
MEAN             81.8              81.2     0.6     81.4
DAYS MAX >= 90     23              18.3     4.7       22
DAYS MAX <= 32      0               0.0     0.0        0
DAYS MIN <= 32      0               0.0     0.0        0
DAYS MIN <= 0       0               0.0     0.0        0

PRECIPITATION (INCHES)
RECORD
 MAXIMUM        14.91   2013
 MINIMUM         1.21   1952
TOTALS           7.09              5.26    1.83     9.08
DAILY AVG.       0.23              0.17    0.06
DAYS >= .01        13              11.2     1.8
DAYS >= .10         7               7.9    -0.9
DAYS >= .50         4               3.7     0.3
DAYS >= 1.00        3               1.4     1.6
GREATEST
 24 HR. TOTAL    1.96   07/29 TO 07/29

SNOWFALL (INCHES)
RECORDS
 TOTAL             MM   MM
TOTALS             MM               0.0
SINCE 7/1          MM               0.0

DEGREE_DAYS
HEATING TOTAL       0                 0       0        0
 SINCE 7/1          0                 0       0
COOLING TOTAL     525               502      23      515
 SINCE 1/1       1502              1206     296

FREEZE DATES
RECORD
 EARLIEST     10/14/1988
 LATEST       04/20/1983
EARLIEST                        11/11
LATEST                          03/22
.................................................................

WIND (MPH)
AVERAGE WIND SPEED              6.1
RESULTANT WIND SPEED/DIRECTION   2/119
HIGHEST WIND SPEED/DIRECTION    29/240    DATE  07/28
HIGHEST GUST SPEED/DIRECTION    36/230    DATE  07/28

SKY COVER
POSSIBLE SUNSHINE (PERCENT)   MM
AVERAGE SKY COVER           0.30
NUMBER OF DAYS FAIR           19
NUMBER OF DAYS PC             10
NUMBER OF DAYS CLOUDY          2

AVERAGE RH (PERCENT)     73

WEATHER CONDITIONS. NUMBER OF DAYS WITH
THUNDERSTORM              9     MIXED PRECIP               M
HEAVY RAIN                7     RAIN                       6
LIGHT RAIN               15     FREEZING RAIN              0
LT FREEZING RAIN          0     HAIL                       M
HEAVY SNOW                0     SNOW                       0
LIGHT SNOW                0     SLEET                      M
FOG                      18     FOG W/VIS <= 1/4 MILE      4
HAZE                      2

-  INDICATES NEGATIVE NUMBERS.
R  INDICATES RECORD WAS SET OR TIED.
MM INDICATES DATA IS MISSING.
T  INDICATES TRACE AMOUNT.

$$
