000
CXUS52 KILM 011022
CLMFLO


CLIMATE REPORT
NATIONAL WEATHER SERVICE WILMINGTON NC
516 AM EST TUE JAN 1 2019

...................................

...THE FLORENCE SOUTH  CAROLINA CLIMATE SUMMARY FOR THE YEAR OF 2018...

CLIMATE NORMAL PERIOD 1981 TO 2010
CLIMATE RECORD PERIOD 1948 TO 2018

WEATHER         OBSERVED          NORMAL  DEPART  LAST YEAR`S
                 VALUE   DATE(S)  VALUE   FROM    VALUE  DATE(S)
                                          NORMAL
................................................................
TEMPERATURE (F)
RECORD
 HIGH             108   06/27/1954
 LOW                0   01/21/1985
HIGHEST            98   07/12        MM      MM       96  08/23
                        06/19                             07/15
LOWEST              8   01/07        MM      MM       18  01/09
AVG. MAXIMUM     76.1              74.6     1.5     76.5
AVG. MINIMUM     55.3              52.8     2.5     54.5
MEAN             65.7              63.7     2.0     65.5
DAYS MAX >= 90    100              56.4    43.6       57
DAYS MAX <= 32      4               0.7     3.3        0
DAYS MIN <= 32     37              40.0    -3.0       31
DAYS MIN <= 0       0               0.0     0.0        0

PRECIPITATION (INCHES)
RECORD
 MAXIMUM        64.71   1959
 MINIMUM        27.50   1954
TOTALS          58.13             42.91   15.22    42.63
DAILY AVG.       0.16              0.12    0.04
DAYS >= .01       120             106.0    14.0
DAYS >= .10        80              70.4     9.6
DAYS >= .50        39              28.6    10.4
DAYS >= 1.00       20              11.7     8.3
GREATEST
 24 HR. TOTAL    3.26   MM

SNOWFALL (INCHES)
RECORDS
 TOTAL           17.0   1973
TOTALS             MM               1.5
DAYS >= TRACE       3               0.8
DAYS >= 1.0        MM               0.7

DEGREE_DAYS
HEATING TOTAL    2389              2524    -135     1964
 SINCE 7/1        899               979     -80      936
COOLING TOTAL    2733              2062     671     2248
 SINCE 1/1       2733              2063     670     2248

FREEZE DATES
RECORD
 EARLIEST     10/14/1988
 LATEST       04/20/1983
EARLIEST                        11/11
LATEST                          03/22
.................................................................

WIND (MPH)
AVERAGE WIND SPEED              7.0
RESULTANT WIND SPEED/DIRECTION   1/215
HIGHEST WIND SPEED/DIRECTION    45/350    DATE  09/14
HIGHEST GUST SPEED/DIRECTION    59/350    DATE  09/14

SKY COVER
POSSIBLE SUNSHINE (PERCENT)   MM
AVERAGE SKY COVER           0.30
NUMBER OF DAYS FAIR          214
NUMBER OF DAYS PC             96
NUMBER OF DAYS CLOUDY         54

AVERAGE RH (PERCENT)     70

WEATHER CONDITIONS. NUMBER OF DAYS WITH
THUNDERSTORM             53     MIXED PRECIP               M
HEAVY RAIN               60     RAIN                      62
LIGHT RAIN              141     FREEZING RAIN              0
LT FREEZING RAIN          0     HAIL                       M
HEAVY SNOW                1     SNOW                       1
LIGHT SNOW                3     SLEET                      M
FOG                     196     FOG W/VIS <= 1/4 MILE     34
HAZE                     42

-  INDICATES NEGATIVE NUMBERS.
R  INDICATES RECORD WAS SET OR TIED.
MM INDICATES DATA IS MISSING.
T  INDICATES TRACE AMOUNT.

$$
