000
CXUS52 KILM 010909
CLMFLO


CLIMATE REPORT
NATIONAL WEATHER SERVICE WILMINGTON NC
501 AM EDT MON OCT 1 2018

...................................

...THE FLORENCE SOUTH  CAROLINA CLIMATE SUMMARY FOR THE MONTH OF SEPTEMBER 2018...

CLIMATE NORMAL PERIOD 1981 TO 2010
CLIMATE RECORD PERIOD 1948 TO 2018

WEATHER         OBSERVED          NORMAL  DEPART  LAST YEAR`S
                 VALUE   DATE(S)  VALUE   FROM    VALUE  DATE(S)
                                          NORMAL
................................................................
TEMPERATURE (F)
RECORD
 HIGH             101   09/06/1954
 LOW               41   09/30/1967
                        09/25/1950
HIGHEST            97   09/02        MM      MM       93  09/28
LOWEST             66   09/30        MM      MM       55  09/08
                        09/23
AVG. MAXIMUM     90.4              84.2     6.2     85.2
AVG. MINIMUM     71.8              64.3     7.5     64.8
MEAN             81.1              74.2     6.9     75.0
DAYS MAX >= 90     18               5.5    12.5        5
DAYS MAX <= 32      0               0.0     0.0        0
DAYS MIN <= 32      0               0.0     0.0        0
DAYS MIN <= 0       0               0.0     0.0        0

PRECIPITATION (INCHES)
RECORD
 MAXIMUM        11.34   2008
 MINIMUM         0.01   1981
TOTALS          10.44              3.67    6.77     4.12
DAILY AVG.       0.35              0.12    0.23
DAYS >= .01        10               8.3     1.7
DAYS >= .10         7               5.4     1.6
DAYS >= .50         5               2.3     2.7
DAYS >= 1.00        4               1.1     2.9
GREATEST
 24 HR. TOTAL    3.26   09/16 TO 09/16

SNOWFALL (INCHES)
RECORDS
 TOTAL             MM   MM
TOTALS             MM               0.0
SINCE 7/1          MM               0.0

DEGREE_DAYS
HEATING TOTAL       0                 9      -9        0
 SINCE 7/1          0                 9      -9
COOLING TOTAL     488               286     202      307
 SINCE 1/1       2521              1956     565

FREEZE DATES
RECORD
 EARLIEST     10/14/1988
 LATEST       04/20/1983
EARLIEST                        11/11
LATEST                          03/22
.................................................................

WIND (MPH)
AVERAGE WIND SPEED              6.9
RESULTANT WIND SPEED/DIRECTION   2/074
HIGHEST WIND SPEED/DIRECTION    45/350    DATE  09/14
HIGHEST GUST SPEED/DIRECTION    59/350    DATE  09/14

SKY COVER
POSSIBLE SUNSHINE (PERCENT)   MM
AVERAGE SKY COVER           0.30
NUMBER OF DAYS FAIR           20
NUMBER OF DAYS PC              7
NUMBER OF DAYS CLOUDY          3

AVERAGE RH (PERCENT)     76

WEATHER CONDITIONS. NUMBER OF DAYS WITH
THUNDERSTORM              8     MIXED PRECIP               M
HEAVY RAIN                6     RAIN                       6
LIGHT RAIN               11     FREEZING RAIN              0
LT FREEZING RAIN          0     HAIL                       M
HEAVY SNOW                0     SNOW                       0
LIGHT SNOW                0     SLEET                      M
FOG                      23     FOG W/VIS <= 1/4 MILE      0
HAZE                      4

-  INDICATES NEGATIVE NUMBERS.
R  INDICATES RECORD WAS SET OR TIED.
MM INDICATES DATA IS MISSING.
T  INDICATES TRACE AMOUNT.

$$
