000
CXUS52 KILM 011356
CLMFLO


CLIMATE REPORT
NATIONAL WEATHER SERVICE WILMINGTON NC
844 AM EST THU FEB 1 2018

...................................

...THE FLORENCE SC CLIMATE SUMMARY FOR THE MONTH OF JANUARY 2018...

CLIMATE NORMAL PERIOD 1981 TO 2010
CLIMATE RECORD PERIOD 1948 TO 2018

WEATHER         OBSERVED          NORMAL  DEPART  LAST YEAR`S
                 VALUE   DATE(S)  VALUE   FROM    VALUE  DATE(S)
                                          NORMAL
................................................................
TEMPERATURE (F)
RECORD
 HIGH              85   01/31/1975
 LOW                0   01/21/1985
HIGHEST            77   01/11                         79  01/18
LOWEST              8   01/07                         18  01/09
AVG. MAXIMUM     53.4              55.3    -1.9     62.7
AVG. MINIMUM     29.2              34.6    -5.4     41.6
MEAN             41.3              44.9    -3.6     52.2
DAYS MAX >= 90      0               0.0     0.0        0
DAYS MAX <= 32      4               0.5     3.5        0
DAYS MIN <= 32     19              13.1     5.9        7
DAYS MIN <= 0       0               0.0     0.0        0

PRECIPITATION (INCHES)
RECORD
 MAXIMUM         7.78   1995
 MINIMUM         0.70   2003
TOTALS           2.17              3.23   -1.06     3.26
DAILY AVG.       0.07              0.10   -0.03     0.11
DAYS >= .01         7               9.7    -2.7        8
DAYS >= .10         5               6.3    -1.3        7
DAYS >= .50         1               2.3    -1.3        2
DAYS >= 1.00        0               0.7    -0.7        0
GREATEST
 24 HR. TOTAL    0.89   01/28 TO 01/28

SNOWFALL (INCHES)
RECORDS
 TOTAL            9.9   1988
TOTALS             MM               0.9
SINCE 7/1          MM               1.2

DEGREE_DAYS
HEATING TOTAL     730               623     107      389
COOLING TOTAL       2                 2       0        0
.................................................................

WIND (MPH)
AVERAGE WIND SPEED              7.0
RESULTANT WIND SPEED/DIRECTION   2/352
HIGHEST WIND SPEED/DIRECTION    28/260    DATE  01/23
HIGHEST GUST SPEED/DIRECTION    39/260    DATE  01/23

SKY COVER
POSSIBLE SUNSHINE (PERCENT)   MM
AVERAGE SKY COVER           0.30
NUMBER OF DAYS FAIR           20
NUMBER OF DAYS PC              5
NUMBER OF DAYS CLOUDY          5

AVERAGE RH (PERCENT)     61

WEATHER CONDITIONS. NUMBER OF DAYS WITH
THUNDERSTORM              0     MIXED PRECIP               M
HEAVY RAIN                3     RAIN                       4
LIGHT RAIN                6     FREEZING RAIN              M
LT FREEZING RAIN          M     HAIL                       M
HEAVY SNOW                1     SNOW                       1
LIGHT SNOW                3     SLEET                      M
FOG                       9     FOG W/VIS <= 1/4 MILE      1
HAZE                      6

-  INDICATES NEGATIVE NUMBERS.
R  INDICATES RECORD WAS SET OR TIED.
MM INDICATES DATA IS MISSING.
T  INDICATES TRACE AMOUNT.

$$
