000
CXUS52 KTBW 011713
CLMFMY


CLIMATE REPORT
NATIONAL WEATHER SERVICE TAMPA BAY FL
1259 PM EDT SUN JUL 1 2018

...................................

...THE FORT MYERS CLIMATE SUMMARY FOR THE MONTH OF JUNE 2018...

CLIMATE NORMAL PERIOD 1981 TO 2010
CLIMATE RECORD PERIOD 1902 TO 2018

WEATHER         OBSERVED          NORMAL  DEPART  LAST YEAR`S
                 VALUE   DATE(S)  VALUE   FROM    VALUE  DATE(S)
                                          NORMAL
................................................................
TEMPERATURE (F)
RECORD
 HIGH             103   06/17/1981
                        06/16/1981
 LOW               60   06/01/1984
                        06/03/1916
HIGHEST            95   06/20        MM      MM       95  06/25
LOWEST             71   06/12        MM      MM       72  06/17
                                                          06/16
                                                          06/15
AVG. MAXIMUM     91.3              91.5    -0.2     90.3
AVG. MINIMUM     75.5              73.5     2.0     74.5
MEAN             83.4              82.5     0.9     82.4
DAYS MAX >= 90     20              21.3    -1.3       18
DAYS MAX <= 32      0               0.0     0.0        0
DAYS MIN <= 32      0               0.0     0.0        0
DAYS MIN <= 0       0               0.0     0.0        0

PRECIPITATION (INCHES)
RECORD
 MAXIMUM        20.25   1936
 MINIMUM         1.99   1980
TOTALS           7.52             10.09   -2.57    14.15
DAILY AVG.       0.25              0.34   -0.09     0.47
DAYS >= .01        10              16.0    -6.0       23
DAYS >= .10         8              11.7    -3.7       15
DAYS >= .50         6               6.1    -0.1        8
DAYS >= 1.00        4               3.6     0.4        5
GREATEST
 24 HR. TOTAL    1.81   06/07 TO 06/07

DEGREE_DAYS
HEATING TOTAL       0                 0       0        0
 SINCE 7/1        208               287     -79       76
COOLING TOTAL     449               525     -76      495
 SINCE 1/1       1768              1591     177     1777
.................................................................

WIND (MPH)
AVERAGE WIND SPEED              5.2
HIGHEST WIND SPEED/DIRECTION    28/120    DATE  06/09
HIGHEST GUST SPEED/DIRECTION    37/290    DATE  06/06

SKY COVER
POSSIBLE SUNSHINE (PERCENT)   MM
AVERAGE SKY COVER           0.20
NUMBER OF DAYS FAIR           29
NUMBER OF DAYS PC              1
NUMBER OF DAYS CLOUDY          0

AVERAGE RH (PERCENT)     73

WEATHER CONDITIONS. NUMBER OF DAYS WITH
  0
  9
  0
  0
  0
  0
  0
HAZE                      1

-  INDICATES NEGATIVE NUMBERS.
R  INDICATES RECORD WAS SET OR TIED.
MM INDICATES DATA IS MISSING.
T  INDICATES TRACE AMOUNT.

$$
