000
CXUS53 KDTX 051517
CLMFNT

CLIMATE REPORT
NATIONAL WEATHER SERVICE DETROIT/PONTIAC MI
1113 AM EDT TUE JUN 5 2018

...................................

...THE FLINT MI CLIMATE SUMMARY FOR THE MONTH OF MAY 2018...

CLIMATE NORMAL PERIOD 1981 TO 2010
CLIMATE RECORD PERIOD 1921 TO 2018

WEATHER         OBSERVED          NORMAL  DEPART
                 VALUE   DATE(S)  VALUE   FROM
                                          NORMAL
................................................
TEMPERATURE (F)
RECORD
 HIGH              93   05/28/2012
                        05/31/1988
                        54/01/2206
 LOW               22   05/10/1966
HIGHEST            92   05/28        MM      MM
LOWEST             37   05/07        MM      MM
AVG. MAXIMUM     75.3              68.5     6.8
AVG. MINIMUM     51.5              45.3     6.2
MEAN             63.4              56.9     6.5
DAYS MAX >= 90      2               0.1     1.9
DAYS MAX <= 32      0               0.0     0.0
DAYS MIN <= 32      0               1.5    -1.5
DAYS MIN <= 0       0               0.0     0.0

PRECIPITATION (INCHES)
RECORD
 MAXIMUM         8.19   2004
 MINIMUM         0.34   1988
TOTALS           2.96              3.08   -0.12
DAILY AVG.       0.10              0.10    0.00
DAYS >= .01        12              11.1     0.9
DAYS >= .10         8               6.5     1.5
DAYS >= .50         1               2.0    -1.0
DAYS >= 1.00        0               0.5    -0.5
GREATEST
 24 HR. TOTAL    0.64   05/03 TO 05/03
 STORM TOTAL       MM
 (MM/DD(HH))            MM

SNOWFALL (INCHES)
RECORDS
 TOTAL           12.0   1923
                        0
                        0
TOTALS            0.0                 T     0.0
 LIQUID EQUIV    0.00                MM      MM
SINCE 7/1        85.3              47.4    37.9
 LIQUID 7/1      8.53
DAYS >= TRACE       0               0.0     0.0
DAYS >= 1.0         0               0.0     0.0
GREATEST
 SNOW DEPTH         0   MM
 24 HR TOTAL      0.0   05/31 TO 05/31
 STORM TOTAL       MM
 (MM/DD(HH))            MM

DEGREE_DAYS
HEATING TOTAL     128               280    -152
 SINCE 7/1       6877              6887     -10
COOLING TOTAL      86                28      58
 SINCE 1/1         86                32      54

FREEZE DATES
RECORD
 EARLIEST     MM
 LATEST       MM
EARLIEST                        MM
LATEST                          MM
.................................................

WIND (MPH)
AVERAGE WIND SPEED              8.0
HIGHEST WIND SPEED/DIRECTION    43/280    DATE  05/04
HIGHEST GUST SPEED/DIRECTION    57/280    DATE  05/04

SKY COVER
POSSIBLE SUNSHINE (PERCENT)   MM
AVERAGE SKY COVER           0.30
NUMBER OF DAYS FAIR           17
NUMBER OF DAYS PC             10
NUMBER OF DAYS CLOUDY          4

AVERAGE RH (PERCENT)     67

-  INDICATES NEGATIVE NUMBERS.
R  INDICATES RECORD WAS SET OR TIED.
MM INDICATES DATA IS MISSING.
T  INDICATES TRACE AMOUNT.

$$
