000
CXUS53 KDTX 040104 RRA
CLMFNT

CLIMATE REPORT
NATIONAL WEATHER SERVICE DETROIT/PONTIAC MI
659 PM EST MON DEC 3 2018

...................................

...THE FLINT MI CLIMATE SUMMARY FOR THE MONTH OF NOVEMBER 2018...

CLIMATE NORMAL PERIOD 1981 TO 2010
CLIMATE RECORD PERIOD 1921 TO 2018

WEATHER         OBSERVED          NORMAL  DEPART
                 VALUE   DATE(S)  VALUE   FROM
                                          NORMAL
................................................
TEMPERATURE (F)
RECORD
 HIGH              80   11/04/2015
 LOW               -7   11/26/1949
HIGHEST            53   11/06        MM      MM
LOWEST             17   11/14        MM      MM
AVG. MAXIMUM     38.3              46.7    -8.4
AVG. MINIMUM     28.2              31.0    -2.8
MEAN             33.3              38.9    -5.6
DAYS MAX >= 90      0               0.0     0.0
DAYS MAX <= 32      8               2.4     5.6
DAYS MIN <= 32     22              17.5     4.5
DAYS MIN <= 0       0               0.0     0.0

PRECIPITATION (INCHES)
RECORD
 MAXIMUM         5.66   2003
 MINIMUM         0.59   2009
TOTALS           1.76              2.67   -0.91
DAILY AVG.       0.06              0.09   -0.03
DAYS >= .01        16              11.8     4.2
DAYS >= .10         7               6.2     0.8
DAYS >= .50         0               1.4    -1.4
DAYS >= 1.00        0               0.4    -0.4
GREATEST
 24 HR. TOTAL    0.32   11/26 TO 11/26
 STORM TOTAL       MM
 (MM/DD(HH))            MM

SNOWFALL (INCHES)
RECORDS
 TOTAL           16.2   1951
                        0
                        0
TOTALS           11.1               2.5     8.6
 LIQUID EQUIV    1.11              0.20    0.91
SINCE 7/1        11.1               2.9     8.2
 LIQUID 7/1      1.11
DAYS >= TRACE      16               3.1    12.9
DAYS >= 1.0         5               0.8     4.2
GREATEST
 SNOW DEPTH         4   11/27
 24 HR TOTAL      4.2   11/26 TO 11/26
 STORM TOTAL       MM
 (MM/DD(HH))            MM

DEGREE_DAYS
HEATING TOTAL     945               785     160
 SINCE 7/1       1575              1481      94
COOLING TOTAL       0                 0       0
 SINCE 1/1        796               531     265

FREEZE DATES
RECORD
 EARLIEST     MM
 LATEST       MM
EARLIEST                        MM
LATEST                          MM
.................................................

WIND (MPH)
AVERAGE WIND SPEED              9.4
HIGHEST WIND SPEED/DIRECTION    30/280    DATE  11/09
HIGHEST GUST SPEED/DIRECTION    40/250    DATE  11/06

SKY COVER
POSSIBLE SUNSHINE (PERCENT)   MM
AVERAGE SKY COVER           0.80
NUMBER OF DAYS FAIR            3
NUMBER OF DAYS PC              3
NUMBER OF DAYS CLOUDY         24

AVERAGE RH (PERCENT)     77



-  INDICATES NEGATIVE NUMBERS.
R  INDICATES RECORD WAS SET OR TIED.
MM INDICATES DATA IS MISSING.
T  INDICATES TRACE AMOUNT.

$$

================================================================

       SOUTHEAST MICHIGAN CLIMATE SUMMARY FOR NOVEMBER 2018


NOVEMBER  2018 MONTHLY STATISTICS AND RANKINGS
-----------------------------------------------------------------

PRECIPITATION
                ACTUAL    NORMAL     DEPARTURE     RANKING
DETROIT AREA    3.63"      2.79"      +0.84"     21ST WETTEST
FLINT AREA      1.76"      2.67"      -0.91"     39TH DRIEST
SAGINAW         2.04"      2.70"      -0.66"     47TH DRIEST


PRECIPITATION SINCE JANUARY 1*

                ACTUAL    NORMAL     DEPARTURE     RANKING
DETROIT AREA    41.15"    31.01"     +10.04"      4TH WETTEST
FLINT AREA      34.30"    29.45"      +4.85"     15TH WETTEST
SAGINAW         29.32"    29.68"      -0.36"     42ND WETTEST

      *NORMAL TO DATE (AS OF NOVEMBER 30, 2018)

SNOWFALL
                ACTUAL    NORMAL     DEPARTURE     RANKING
DETROIT AREA     6.7"       1.5"       +5.2"     18TH SNOWIEST
FLINT AREA      11.1"       2.5"       +8.6"      5TH SNOWIEST
SAGINAW         12.5"       3.6"       +8.9"      6TH SNOWIEST


AVERAGE TEMPERATURE
                ACTUAL    NORMAL     DEPARTURE     RANKING
DETROIT AREA     37.1      41.5       -4.4       21ST COLDEST
FLINT AREA       33.3      38.9       -5.6        5TH COLDEST
SAGINAW          34.0      38.5       -4.5        8TH COLDEST

AVERAGE HIGH TEMPERATURE
                ACTUAL    NORMAL     DEPARTURE     RANKING
DETROIT AREA     42.0      48.8       -6.8       12TH COLDEST
FLINT AREA       38.3      46.7       -8.4        2ND COLDEST
SAGINAW          38.6      45.9       -7.3        2ND COLDEST

AVERAGE LOW TEMPERATURE
                ACTUAL    NORMAL     DEPARTURE     RANKING
DETROIT AREA     32.2      34.3       -2.1       51ST COLDEST
FLINT AREA       28.2      31.0       -2.8       16TH COLDEST
SAGINAW          29.4      31.2       -1.8       31ST COLDEST


DETROIT AREA HAS A CLIMATE RECORD DATING TO NOVEMBER 1874
FLINT AREA HAS A CLIMATE RECORD DATING TO JANUARY 1921
SAGINAW HAS A CLIMATE RECORD DATING TO 1912
