000
CXUS52 KMLB 101707 RRA
CLMFPR

CLIMATE REPORT
NATIONAL WEATHER SERVICE MELBOURNE FL
106 PM EDT THU MAY 10 2018

...................................

...THE FORT PIERCE CLIMATE SUMMARY FOR THE MONTH OF APRIL 2018...

CLIMATE NORMAL PERIOD 1981 TO 2010
CLIMATE RECORD PERIOD 1901 TO 2018

WEATHER         OBSERVED          NORMAL  DEPART
                 VALUE   DATE(S)  VALUE   FROM
                                          NORMAL
................................................
TEMPERATURE (F)
MONTHLY RECORD
 HOTTEST          77.1  1947
 COLDEST          66.3  1987
DAILY RECORD
 HIGH              97   04/30/1971
 LOW               33   04/05/1987

APRIL 2018
HIGHEST            91   04/09
LOWEST             47   04/18
AVG. MAXIMUM     82.5              81.4     1.1
AVG. MINIMUM     61.3              60.9     0.4
MEAN             71.9              71.1     0.8
DAYS MAX >= 90      2               0.8     1.2
DAYS MAX <= 32      0               0.0     0.0
DAYS MIN <= 32      0               0.0     0.0
DAYS MIN <= 0       0               0.0     0.0

PRECIPITATION (INCHES)
MONTHLY RECORD
 MAXIMUM        11.16   1931
 MINIMUM         0.00   1903

APRIL 2018
TOTALS           4.00              2.66    1.34
DAYS >= .01         9
DAYS >= .10         8
DAYS >= .50         4
DAYS >= 1.00        0
GREATEST
 24 HR. TOTAL    0.75   04/23 TO 04/23

SNOWFALL (INCHES)
TOTALS            0.0
SINCE 7/1         0.0
DAYS >= TRACE       0                MM      MM

DEGREE_DAYS
HEATING TOTAL       4                13      -9
 SINCE 7/1        387               441     -54
COOLING TOTAL     218               198      20
 SINCE 1/1        565               443     122
.................................................

WIND (MPH)
AVERAGE WIND SPEED              7.9
HIGHEST WIND SPEED/DIRECTION    32/120    DATE  04/23
HIGHEST GUST SPEED/DIRECTION    42/110    DATE  04/23


WEATHER CONDITIONS. NUMBER OF DAYS WITH
THUNDERSTORM              6     MIXED PRECIP               0
HEAVY RAIN                8     RAIN                       7
LIGHT RAIN               11     LT FREEZING RAIN           0
HAIL                      0     LIGHT SNOW                 0
SLEET                     0     FOG                       18
FOG W/VIS <= 1/4 MILE     1     HAZE                       4

-  INDICATES NEGATIVE NUMBERS.
R  INDICATES RECORD WAS SET OR TIED.
MM INDICATES DATA IS MISSING.
T  INDICATES TRACE AMOUNT.

$$
