229
CXUS52 KMLB 011455
CLMFPR


CLIMATE REPORT
NATIONAL WEATHER SERVICE MELBOURNE FL
1008 AM EDT MON OCT 1 2018

...................................

...THE FORT PIERCE CLIMATE SUMMARY FOR THE MONTH OF SEPTEMBER 2018...

CLIMATE NORMAL PERIOD 1981 TO 2010
CLIMATE RECORD PERIOD 1901 TO 2018

WEATHER         OBSERVED          NORMAL  DEPART  LAST YEAR`S
                 VALUE   DATE(S)  VALUE   FROM    VALUE
                                          NORMAL
.............................................................
TEMPERATURE (F)
MONTHLY RECORD
 WARMEST         82.6   1930
 COOLEST         78.0   1903
DAILY RECORD
 HIGH              99   09/01/1998
                        09/26/1959
09/14/1944
 LOW               59   09/29/1998
SEPTEMBER 2018
HIGHEST            94   09/15                         94
LOWEST             71   09/19                         72
                        09/09
AVG. MAXIMUM     88.7              88.2     0.5     88.4
AVG. MINIMUM     74.2              73.1     1.1     74.0
MEAN             81.5              80.6     0.9     81.2
DAYS MAX >= 90      4               6.1    -2.1       10
DAYS MAX <= 32      0               0.0     0.0        0
DAYS MIN <= 32      0               0.0     0.0        0
DAYS MIN <= 0       0               0.0     0.0        0

PRECIPITATION (INCHES)
MONTHLY RECORD
 MAXIMUM        19.90   1963
 MINIMUM         0.75   1921
DAILY RECORD
 MAXIMUM        13.08   09/10/2017
SEPTEMBER 2018
TOTALS           4.15              7.30   -3.15    17.86
DAYS >= .01        14                                 13
DAYS >= .10         7                                  8
DAYS >= .50         4                                  2
DAYS >= 1.00        0                                  2
GREATEST
 24 HR. TOTAL    0.85   09/03 TO 09/03

SNOWFALL (INCHES)
TOTALS            0.0                                0.0
SINCE 7/1         0.0                                0.0
DAYS >= TRACE       0                MM      MM        0

DEGREE_DAYS
HEATING TOTAL       0                 0       0        0
 SINCE 7/1          0                 0       0        0
COOLING TOTAL     500               469      31      494
 SINCE 1/1       2936              2738     198     3151
..............................................................

WIND (MPH)
AVERAGE WIND SPEED              5.9
HIGHEST WIND SPEED/DIRECTION    32/100    DATE  09/03
HIGHEST GUST SPEED/DIRECTION    41/100    DATE  09/03

SKY COVER
POSSIBLE SUNSHINE (PERCENT)   MM
AVERAGE SKY COVER           0.20
NUMBER OF DAYS FAIR           27
NUMBER OF DAYS PC              3
NUMBER OF DAYS CLOUDY          0

AVERAGE RH (PERCENT)     82

WEATHER CONDITIONS. NUMBER OF DAYS WITH
THUNDERSTORM             11     MIXED PRECIP                0
HEAVY RAIN                7     RAIN                        6
LIGHT RAIN               17     FREEZING RAIN               0
LT FREEZING RAIN          0     HAIL                        0
HEAVY SNOW                0     SNOW                        0
LIGHT SNOW                0     SLEET                       0
FOG                      17     FOG W/VIS <= 1/4 MILE       1
HAZE                      3


-  INDICATES NEGATIVE NUMBERS.
R  INDICATES RECORD WAS SET OR TIED.
MM INDICATES DATA IS MISSING.
T  INDICATES TRACE AMOUNT.

$$
