000
CXUS52 KMLB 011657
CLMFPR


CLIMATE REPORT
NATIONAL WEATHER SERVICE MELBOURNE FL
1201 PM EDT WED AUG 1 2018

...................................

...THE FORT PIERCE CLIMATE SUMMARY FOR THE MONTH OF JULY 2018...

CLIMATE NORMAL PERIOD 1981 TO 2010
CLIMATE RECORD PERIOD 1901 TO 2018

WEATHER         OBSERVED          NORMAL  DEPART  LAST YEAR`S
                 VALUE   DATE(S)  VALUE   FROM    VALUE
                                          NORMAL
.............................................................
TEMPERATURE (F)
MONTHLY RECORD
 HOTTEST         84.0   1932
 COOLEST         78.5   1910
DAILY RECORD
 HIGH             101   07/20/1993
                        07/23/1989
 LOW               61   07/06/1903
JULY 2018
HIGHEST            96   07/26                         96
                        07/22
LOWEST             69   07/07                         72
AVG. MAXIMUM     90.9              90.1     0.8     91.5
AVG. MINIMUM     72.9              72.7     0.2     74.4
MEAN             81.9              81.4     0.5     82.9
DAYS MAX >= 90     20              16.0     4.0       29
DAYS MAX <= 32      0               0.0     0.0        0
DAYS MIN <= 32      0               0.0     0.0        0
DAYS MIN <= 0       0               0.0     0.0        0

PRECIPITATION (INCHES)
MONTHLY RECORD
 MAXIMUM        13.17   1991
 MINIMUM         0.75   1912
DAILY RECORD
 MAXIMUM         4.50   07/09/1909
JULY 2018
TOTALS           7.21              6.07    1.14     6.45
DAYS >= .01        13                                 14
DAYS >= .10         8                                  9
DAYS >= .50         4                                  5
DAYS >= 1.00        2                                  3
GREATEST
 24 HR. TOTAL    2.13   07/06 TO 07/06

SNOWFALL (INCHES)
TOTALS            0.0                                0.0
SINCE 7/1         0.0                                0.0
DAYS >= TRACE       0                                  0

DEGREE_DAYS
HEATING TOTAL       0                 0       0        0
 SINCE 7/1          0                 0       0        0
COOLING TOTAL     533               508      25      565
 SINCE 1/1       1921              1751     170     2108
..............................................................

WIND (MPH)
AVERAGE WIND SPEED              4.8
HIGHEST WIND SPEED/DIRECTION    31/230    DATE  07/23
HIGHEST GUST SPEED/DIRECTION    44/230    DATE  07/23

SKY COVER
POSSIBLE SUNSHINE (PERCENT)   MM
AVERAGE SKY COVER           0.10
NUMBER OF DAYS FAIR           29
NUMBER OF DAYS PC              2
NUMBER OF DAYS CLOUDY          0

AVERAGE RH (PERCENT)     79

WEATHER CONDITIONS. NUMBER OF DAYS WITH
THUNDERSTORM             19     MIXED PRECIP                0
HEAVY RAIN                8     RAIN                        7
LIGHT RAIN               18     FREEZING RAIN               0
LT FREEZING RAIN          0     HAIL                        0
HEAVY SNOW                0     SNOW                        0
LIGHT SNOW                0     SLEET                       0
FOG                      14     FOG W/VIS <= 1/4 MILE       2
HAZE                      1

-  INDICATES NEGATIVE NUMBERS.
R  INDICATES RECORD WAS SET OR TIED.
MM INDICATES DATA IS MISSING.
T  INDICATES TRACE AMOUNT.

$$
