494
CXUS52 KMLB 012006
CLMFPR

CLIMATE REPORT...UPDATED TO INCLUDE 2018 SUMMARY
NATIONAL WEATHER SERVICE MELBOURNE FL
304 PM EST TUE JAN 1 2019

...................................

...THE FORT PIERCE CLIMATE SUMMARY FOR THE MONTH OF DECEMBER 2018...

CLIMATE NORMAL PERIOD 1981 TO 2010
CLIMATE RECORD PERIOD 1901 TO 2018

WEATHER         OBSERVED          NORMAL  DEPART  LAST YEAR`S
                 VALUE   DATE(S)  VALUE   FROM    VALUE
                                          NORMAL
.............................................................
TEMPERATURE (F)
MONTHLY RECORD
 WARMEST         73.4   2015
 COLDEST         53.3   2010
DAILY RECORD
 HIGH              89   12/22/1953
            12/07/1942
 LOW               19   12/24/1989
DECEMBER 2018
HIGHEST            88   12/03                  84
                        12/02
LOWEST             38   12/23                         36
AVG. MAXIMUM     76.7              74.6     2.1     76.4
AVG. MINIMUM     55.8              55.7     0.1     53.5
MEAN             66.3              65.2     1.1     65.0
DAYS MAX >= 90      0               0.0     0.0        0
DAYS MAX <= 32      0               0.0     0.0        0
DAYS MIN <= 32      0               0.7    -0.7        0
DAYS MIN <= 0       0               0.0     0.0        0

PRECIPITATION (INCHES)
MONTHLY RECORD
 MAXIMUM         8.21   1963
 MINIMUM         0.08   1904
DAILY RECORD
 MAXIMUM         4.53   12/11/1942
DECEMBER 2018
TOTALS           2.19              2.11    0.08     1.58
DAYS >= .01         9                                  2
DAYS >= .10         3                                  2
DAYS >= .50         2                                  2
DAYS >= 1.00        1                                  0
GREATEST
 24 HR. TOTAL    1.08   12/04 TO 12/04

SNOWFALL (INCHES)
TOTALS            0.0                                0.0
SINCE 7/1         0.0                                0.0
DAYS >= TRACE       0                MM      MM        0

DEGREE_DAYS
HEATING TOTAL      91                97      -6       93
 SINCE 7/1        129               123       6      111
COOLING TOTAL     140               102      38      101
 SINCE 1/1       3715              3374     341     3857
..............................................................

WIND (MPH)
AVERAGE WIND SPEED              7.2
HIGHEST WIND SPEED/DIRECTION    39/270    DATE  12/21
HIGHEST GUST SPEED/DIRECTION    52/270    DATE  12/21

SKY COVER
POSSIBLE SUNSHINE (PERCENT)   MM
AVERAGE SKY COVER           0.30
NUMBER OF DAYS FAIR           16
NUMBER OF DAYS PC             13
NUMBER OF DAYS CLOUDY          2

AVERAGE RH (PERCENT)     73

WEATHER CONDITIONS. NUMBER OF DAYS WITH
THUNDERSTORM              1     MIXED PRECIP                0
HEAVY RAIN                2     RAIN                        3
LIGHT RAIN               11     FREEZING RAIN               0
LT FREEZING RAIN          0     HAIL                        0
HEAVY SNOW                0     SNOW                        0
LIGHT SNOW                0     SLEET                       0
FOG                      16     FOG W/VIS <= 1/4 MILE       6
HAZE                      0



-  INDICATES NEGATIVE NUMBERS.
R  INDICATES RECORD WAS SET OR TIED.
MM INDICATES DATA IS MISSING.
T  INDICATES TRACE AMOUNT.

$$
...................................

...THE FORT PIERCE CLIMATE SUMMARY FOR THE YEAR OF 2018...

CLIMATE NORMAL PERIOD 1981 TO 2010
CLIMATE RECORD PERIOD 1901 TO 2018

WEATHER         OBSERVED          NORMAL  DEPART  LAST YEAR`S
                 VALUE   DATE(S)  VALUE   FROM    VALUE
                                          NORMAL
.............................................................
TEMPERATURE (F)
ANNUAL RECORD
 WARMEST         75.3   2015
 COOLEST         70.3   1910
DAILY RECORD
 HIGH  101   07/20/1993
         07/23/1989
        06/28/1950
 LOW    1912/24/1989
        01/22/1985
2018 DATA
HIGHEST            96   07/26                         97
                        07/22
                        06/21
LOWEST             32   01/18                         33
AVG. MAXIMUM     83.0              82.4     0.6     83.9
AVG. MINIMUM     64.6              63.7     0.9     65.0
MEAN             73.8              73.0     0.8     74.5
DAYS MAX >= 90     54              55.4    -1.4       95
DAYS MAX <= 32      0               0.0     0.0        0
DAYS MIN <= 32      1               1.9    -0.9        0
DAYS MIN <= 0       0               0.0     0.0        0

PRECIPITATION (INCHES)
ANNUAL RECORD
 MAXIMUM        80.24   1994
 MINIMUM        31.73   1917
DAILY RECORD
 MAXIMUM13.08   09/10/2017
2018 DATA
TOTALS          48.40             53.84   -5.44    60.60
DAYS >= .01       134                MM      MM      127
DAYS >= .10        78                MM      MM       75
DAYS >= .50        34                MM      MM       35
DAYS >= 1.00       12                MM      MM       15
GREATEST
 24 HR. TOTAL    2.47   06/29 TO 06/29

SNOWFALL (INCHES)
TOTALS            0.0
SINCE 7/1         0.0                                0.0
DAYS >= TRACE       0                                  0
DAYS >= 1.0         0

DEGREE_DAYS
HEATING TOTAL     405               440     -35      279
 SINCE 7/1        129                         6      111
COOLING TOTAL    3715              3374     341     3857
 SINCE 1/1       3715              3374     341     3857

FREEZE DATES
EARLIEST                        MM
LATEST                          MM
..............................................................

WIND (MPH)
AVERAGE WIND SPEED              6.9
HIGHEST WIND SPEED/DIRECTION    39/270    DATE  12/21
HIGHEST GUST SPEED/DIRECTION    52/270    DATE  12/21

SKY COVER
POSSIBLE SUNSHINE (PERCENT)   MM
AVERAGE SKY COVER           0.20
NUMBER OF DAYS FAIR          257
NUMBER OF DAYS PC            100
NUMBER OF DAYS CLOUDY          8

AVERAGE RH (PERCENT)     77

WEATHER CONDITIONS. NUMBER OF DAYS WITH
THUNDERSTORM             93     MIXED PRECIP                0
HEAVY RAIN               70     RAIN                       69
LIGHT RAIN              172     FREEZING RAIN               0
LT FREEZING RAIN          0     HAIL                        0
HEAVY SNOW                0     SNOW                        0
LIGHT SNOW                0     SLEET                       0
FOG                     182     FOG W/VIS <= 1/4 MILE      25
HAZE                     21


-  INDICATES NEGATIVE NUMBERS.
R  INDICATES RECORD WAS SET OR TIED.
MM INDICATES DATA IS MISSING.
T  INDICATES TRACE AMOUNT.

$$
