000
CXUS52 KMLB 011404 CCA
CLMFPR

CLIMATE REPORT
NATIONAL WEATHER SERVICE MELBOURNE FL
803 AM EST THU FEB 1 2018

...................................

...THE FORT PIERCE CLIMATE SUMMARY FOR THE MONTH OF JANUARY 2018...

CLIMATE NORMAL PERIOD 1981 TO 2010
CLIMATE RECORD PERIOD 1901 TO 2018

WEATHER         OBSERVED          NORMAL  DEPART  LAST YEAR`S
                 VALUE   DATE(S)  VALUE   FROM    VALUE
                                          NORMAL
.............................................................
TEMPERATURE (F)
MONTHLY RECORD
 HOTTEST         71.6    1974
 COLDEST         54.5    1981

DAILY RECORD
 HIGH              91   1903
 LOW               30   01/15/2012

JANUARY 2018
HIGHEST            83   01/12                         87
LOWEST             32   01/18                         33
AVG. MAXIMUM     71.0              72.9    -1.9     77.0
AVG. MINIMUM     52.8              50.5     2.3
MEAN             61.9              61.7     0.2     64.4
DAYS MAX >= 90      0               0.0     0.0        0
DAYS MAX <= 32      0               0.0     0.0        0
DAYS MIN <= 32      1               1.1    -0.1        0
DAYS MIN <= 0       0               0.0     0.0        0

PRECIPITATION (INCHES)
MONTHLY RECORD
 MAXIMUM         10.56  2016
 MINIMUM          0.05  2012
DAILY RECORD      7.38  01/09/2014

JANUARY 2018
TOTALS           2.07              2.57   -0.50     1.09
DAYS >= .01        11                                  9
DAYS >= .10         7                                  4
DAYS >= .50         1                                  0
DAYS >= 1.00        0                                  0
GREATEST
 24 HR. TOTAL    0.62   01/09 TO 01/09

SNOWFALL (INCHES)
TOTALS            0.0                                0.0
SINCE 7/1         0.0                                0.0
DAYS >= TRACE       0                MM      MM        0

DEGREE_DAYS
HEATING TOTAL     158               159      -1       92
 SINCE 7/1        269               282     -13      126
COOLING TOTAL      68                57      11       80
 SINCE 1/1         68                62       6       80
..............................................................

WIND (MPH)
AVERAGE WIND SPEED              8.5
HIGHEST WIND SPEED/DIRECTION    35/290    DATE  01/03
HIGHEST GUST SPEED/DIRECTION    43/290    DATE  01/03

SKY COVER
POSSIBLE SUNSHINE (PERCENT)   MM
AVERAGE SKY COVER           0.40
NUMBER OF DAYS FAIR           12
NUMBER OF DAYS PC             16
NUMBER OF DAYS CLOUDY          3

AVERAGE RH (PERCENT)     78

WEATHER CONDITIONS. NUMBER OF DAYS WITH
THUNDERSTORM              1     HEAVY RAIN                 5
RAIN                      5     LIGHT RAIN                14
LT FREEZING RAIN          0     HAIL                       0
SLEET                     0     FOG                       12
FOG W/VIS <= 1/4 MILE     1     HAZE                       1

-  INDICATES NEGATIVE NUMBERS.
R  INDICATES RECORD WAS SET OR TIED.
MM INDICATES DATA IS MISSING.
T  INDICATES TRACE AMOUNT.

$$
