000
CXUS53 KFSD 011956 CCA
CLMFSD

CLIMATE REPORT...CORRECTED
NATIONAL WEATHER SERVICE SIOUX FALLS SD
237 PM CDT WED AUG 1 2018

...................................

...THE SIOUX FALLS CLIMATE SUMMARY FOR THE MONTH OF JULY 2018...

CLIMATE NORMAL PERIOD 1981 TO 2010
CLIMATE RECORD PERIOD 1893 TO 2018

WEATHER         OBSERVED          NORMAL  DEPART  LAST YEAR`S
                 VALUE   DATE(S)  VALUE   FROM    VALUE  DATE(S)
                                          NORMAL
................................................................
TEMPERATURE (F)
RECORD
 HIGH             110   07/17/1936
 LOW               34   07/09/1895
HIGHEST            95   07/12        MM      MM       96  07/25
                        07/11                             07/17
                                                          07/15
LOWEST             52   07/27        MM      MM       50  07/01
AVG. MAXIMUM     83.8              84.1    -0.3     87.2
AVG. MINIMUM     62.5              61.9     0.6     63.9
MEAN             73.2              73.0     0.2     75.6
DAYS MAX >= 90      4               6.1    -2.1        7
DAYS MAX <= 32      0               0.0     0.0        0
DAYS MIN <= 32      0               0.0     0.0        0
DAYS MIN <= 0       0               0.0     0.0        0

PRECIPITATION (INCHES)
RECORD
 MAXIMUM         9.11   1900
 MINIMUM         0.24   2012
TOTALS           4.94              3.09    1.85     1.13
DAILY AVG.       0.16              0.10    0.06     0.04
DAYS >= .01         8               9.8    -1.8        6
DAYS >= .10         7               5.4     1.6        2
DAYS >= .50         3               2.1     0.9        1
DAYS >= 1.00        2               0.6     1.4        0
GREATEST
 24 HR. TOTAL    2.18   07/12 TO 07/13

DEGREE_DAYS
HEATING TOTAL       0                 8      -8        0
 SINCE 7/1          0                 8      -8        0
COOLING TOTAL     261               256       5      336
 SINCE 1/1        589               427     162      561
.................................................................

WIND (MPH)
AVERAGE WIND SPEED              8.2
HIGHEST WIND SPEED/DIRECTION    29/310    DATE  07/19
HIGHEST GUST SPEED/DIRECTION    44/290    DATE  07/19

SKY COVER
POSSIBLE SUNSHINE (PERCENT)   MM
AVERAGE SKY COVER           0.40
NUMBER OF DAYS FAIR           12
NUMBER OF DAYS PC             18
NUMBER OF DAYS CLOUDY          1

AVERAGE RH (PERCENT)     73

WEATHER CONDITIONS. NUMBER OF DAYS WITH
THUNDERSTORM             10     MIXED PRECIP                0
HEAVY RAIN                6     RAIN                        6
LIGHT RAIN                9     FREEZING RAIN               0
LT FREEZING RAIN          0     HAIL                        0
HEAVY SNOW                0     SNOW                        0
LIGHT SNOW                0     SLEET                       0
FOG                      10     FOG W/VIS <= 1/4 MILE       0
HAZE                      0

-  INDICATES NEGATIVE NUMBERS.
R  INDICATES RECORD WAS SET OR TIED.
MM INDICATES DATA IS MISSING.
T  INDICATES TRACE AMOUNT.

$$
