000
CXUS54 KTSA 011122
CLMFSM

CLIMATE REPORT
NATIONAL WEATHER SERVICE TULSA OK
622 AM CDT SAT SEP 1 2018

...................................

...THE FORT SMITH ARKANSAS CLIMATE SUMMARY FOR THE MONTH OF AUGUST 2018...

CLIMATE NORMAL PERIOD 1981 TO 2010
CLIMATE RECORD PERIOD 1882 TO 2018

WEATHER         OBSERVED          NORMAL  DEPART  LAST YEAR`S
                 VALUE   DATE(S)  VALUE   FROM    VALUE  DATE(S)
                                          NORMAL
................................................................
TEMPERATURE (F)
RECORD
 HIGH             115   08/03/2011
 LOW               45   08/24/1891
HIGHEST            98   08/10       113     -15       97
                        08/06
LOWEST             65   08/01        45      20       65
AVG. MAXIMUM     90.7              93.4    -2.7     88.1
AVG. MINIMUM     71.1              70.8     0.3     71.2
MEAN             80.9              82.1    -1.2     79.7
DAYS MAX >= 90     22
DAYS MAX <= 32      0
DAYS MIN <= 32      0
DAYS MIN <= 0       0

PRECIPITATION (INCHES)
RECORD
 MAXIMUM        10.89   1890
 MINIMUM            T   2000
TOTALS           9.53              2.59    6.94     7.00
DAILY AVG.       0.31              0.08    0.23     0.23
DAYS >= .01        10               6.3     3.7       11
DAYS >= .10         8               4.1     3.9        9
DAYS >= .50         6               1.8     4.2        4
DAYS >= 1.00        2               0.6     1.4        3
GREATEST
 24 HR. TOTAL    3.63   08/15 TO 08/15

DEGREE_DAYS
COOLING TOTAL     502               530     -28      466
 SINCE 1/1       2040              1695     345     1764
.................................................................

WIND (MPH)
AVERAGE WIND SPEED              5.6
HIGHEST WIND SPEED/DIRECTION    39/340    DATE  08/30
HIGHEST GUST SPEED/DIRECTION    49/350    DATE  08/30

SKY COVER
POSSIBLE SUNSHINE (PERCENT)   MM
AVERAGE SKY COVER           0.20
NUMBER OF DAYS FAIR           23
NUMBER OF DAYS PC              6
NUMBER OF DAYS CLOUDY          2

AVERAGE RH (PERCENT)     72

WEATHER CONDITIONS. NUMBER OF DAYS WITH
THUNDERSTORM             11     MIXED PRECIP                0
HEAVY RAIN                8     RAIN                        7
LIGHT RAIN               11     FREEZING RAIN               0
LT FREEZING RAIN          0     HAIL                        0
HEAVY SNOW                0     SNOW                        0
LIGHT SNOW                0     SLEET                       0
FOG                      12     FOG W/VIS <= 1/4 MILE       3
HAZE                      1

-  INDICATES NEGATIVE NUMBERS.
R  INDICATES RECORD WAS SET OR TIED.
MM INDICATES DATA IS MISSING.
T  INDICATES TRACE AMOUNT.

&&
-------------------------------------------------------------------
 YEARLY PRECIPITATION (INCHES):
 TOTAL.....................34.54
 DEPARTURE FROM NORMAL.....+5.18
$$
