000
CXUS54 KTSA 011238
CLMFSM

CLIMATE REPORT
NATIONAL WEATHER SERVICE TULSA OK
638 AM CST SAT DEC 1 2018

...................................

...THE FORT SMITH ARKANSAS CLIMATE SUMMARY FOR THE MONTH OF NOVEMBER 2018...

CLIMATE NORMAL PERIOD 1981 TO 2010
CLIMATE RECORD PERIOD 1882 TO 2018

WEATHER         OBSERVED          NORMAL  DEPART  LAST YEAR`S
                 VALUE   DATE(S)  VALUE   FROM    VALUE  DATE(S)
                                          NORMAL
................................................................
TEMPERATURE (F)
RECORD
 HIGH              87   11/02/2017
                        11/16/2016
 LOW                8   11/29/1976
HIGHEST            75   11/30        86     -11       87
LOWEST             23   11/27         8      15       29
                        11/15
AVG. MAXIMUM     57.9              62.8    -4.9     68.3
AVG. MINIMUM     35.2              40.3    -5.1     42.8
MEAN             46.5              51.6    -5.1     55.5
DAYS MAX >= 90      0
DAYS MAX <= 32      0
DAYS MIN <= 32     13
DAYS MIN <= 0       0

PRECIPITATION (INCHES)
RECORD
 MAXIMUM        14.01   1946
 MINIMUM         0.26   1904
TOTALS           1.67              4.44   -2.77     0.28
DAILY AVG.       0.06              0.15   -0.09     0.01
DAYS >= .01         9               7.5     1.5        6
DAYS >= .10         4               5.7    -1.7        1
DAYS >= .50         1               3.2    -2.2        0
DAYS >= 1.00        0               1.5    -1.5        0
GREATEST
 24 HR. TOTAL    1.82   10/31 TO 11/01



SNOWFALL (INCHES)
RECORDS
 TOTAL            4.0   1976
TOTALS            0.0                 T     0.0      0.0
SINCE 7/1         0.0                 T     0.0      0.0
SNOWDEPTH AVG.      0                MM      MM        0
DAYS >= 1.0         0               0.0     0.0        0
GREATEST
 SNOW DEPTH         0   MM                             0  MM
 24 HR TOTAL      0.0

DEGREE_DAYS
HEATING TOTAL     551               411     140      301
 SINCE 7/1        713               565     148      436
.................................................................

WIND (MPH)
AVERAGE WIND SPEED              7.0
HIGHEST WIND SPEED/DIRECTION    46/260    DATE  11/30
HIGHEST GUST SPEED/DIRECTION    55/250    DATE  11/30

SKY COVER
POSSIBLE SUNSHINE (PERCENT)   MM
AVERAGE SKY COVER           0.40
NUMBER OF DAYS FAIR           14
NUMBER OF DAYS PC              8
NUMBER OF DAYS CLOUDY          8

AVERAGE RH (PERCENT)     66

WEATHER CONDITIONS. NUMBER OF DAYS WITH
THUNDERSTORM              2     MIXED PRECIP                0
HEAVY RAIN                2     RAIN                        4
LIGHT RAIN               11     FREEZING RAIN               0
LT FREEZING RAIN          0     HAIL                        0
HEAVY SNOW                0     SNOW                        0
LIGHT SNOW                0     SLEET                       0
FOG                      12     FOG W/VIS <= 1/4 MILE       5
HAZE                      1

-  INDICATES NEGATIVE NUMBERS.
R  INDICATES RECORD WAS SET OR TIED.
MM INDICATES DATA IS MISSING.
T  INDICATES TRACE AMOUNT.

&&
-------------------------------------------------------------------
 YEARLY PRECIPITATION (INCHES):
 TOTAL.....................48.66
 DEPARTURE FROM NORMAL.....+6.49
$$
