000
CXUS54 KTSA 011216
CLMFSM

CLIMATE REPORT
NATIONAL WEATHER SERVICE TULSA OK
716 AM CDT FRI JUN 1 2018

...................................

...THE FORT SMITH ARKANSAS CLIMATE SUMMARY FOR THE MONTH OF MAY 2018...

CLIMATE NORMAL PERIOD 1981 TO 2010
CLIMATE RECORD PERIOD 1882 TO 2018

WEATHER         OBSERVED          NORMAL  DEPART  LAST YEAR`S
                 VALUE   DATE(S)  VALUE   FROM    VALUE  DATE(S)
                                          NORMAL
................................................................
TEMPERATURE (F)
RECORD
 HIGH              99   05/31/1934
 LOW               34   05/01/1903
HIGHEST            95   05/30        99      -4       92
                        05/28
LOWEST             55   05/05        34      21       45
AVG. MAXIMUM     87.9              80.5     7.4     82.1
AVG. MINIMUM     65.7              59.2     6.5     57.9
MEAN             76.8              69.9     6.9     70.0
DAYS MAX >= 90     13
DAYS MAX <= 32      0
DAYS MIN <= 32      0
DAYS MIN <= 0       0

PRECIPITATION (INCHES)
RECORD
 MAXIMUM        19.85   2015
 MINIMUM         0.38   1886
TOTALS           2.00              5.47   -3.47     6.45
DAILY AVG.       0.06              0.18   -0.12     0.21
DAYS >= .01         7              10.7    -3.7        9
DAYS >= .10         4               7.7    -3.7        7
DAYS >= .50         1               3.7    -2.7        5
DAYS >= 1.00        1               1.6    -0.6        2
GREATEST
 24 HR. TOTAL    1.10   05/03 TO 05/03

DEGREE_DAYS
COOLING TOTAL     371               178     193      182
 SINCE 1/1        391               244     147      318
.................................................................

WIND (MPH)
AVERAGE WIND SPEED              5.2
HIGHEST WIND SPEED/DIRECTION    38/340    DATE  05/30
HIGHEST GUST SPEED/DIRECTION    48/340    DATE  05/30

SKY COVER
POSSIBLE SUNSHINE (PERCENT)   MM
AVERAGE SKY COVER           0.20
NUMBER OF DAYS FAIR           25
NUMBER OF DAYS PC              5
NUMBER OF DAYS CLOUDY          1

AVERAGE RH (PERCENT)     70

WEATHER CONDITIONS. NUMBER OF DAYS WITH
THUNDERSTORM             12     MIXED PRECIP                0
HEAVY RAIN                5     RAIN                        4
LIGHT RAIN                9     FREEZING RAIN               0
LT FREEZING RAIN          0     HAIL                        0
HEAVY SNOW                0     SNOW                        0
LIGHT SNOW                0     SLEET                       0
FOG                      11     FOG W/VIS <= 1/4 MILE       3
HAZE                      0

-  INDICATES NEGATIVE NUMBERS.
R  INDICATES RECORD WAS SET OR TIED.
MM INDICATES DATA IS MISSING.
T  INDICATES TRACE AMOUNT.

&&
-------------------------------------------------------------------
 YEARLY PRECIPITATION (INCHES):
 TOTAL.....................17.96
 DEPARTURE FROM NORMAL.....-1.23
$$
