000
CXUS56 KSGX 111526
CLMFUL


CLIMATE REPORT
NATIONAL WEATHER SERVICE SAN DIEGO, CA
825 AM PDT WED JUL 11 2018

...................................

...THE FULLERTON AIRPORT CA CLIMATE SUMMARY FOR THE MONTH OF JUNE 2018...

CLIMATE NORMAL PERIOD 1981 TO 2010
CLIMATE RECORD PERIOD 1998 TO 2018

WEATHER         OBSERVED          NORMAL  DEPART  LAST YEAR`S
                 VALUE   DATE(S)  VALUE   FROM    VALUE  DATE(S)
                                          NORMAL
................................................................
TEMPERATURE (F)
RECORD
 HIGH             109   06/20/2016
 LOW               52   06/05/1999
HIGHEST            94   06/14        79      15       96  06/25
LOWEST             58   06/01        60      -2       57  06/13
                                                          06/12
AVG. MAXIMUM     80.5              78.4     2.1     81.3
AVG. MINIMUM     62.7              61.1     1.6     62.3
MEAN             71.6              69.7     1.9     71.8
DAYS MAX >= 90      1               1.4    -0.4        3
DAYS MAX <= 32      0               0.0     0.0        0
DAYS MIN <= 32      0               0.0     0.0        0

PRECIPITATION (INCHES)
RECORD
 MAXIMUM         1.23   1993
 MINIMUM         0.00   2014
                        2013
                        2012
TOTALS           0.00R             0.09   -0.09     0.01
DAILY AVG.       0.00              0.00    0.00     0.00
DAYS >= .01         0                MM      MM        1
DAYS >= .10         0                MM      MM        0
DAYS >= .50         0                MM      MM        0
DAYS >= 1.00        0                MM      MM        0
GREATEST
 24 HR. TOTAL    0.00   06/30 TO 06/30           06/11 TO 06/11
                        06/29 TO 06/29                    06/30 TO 06/30EATHER         OBSERVED          NORMAL  DEPART  LAST YEAR`S
                        06/28 TO 06/28                    06/30 TO 06/30EATHER         OBSERVED          NORMAL  DEPART  LAST YEAR`S
 STORM TOTAL       MM                                 MM
 (MM/DD(HH))            MM                    06/11(00) TO 06/11(00)
                                                 06/30(00) TO 06/30(00)0EATHER         OBSERVED          NORMAL  DEPART  LAST YEAR`S
                                                 06/30(00) TO 06/30(00)0EATHER         OBSERVED          NORMAL  DEPART  LAST YEAR`S

DEGREE_DAYS
HEATING TOTAL       0                 2      -2        0
 SINCE 7/1        635              1226    -591      795
COOLING TOTAL     203               145      58      212
 SINCE 1/1        364               268      96      451

FREEZE DATES
RECORD
 EARLIEST     MM
 LATEST       MM
EARLIEST      12/31             MM
LATEST        01/16             MM
.................................................................

WIND (MPH)
AVERAGE WIND SPEED              4.5
RESULTANT WIND SPEED/DIRECTION   3/185
HIGHEST WIND SPEED/DIRECTION    15/190    DATE  06/16
HIGHEST GUST SPEED/DIRECTION    23/200    DATE  06/16

SKY COVER
POSSIBLE SUNSHINE (PERCENT)   MM
AVERAGE SKY COVER           0.40
NUMBER OF DAYS FAIR           14
NUMBER OF DAYS PC             13
NUMBER OF DAYS CLOUDY          3

AVERAGE RH (PERCENT)     65

WEATHER CONDITIONS. NUMBER OF DAYS WITH
  0
  0
  0
  0
  0
  0
  0
HAZE                      6

-  INDICATES NEGATIVE NUMBERS.
R  INDICATES RECORD WAS SET OR TIED.
MM INDICATES DATA IS MISSING.
T  INDICATES TRACE AMOUNT.

$$
