000
CXUS51 KCAR 032315
CLMFVE


CLIMATE REPORT
NATIONAL WEATHER SERVICE CARIBOU, ME
714 PM EDT WED OCT 3 2018

...................................

...THE FRENCHVILLE ME CLIMATE SUMMARY FOR THE MONTH OF SEPTEMBER 2018...

CLIMATE NORMAL PERIOD 1981 TO 2010
CLIMATE RECORD PERIOD 9999 TO 9999

WEATHER         OBSERVED          NORMAL  DEPART  LAST YEAR`S
                 VALUE   DATE(S)  VALUE   FROM    VALUE  DATE(S)
                                          NORMAL
................................................................
TEMPERATURE (F)
RECORD
 HIGH              MM   MM
 LOW               MM   MM
HIGHEST            86   09/17        MM      MM       87  09/25
LOWEST             29   09/24        MM      MM       31  09/30
AVG. MAXIMUM     67.8              62.9     4.9     68.2
AVG. MINIMUM     47.7              44.3     3.4     48.3
MEAN             57.7              53.6     4.1     58.3
DAYS MAX >= 90      0               0.0     0.0        0
DAYS MAX <= 32      0               0.0     0.0        0
DAYS MIN <= 32      1               1.8    -0.8        1
DAYS MIN <= 0       0               0.0     0.0        0

PRECIPITATION (INCHES)
RECORD
 MAXIMUM           MM   MM
 MINIMUM           MM   MM
TOTALS           2.66              3.52   -0.86     3.53
DAILY AVG.       0.09              0.12   -0.03     0.12
DAYS >= .01        12                MM      MM       11
DAYS >= .10         6                MM      MM        6
DAYS >= .50         2                MM      MM        3
DAYS >= 1.00        0                MM      MM        1
GREATEST
 24 HR. TOTAL    0.70   09/26 TO 09/26           09/27 TO 09/27
                                                          09/27 TO 09/27EATHER         OBSERVED          NORMAL  DEPART  LAST YEAR`S
                                                          09/27 TO 09/27EATHER         OBSERVED          NORMAL  DEPART  LAST YEAR`S
 STORM TOTAL       MM                                 MM
 (MM/DD(HH))            MM                    09/27(00) TO 09/27(00)
                                                 09/27(00) TO 09/27(00)7EATHER         OBSERVED          NORMAL  DEPART  LAST YEAR`S
                                                 09/27(00) TO 09/27(00)7EATHER         OBSERVED          NORMAL  DEPART  LAST YEAR`S

SNOWFALL (INCHES)
RECORDS
 TOTAL             MM   MM
TOTALS             MM                MM      MM       MM
SINCE 7/1          MM                MM      MM       MM
SNOWDEPTH AVG.     MM                MM      MM       MM
DAYS >= 1.0         0                MM      MM        0
GREATEST
 SNOW DEPTH        MM                                 MM  MM
 24 HR TOTAL       MM                                 MM

DEGREE_DAYS
HEATING TOTAL     247               352    -105      211
 SINCE 7/1        281               544    -263      417
COOLING TOTAL      37                10      27       16
 SINCE 1/1        460               134     326      105
.................................................................

WIND (MPH)
AVERAGE WIND SPEED              8.0
HIGHEST WIND SPEED/DIRECTION    31/340    DATE  09/26
HIGHEST GUST SPEED/DIRECTION    47/300    DATE  09/22

SKY COVER
POSSIBLE SUNSHINE (PERCENT)   MM
AVERAGE SKY COVER           0.40
NUMBER OF DAYS FAIR           15
NUMBER OF DAYS PC              8
NUMBER OF DAYS CLOUDY          7

AVERAGE RH (PERCENT)     67

WEATHER CONDITIONS. NUMBER OF DAYS WITH
  0
  7
  0
  0
  0
  0
  6
HAZE                      9

-  INDICATES NEGATIVE NUMBERS.
R  INDICATES RECORD WAS SET OR TIED.
MM INDICATES DATA IS MISSING.
T  INDICATES TRACE AMOUNT.

$$
