000
CXUS51 KCAR 012318
CLMFVE


CLIMATE REPORT
NATIONAL WEATHER SERVICE CARIBOU, ME
717 PM EDT SUN APR 1 2018

...................................

...THE FRENCHVILLE ME CLIMATE SUMMARY FOR THE MONTH OF MARCH 2018...

CLIMATE NORMAL PERIOD 1981 TO 2010
CLIMATE RECORD PERIOD 9999 TO 9999

WEATHER         OBSERVED          NORMAL  DEPART  LAST YEAR`S
                 VALUE   DATE(S)  VALUE   FROM    VALUE  DATE(S)
                                          NORMAL
................................................................
TEMPERATURE (F)
RECORD
 HIGH              MM   MM
 LOW               MM   MM
HIGHEST            46   03/29        MM      MM       43  03/31
                        03/27                             03/20
LOWEST              0   03/18        MM      MM      -14  03/11
AVG. MAXIMUM     33.4              31.7     1.7     26.8
AVG. MINIMUM     20.5              15.0     5.5     10.7
MEAN             27.0              23.3     3.7     18.8
DAYS MAX >= 90      0               0.0     0.0        0
DAYS MAX <= 32     15              14.7     0.3       22
DAYS MIN <= 32     30              30.2    -0.2       31
DAYS MIN <= 0       1               2.8    -1.8        6

PRECIPITATION (INCHES)
RECORD
 MAXIMUM           MM   MM
 MINIMUM           MM   MM
TOTALS           0.95              1.48   -0.53     1.57
DAILY AVG.       0.03              0.05   -0.02     0.05
DAYS >= .01         9                MM      MM       10
DAYS >= .10         4                MM      MM        6
DAYS >= .50         0                MM      MM        1
DAYS >= 1.00        0                MM      MM        0
GREATEST
 24 HR. TOTAL    0.25   03/30 TO 03/30           03/01 TO 03/01
                                                          03/01 TO 03/01EATHER         OBSERVED          NORMAL  DEPART  LAST YEAR`S
                                                          03/01 TO 03/01EATHER         OBSERVED          NORMAL  DEPART  LAST YEAR`S
 STORM TOTAL       MM                                 MM
 (MM/DD(HH))            MM                    03/01(00) TO 03/01(00)
                                                 03/01(00) TO 03/01(00)1EATHER         OBSERVED          NORMAL  DEPART  LAST YEAR`S
                                                 03/01(00) TO 03/01(00)1EATHER         OBSERVED          NORMAL  DEPART  LAST YEAR`S

SNOWFALL (INCHES)
RECORDS
 TOTAL             MM   MM
TOTALS             MM                MM      MM       MM
SINCE 7/1          MM                MM      MM       MM
SNOWDEPTH AVG.     MM                MM      MM       MM
DAYS >= 1.0         0                MM      MM        0
GREATEST
 SNOW DEPTH        MM                                 MM  MM
 24 HR TOTAL       MM                                 MM

DEGREE_DAYS
HEATING TOTAL    1171              1291    -120     1426
 SINCE 7/1       7964              8291    -327     7610
COOLING TOTAL       0                 0       0        0
 SINCE 1/1          0                 0       0        0
.................................................................

WIND (MPH)
AVERAGE WIND SPEED              11.7
HIGHEST WIND SPEED/DIRECTION    31/030    DATE  03/14
HIGHEST GUST SPEED/DIRECTION    47/050    DATE  03/14

SKY COVER
POSSIBLE SUNSHINE (PERCENT)   MM
AVERAGE SKY COVER           0.70
NUMBER OF DAYS FAIR            8
NUMBER OF DAYS PC              6
NUMBER OF DAYS CLOUDY         17

AVERAGE RH (PERCENT)     68

WEATHER CONDITIONS. NUMBER OF DAYS WITH
  0
  0
  0
  0
  5
  0
  4
HAZE                      7

-  INDICATES NEGATIVE NUMBERS.
R  INDICATES RECORD WAS SET OR TIED.
MM INDICATES DATA IS MISSING.
T  INDICATES TRACE AMOUNT.

$$
