662
CXUS51 KCAR 021754
CLMFVE


CLIMATE REPORT
NATIONAL WEATHER SERVICE CARIBOU, ME
143 PM EDT MON JUL 2 2018

...................................

...THE FRENCHVILLE ME CLIMATE SUMMARY FOR THE MONTH OF JUNE 2018...

CLIMATE NORMAL PERIOD 1981 TO 2010
CLIMATE RECORD PERIOD 9999 TO 9999

WEATHER         OBSERVED          NORMAL  DEPART  LAST YEAR`S
                 VALUE   DATE(S)  VALUE   FROM    VALUE  DATE(S)
                                          NORMAL
................................................................
TEMPERATURE (F)
RECORD
 HIGH              MM   MM
 LOW               MM   MM
HIGHEST            86   06/27        MM      MM       87  06/11
LOWEST             35   06/11        MM      MM       40  06/06
                                                          06/03
AVG. MAXIMUM     69.3              69.2     0.1     68.5
AVG. MINIMUM     48.7              49.3    -0.6     49.1
MEAN             59.0              59.3    -0.3     58.8
DAYS MAX >= 90      0               0.1    -0.1        0
DAYS MAX <= 32      0               0.0     0.0        0
DAYS MIN <= 32      0               0.0     0.0        0
DAYS MIN <= 0       0               0.0     0.0        0

PRECIPITATION (INCHES)
RECORD
 MAXIMUM           MM   MM
 MINIMUM           MM   MM
TOTALS           2.01              3.85   -1.84     5.84
DAILY AVG.       0.07              0.13   -0.06     0.19
DAYS >= .01        12                MM      MM       15
DAYS >= .10         8                MM      MM       10
DAYS >= .50         1                MM      MM        2
DAYS >= 1.00        0                MM      MM        1
GREATEST
 24 HR. TOTAL    0.52   06/14 TO 06/14           06/19 TO 06/19
                                                          06/19 TO 06/19EATHER         OBSERVED          NORMAL  DEPART  LAST YEAR`S
                                                          06/19 TO 06/19EATHER         OBSERVED          NORMAL  DEPART  LAST YEAR`S
 STORM TOTAL       MM                                 MM
 (MM/DD(HH))            MM                    06/19(00) TO 06/19(00)
                                                 06/19(00) TO 06/19(00)9EATHER         OBSERVED          NORMAL  DEPART  LAST YEAR`S
                                                 06/19(00) TO 06/19(00)9EATHER         OBSERVED          NORMAL  DEPART  LAST YEAR`S

SNOWFALL (INCHES)
RECORDS
 TOTAL             MM   MM
TOTALS             MM                MM      MM       MM
SINCE 7/1          MM                MM      MM       MM
SNOWDEPTH AVG.     MM                MM      MM       MM
DAYS >= 1.0         0                MM      MM        0
GREATEST
 SNOW DEPTH        MM                                 MM  MM
 24 HR TOTAL       MM                                 MM

DEGREE_DAYS
HEATING TOTAL     202               197       5      201
 SINCE 7/1       9432              9784    -352     9029
COOLING TOTAL      30                24       6       23
 SINCE 1/1         35                28       7       28
.................................................................

WIND (MPH)
AVERAGE WIND SPEED              9.4
HIGHEST WIND SPEED/DIRECTION    32/320    DATE  06/19
HIGHEST GUST SPEED/DIRECTION    43/250    DATE  06/12

SKY COVER
POSSIBLE SUNSHINE (PERCENT)   MM
AVERAGE SKY COVER           0.40
NUMBER OF DAYS FAIR           11
NUMBER OF DAYS PC             15
NUMBER OF DAYS CLOUDY          4

AVERAGE RH (PERCENT)     59

WEATHER CONDITIONS. NUMBER OF DAYS WITH
  0
  5
  0
  0
  0
  0
  6
HAZE                      3

-  INDICATES NEGATIVE NUMBERS.
R  INDICATES RECORD WAS SET OR TIED.
MM INDICATES DATA IS MISSING.
T  INDICATES TRACE AMOUNT.

$$
