000
CXUS53 KIWX 012056
CLMFWA

CLIMATE REPORT
NATIONAL WEATHER SERVICE NORTHERN INDIANA
448 PM EDT WED AUG 1 2018

...................................

...THE FORT WAYNE CLIMATE SUMMARY FOR THE MONTH OF JULY 2018...

CLIMATE NORMAL PERIOD 1981 TO 2010
CLIMATE RECORD PERIOD 1897 TO 2018

WEATHER         OBSERVED          NORMAL  DEPART  LAST YEAR`S
                 VALUE   DATE(S)  VALUE   FROM    VALUE  DATE(S)
                                          NORMAL
................................................................
TEMPERATURE (F)
RECORD
 HIGH             106   07/14/1936
                        07/22/1934
 LOW               38   07/02/1904
HIGHEST            93   07/04        MM      MM       90  07/18
LOWEST             54   07/07        MM      MM       52  07/09
AVG. MAXIMUM     83.9              84.4    -0.5     83.2
AVG. MINIMUM     64.3              62.7     1.6     63.8
MEAN             74.1              73.6     0.5
DAYS MAX >= 90      6               5.4     0.6        1
DAYS MAX <= 32      0               0.0     0.0        0
DAYS MIN <= 32      0               0.0     0.0        0
DAYS MIN <= 0       0               0.0     0.0        0

PRECIPITATION (INCHES)
RECORD
 MAXIMUM        11.00   1986
 MINIMUM         0.41   1974
TOTALS           3.05              4.24   -1.19     4.36
DAILY AVG.       0.10              0.14   -0.04     0.14
DAYS >= .01         9               9.8    -0.8        9
DAYS >= .10         6               6.8    -0.8        5
DAYS >= .50         3               2.7     0.3        3
DAYS >= 1.00        0               1.3    -1.3        2
GREATEST
 24 HR. TOTAL    0.90   07/20 TO 07/20

SNOWFALL (INCHES)
RECORDS
 TOTAL              T   2014
TOTALS            0.0               0.0     0.0      0.0
SINCE 7/1         0.0               0.0     0.0      0.0
SNOWDEPTH AVG.      0                MM      MM        0
DAYS >= 1.0         0               0.0     0.0        0
GREATEST
 SNOW DEPTH         0   MM                             0
 24 HR TOTAL      0.0   07/31 TO 07/31

DEGREE_DAYS
HEATING TOTAL       0                 3      -3        0
 SINCE 7/1          0                 3      -3        0
COOLING TOTAL     291               267      24      273
 SINCE 1/1        688               506     182      552
.................................................................

WIND (MPH)
AVERAGE WIND SPEED              6.2
HIGHEST WIND SPEED/DIRECTION    24/170    DATE  07/20
HIGHEST GUST SPEED/DIRECTION    33/140    DATE  07/20

SKY COVER
POSSIBLE SUNSHINE (PERCENT)   MM
AVERAGE SKY COVER           0.50
NUMBER OF DAYS FAIR            9
NUMBER OF DAYS PC             14
NUMBER OF DAYS CLOUDY          8

AVERAGE RH (PERCENT)     76


-  INDICATES NEGATIVE NUMBERS.
R  INDICATES RECORD WAS SET OR TIED.
MM INDICATES DATA IS MISSING.
T  INDICATES TRACE AMOUNT.

&&

...NEAR NORMAL TEMPERATURES AND BELOW NORMAL PRECIPITATION FOR
JULY...

JULY EXPERIENCED A VARIETY OF WEATHER RANGING FROM HOT, HUMID AND
DRY TO COOL AND WET AT TIMES. WHILE PRECIPITATION AT FORT WAYNE
INTERNATIONAL AIRPORT WAS BELOW NORMAL FOR THE MONTH, OTHER PARTS OF
THE REGION EXPERIENCED ABOVE NORMAL RAINFALL, PRIMARILY FROM AN
UNUSUALLY STRONG AND SLOW MOVING LOW PRESSURE SYSTEM THAT BROUGHT
BELOW NORMAL TEMPERATURES AND SEVERAL DAYS OF RAINFALL DURING THE
LATTER PORTION OF THE MONTH.

THE AVERAGE MONTHLY TEMPERATURE WAS 74.1, JUST 0.5 DEGREES ABOVE
NORMAL. THIS RANKED AS THE 45TH WARMEST JULY ON RECORD, TIED WITH
1954 AND 1973. THERE WERE 6 DAYS WITH A HIGH TEMPERATURE OF 90
DEGREES OR WARMER, ALL OCCURRING DURING THE FIRST 10 DAYS OF THE
MONTH. THE HIGHEST TEMPERATURE WAS 93 ON THE 4TH. THE AVERAGE
TEMPERATURE FROM JULY 16TH TO THE 31ST WAS JUST 71.2 DEGREES. THIS
WAS THE 21ST COOLEST LATTER HALF OF JULY ON RECORD.

PRECIPITATION FOR THE MONTH WAS 3.05 INCHES, 1.19 INCHES BELOW
NORMAL. THIS RANKED AS THE 51ST DRIEST JULY ON RECORD. MEASUREABLE
PRECIPITATION FELL ON 9 DAYS AND NEARLY HALF OF THE TOTAL MONTHLY
PRECIPITATION FELL ON JUST 2 DAYS FROM THE 20TH TO 21ST.

$$
LASHLEY
