000
CXUS53 KIWX 011131
CLMFWA

CLIMATE REPORT
NATIONAL WEATHER SERVICE NORTHERN INDIANA
547 AM EST TUE JAN 1 2019

...................................

...THE FORT WAYNE CLIMATE SUMMARY FOR THE MONTH OF DECEMBER 2018...

CLIMATE NORMAL PERIOD 1981 TO 2010
CLIMATE RECORD PERIOD 1897 TO 2018

WEATHER         OBSERVED          NORMAL  DEPART  LAST YEAR`S
                 VALUE   DATE(S)  VALUE   FROM    VALUE  DATE(S)
                                          NORMAL
................................................................
TEMPERATURE (F)
RECORD
 HIGH              71   12/02/1982
 LOW              -18   12/22/1989
HIGHEST            59   12/31        MM      MM       61  12/04
                        12/02
LOWEST             16   12/09        MM      MM       -7  12/27
AVG. MAXIMUM     42.6              36.2     6.4     35.3
AVG. MINIMUM     29.0              22.1     6.9     18.8
MEAN             35.8              29.1     6.7
DAYS MAX >= 90      0               0.0     0.0        0
DAYS MAX <= 32      3              10.8    -7.8       12
DAYS MIN <= 32     20              25.6    -5.6       27
DAYS MIN <= 0       0               1.5    -1.5        5

PRECIPITATION (INCHES)
RECORD
 MAXIMUM         7.56   1990
 MINIMUM         0.34   1943
TOTALS           2.94              2.77    0.17     1.01
DAILY AVG.       0.09              0.09    0.00     0.03
DAYS >= .01        12              13.0    -1.0       12
DAYS >= .10         6               6.5    -0.5        3
DAYS >= .50         2               1.7     0.3        0
DAYS >= 1.00        1               0.3     0.7        0
GREATEST
 24 HR. TOTAL    1.26   12/31 TO 12/31

SNOWFALL (INCHES)
RECORDS
 TOTAL           23.0   1914
TOTALS            0.1               8.5    -8.4     11.4
SINCE 7/1         2.2              10.6    -8.4     11.4
SNOWDEPTH AVG.      0                 3      -3        1
DAYS >= 1.0         0               2.3    -2.3        5
GREATEST
 SNOW DEPTH         T   12/05                          5
 24 HR TOTAL      0.1   12/05 TO 12/05

DEGREE_DAYS
HEATING TOTAL     899              1111    -212     1169
 SINCE 7/1       2186              2328    -142     2222
COOLING TOTAL       0                 0       0        0
 SINCE 1/1       1218               809     409      836
.................................................................

WIND (MPH)
AVERAGE WIND SPEED              9.2
HIGHEST WIND SPEED/DIRECTION    37/260    DATE  12/31
HIGHEST GUST SPEED/DIRECTION    51/240    DATE  12/31

SKY COVER
POSSIBLE SUNSHINE (PERCENT)   MM
AVERAGE SKY COVER           0.70
NUMBER OF DAYS FAIR            4
NUMBER OF DAYS PC              8
NUMBER OF DAYS CLOUDY         19

AVERAGE RH (PERCENT)     81



-  INDICATES NEGATIVE NUMBERS.
R  INDICATES RECORD WAS SET OR TIED.
MM INDICATES DATA IS MISSING.
T  INDICATES TRACE AMOUNT.

&&

...A MILD START TO METEOROLOGICAL WINTER...

AFTER A COLD NOVEMBER WITH ABOVE NORMAL SNOWFALL, THE FIRST MONTH OF
THE METEOROLOGICAL WINTER SEASON WAS MILD WITH NEAR NORMAL
PRECIPITATION AND BELOW NORMAL SNOWFALL. DECEMBER PRECIPITATION WAS
ACTUALLY AN INCH BELOW NORMAL ON THE 30TH, BUT MODERATE TO LOCALLY
HEAVY RAINFALL OF OVER AN INCH ON THE LAST DAY OF THE MONTH AND YEAR
BROUGHT THE MONTHLY PRECIPITATION TOTAL BACK UP TO SLIGHTLY ABOVE
NORMAL.

IT WAS A RATHER UNEVENTFUL FIRST MONTH OF WINTER WITH MILD
TEMPERATURES AND LITTLE IN THE WAY OF SNOW. DECEMBER BEGAN MILD AND
WET WITH JUST OVER THREE QUARTERS OF AN INCH OF RAINFALL ON THE
FIRST TWO DAYS AND HIGH TEMPERATURES IN THE 50S, REACHING 59 ON THE
2ND. THE COLDEST PERIOD OF THE MONTH AND THE ONLY DAYS WITH AN
AVERAGE TEMPERATURE BELOW NORMAL OCCURRED FROM THE 4TH THROUGH THE
10TH. THE ONLY MEASURABLE SNOW OF THE MONTH, 0.1 INCHES, FELL DURING
THIS PERIOD ON DECEMBER 5TH. THE REMAINDER OF DECEMBER WAS MILD AND
RELATIVELY DRY UNTIL THE 31ST.

THE AVERAGE MONTHLY TEMPERATURE WAS 35.8, 6.7 DEGREES ABOVE NORMAL.
THIS RANKED AS THE 12TH WARMEST DECEMBER ON RECORD, TIED WITH 1994.
THIS MONTHLY AVERAGE TEMPERATURE WAS JUST OVER A DEGREE COLDER THAN
THE NOVEMBER AVERAGE TEMPERATURE. NORMALLY THE DECEMBER MONTHLY
AVERAGE TEMPERATURE IS ABOUT 12 DEGREES COLDER THAN NOVEMBER. THE
WARMEST TEMPERATURE WAS 59 ON THE 2ND AND 31ST WHILE THE COLDEST WAS
16 ON THE 9TH.

MONTHLY PRECIPITATION WAS 2.94 INCHES, 0.17 INCHES ABOVE NORMAL.
THIS RANKED AS THE 35TH WETTEST MONTH ON RECORD. MOST OF THIS
PRECIPITATION FELL ON THE FIRST TWO DAYS AND LAST DAY OF THE MONTH.
A TOTAL OF 1.26 INCHES FELL ON THE 31ST, WHICH WAS A RECORD FOR THAT
DATE. THERE WERE 12 DAYS WITH MEASURABLE PRECIPITATION.

SNOWFALL FOR THE MONTH WAS WELL BELOW NORMAL WITH JUST 0.1 INCHES
FALLING. THIS WAS 8.4 INCHES BELOW NORMAL AND RANKED AS THE 2ND
LEAST SNOWIEST DECEMBER ON RECORD, BEHIND 1931 WHICH ONLY RECORDED A
TRACE OF SNOWFALL.

$$
LASHLEY
