000
CXUS54 KTSA 011132
CLMFYV

CLIMATE REPORT
NATIONAL WEATHER SERVICE TULSA OK
632 AM CDT SAT SEP 1 2018

...................................

...THE FAYETTEVILLE ARKANSAS CLIMATE SUMMARY FOR THE MONTH OF AUGUST 2018...

CLIMATE NORMAL PERIOD 1981 TO 2010
CLIMATE RECORD PERIOD 1905 TO 2018

WEATHER         OBSERVED          NORMAL  DEPART  LAST YEAR`S
                 VALUE   DATE(S)  VALUE   FROM    VALUE  DATE(S)
                                          NORMAL
................................................................
TEMPERATURE (F)
RECORD
 HIGH             110   08/03/2011
 LOW               45   08/22/1956
HIGHEST            93   08/06       109     -16       92  08/19
LOWEST             56   08/01        44      12       54  08/25
AVG. MAXIMUM     86.4              89.1    -2.7     83.2
AVG. MINIMUM     66.0              65.1     0.9     63.6
MEAN             76.2              77.1    -0.9     73.4
DAYS MAX >= 90      6              15.0    -9.0        2
DAYS MAX <= 32      0               0.0     0.0        0
DAYS MIN <= 32      0               0.0     0.0        0
DAYS MIN <= 0       0               0.0     0.0        0

PRECIPITATION (INCHES)
RECORD
 MAXIMUM         9.12   1964
 MINIMUM         0.02   2010
TOTALS           6.18              3.24    2.94     5.66
DAILY AVG.       0.20              0.10    0.10     0.18
DAYS >= .01        11               7.8     3.2       15
DAYS >= .10         8               4.5     3.5       11
DAYS >= .50         3               2.2     0.8        3
DAYS >= 1.00        3               1.2     1.8        2
GREATEST
 24 HR. TOTAL    1.76   08/19 TO 08/19           08/13 TO 08/13

DEGREE_DAYS
HEATING TOTAL       0                 1      -1        0
 SINCE 7/1          0                 1      -1        0
COOLING TOTAL     354               376     -22      269
 SINCE 1/1       1371              1125     246     1012
.................................................................

WIND (MPH)
AVERAGE WIND SPEED              5.2
HIGHEST WIND SPEED/DIRECTION    29/180    DATE  08/16
HIGHEST GUST SPEED/DIRECTION    38/170    DATE  08/11

SKY COVER
POSSIBLE SUNSHINE (PERCENT)   MM
AVERAGE SKY COVER           0.30
NUMBER OF DAYS FAIR           21
NUMBER OF DAYS PC              9
NUMBER OF DAYS CLOUDY          1

AVERAGE RH (PERCENT)     77

WEATHER CONDITIONS. NUMBER OF DAYS WITH
THUNDERSTORM             10     MIXED PRECIP                0
HEAVY RAIN                6     RAIN                        6
LIGHT RAIN               13     FREEZING RAIN               0
LT FREEZING RAIN          0     HAIL                        0
HEAVY SNOW                0     SNOW                        0
LIGHT SNOW                0     SLEET                       0
FOG                      18     FOG W/VIS <= 1/4 MILE       5
HAZE                      1

-  INDICATES NEGATIVE NUMBERS.
R  INDICATES RECORD WAS SET OR TIED.
MM INDICATES DATA IS MISSING.
T  INDICATES TRACE AMOUNT.

&&
-------------------------------------------------------------------
 YEARLY PRECIPITATION (INCHES):
 TOTAL.....................34.95
 DEPARTURE FROM NORMAL.....+3.06
$$
