913
CXUS54 KTSA 011247
CLMFYV

CLIMATE REPORT
NATIONAL WEATHER SERVICE TULSA OK
647 AM CST SAT DEC 1 2018

...................................

...THE FAYETTEVILLE ARKANSAS CLIMATE SUMMARY FOR THE MONTH OF NOVEMBER 2018...

CLIMATE NORMAL PERIOD 1981 TO 2010
CLIMATE RECORD PERIOD 1905 TO 2018

WEATHER         OBSERVED          NORMAL  DEPART  LAST YEAR`S
                 VALUE   DATE(S)  VALUE   FROM    VALUE  DATE(S)
                                          NORMAL
................................................................
TEMPERATURE (F)
RECORD
 HIGH              83   11/02/2017
                        11/09/2006
 LOW                4   11/29/1976
HIGHEST            71   11/24        84     -13       83  11/02
LOWEST             15   11/13         4      11       25  11/26
                                                          11/23
                                                          11/20
AVG. MAXIMUM     54.0              58.8    -4.8     64.4
AVG. MINIMUM     28.6              36.1    -7.5     38.2
MEAN             41.3              47.4    -6.1     51.3
DAYS MAX >= 90      0               0.0     0.0        0
DAYS MAX <= 32      0               0.1    -0.1        0
DAYS MIN <= 32     16              12.0     4.0       12
DAYS MIN <= 0       0               0.0     0.0        0

PRECIPITATION (INCHES)
RECORD
 MAXIMUM         9.65   1996
 MINIMUM         0.35   2007
TOTALS           2.72              4.23   -1.51     1.11
DAILY AVG.       0.09              0.14   -0.05     0.04
DAYS >= .01        11               8.5     2.5        7
DAYS >= .10         4               5.7    -1.7        2
DAYS >= .50         2               2.7    -0.7        1
DAYS >= 1.00        1               1.5    -0.5        0
GREATEST
 24 HR. TOTAL    1.31   11/30 TO 11/30
                                                                                       OBSERVED          NORMAL  DEPART  LAST YEAR`S
                                                                                       OBSERVED          NORMAL  DEPART  LAST YEAR`S

SNOWFALL (INCHES)
RECORDS
 TOTAL            7.0   1976
TOTALS            0.3               0.2     0.1      0.0
SINCE 7/1         0.3               0.2     0.1      0.0
SNOWDEPTH AVG.      0                MM      MM        0
DAYS >= TRACE       1               0.2     0.8        0
DAYS >= 1.0         0               0.1    -0.1        0
GREATEST
 SNOW DEPTH         0   MM                             0  MM
 24 HR TOTAL      0.3   11/12 TO 11/12
                                                                                       OBSERVED          NORMAL  DEPART  LAST YEAR`S
                                                                                       OBSERVED          NORMAL  DEPART  LAST YEAR`S

DEGREE_DAYS
HEATING TOTAL     705               529     176      421
 SINCE 7/1        987               829     158      700
COOLING TOTAL       0                 2      -2       14
 SINCE 1/1       1692              1308     384     1245
.................................................................

WIND (MPH)
AVERAGE WIND SPEED              6.2
HIGHEST WIND SPEED/DIRECTION    33/240    DATE  11/30
HIGHEST GUST SPEED/DIRECTION    55/240    DATE  11/30

SKY COVER
POSSIBLE SUNSHINE (PERCENT)   MM
AVERAGE SKY COVER           0.40
NUMBER OF DAYS FAIR           15
NUMBER OF DAYS PC              9
NUMBER OF DAYS CLOUDY          6

AVERAGE RH (PERCENT)     70

WEATHER CONDITIONS. NUMBER OF DAYS WITH
THUNDERSTORM              1     MIXED PRECIP                0
HEAVY RAIN                3     RAIN                        4
LIGHT RAIN               10     FREEZING RAIN               0
LT FREEZING RAIN          0     HAIL                        0
HEAVY SNOW                0     SNOW                        0
LIGHT SNOW                1     SLEET                       0
FOG                      14     FOG W/VIS <= 1/4 MILE       3
HAZE                      1

-  INDICATES NEGATIVE NUMBERS.
R  INDICATES RECORD WAS SET OR TIED.
MM INDICATES DATA IS MISSING.
T  INDICATES TRACE AMOUNT.

&&
-------------------------------------------------------------------
 YEARLY PRECIPITATION (INCHES):
 TOTAL.....................42.97
 DEPARTURE FROM NORMAL.....-2.30
$$
