000
CXUS53 KUNR 011611
CLMGCC


CLIMATE REPORT
NATIONAL WEATHER SERVICE RAPID CITY SD
1010 AM MDT FRI JUN 1 2018

...................................

...THE GILLETTE AIRPORT WY CLIMATE SUMMARY FOR THE MONTH OF MAY 2018...

CLIMATE NORMAL PERIOD 1981 TO 2010
CLIMATE RECORD PERIOD 9999 TO 9999

WEATHER         OBSERVED          NORMAL  DEPART  LAST YEAR`S
                 VALUE   DATE(S)  VALUE   FROM    VALUE  DATE(S)
                                          NORMAL
................................................................
TEMPERATURE (F)
HIGHEST            92   05/26                         85  05/06
LOWEST             29   05/02                         31  05/02
AVG. MAXIMUM     71.4              65.8     5.6     66.0
AVG. MINIMUM     43.9              39.8     4.1     39.9
MEAN             57.6              52.8     4.8     53.0
DAYS MAX >= 90      1                                  0
DAYS MAX <= 32      0                                  0
DAYS MIN <= 32      3                                  3
DAYS MIN <= 0       0                                  0

PRECIPITATION (INCHES)
TOTALS           1.94              2.45   -0.51     1.25
DAILY AVG.       0.06              0.08   -0.02     0.04
DAYS >= .01        12                                  9
DAYS >= .10         7                                  6
DAYS >= .50         1                                  0
DAYS >= 1.00        0                                  0
GREATEST
 24 HR. TOTAL    0.82   05/28 TO 05/28              0.35

DEGREE_DAYS
HEATING TOTAL     238               386    -148      372
 SINCE 7/1       7332              7402     -70     6482
COOLING TOTAL      17                 8       9        4
 SINCE 1/1         17                 8       9        4
.................................................................

WIND (MPH)
AVERAGE WIND SPEED              9.2
HIGHEST WIND SPEED/DIRECTION    54/240    DATE  05/17
HIGHEST GUST SPEED/DIRECTION    66/230    DATE  05/17

AVERAGE RH (PERCENT)     67

WEATHER CONDITIONS. NUMBER OF DAYS WITH
THUNDERSTORM             11     MIXED PRECIP               0
HEAVY RAIN                3     RAIN                       7
LIGHT RAIN               14     FREEZING RAIN              0
LT FREEZING RAIN          0     HAIL                       0
HEAVY SNOW                0     SNOW                       0
LIGHT SNOW                0     SLEET                      0
FOG                      12     FOG W/VIS <= 1/4 MILE      0
HAZE                      4

-  INDICATES NEGATIVE NUMBERS.
R  INDICATES RECORD WAS SET OR TIED.
MM INDICATES DATA IS MISSING.
T  INDICATES TRACE AMOUNT.

$$
