000
CXUS53 KUNR 011603
CLMGCC


CLIMATE REPORT
NATIONAL WEATHER SERVICE RAPID CITY SD
902 AM MST SAT DEC 1 2018

...................................

...THE GILLETTE AIRPORT WY CLIMATE SUMMARY FOR THE MONTH OF NOVEMBER 2018...

CLIMATE NORMAL PERIOD 1981 TO 2010
CLIMATE RECORD PERIOD 9999 TO 9999

WEATHER         OBSERVED          NORMAL  DEPART  LAST YEAR`S
                 VALUE   DATE(S)  VALUE   FROM    VALUE  DATE(S)
                                          NORMAL
................................................................
TEMPERATURE (F)
HIGHEST            64   11/14                         66  11/26
                                                          11/22
                                                          11/16
LOWEST             -7   11/09                          7  11/07
AVG. MAXIMUM     42.9              44.6    -1.7     48.2
AVG. MINIMUM     21.8              21.0     0.8     25.0
MEAN             32.4              32.8    -0.4     36.6
DAYS MAX >= 90      0                                  0
DAYS MAX <= 32      4                                  2
DAYS MIN <= 32     30                                 25
DAYS MIN <= 0       1                                  0

PRECIPITATION (INCHES)
TOTALS           0.69              0.55    0.14     0.49
DAILY AVG.       0.02              0.02    0.00     0.02
DAYS >= .01        12                                  6
DAYS >= .10         3                                  1
DAYS >= .50         0                                  0
DAYS >= 1.00        0                                  0
GREATEST
 24 HR. TOTAL    0.20   11/30 TO 11/30              0.28

DEGREE_DAYS
HEATING TOTAL     971               966       5      845
 SINCE 7/1       1896              1875      21     1771
COOLING TOTAL       0                 0       0        0
 SINCE 1/1        494               502      -8      617
.................................................................

WIND (MPH)
AVERAGE WIND SPEED              10.6
HIGHEST WIND SPEED/DIRECTION    39/220    DATE  11/22
HIGHEST GUST SPEED/DIRECTION    51/220    DATE  11/22

AVERAGE RH (PERCENT)     69

WEATHER CONDITIONS. NUMBER OF DAYS WITH
THUNDERSTORM              0     MIXED PRECIP               0
HEAVY RAIN                0     RAIN                       0
LIGHT RAIN                7     FREEZING RAIN              0
LT FREEZING RAIN          0     HAIL                       0
HEAVY SNOW                0     SNOW                       2
LIGHT SNOW               12     SLEET                      0
FOG                      17     FOG W/VIS <= 1/4 MILE      0
HAZE                      3

-  INDICATES NEGATIVE NUMBERS.
R  INDICATES RECORD WAS SET OR TIED.
MM INDICATES DATA IS MISSING.
T  INDICATES TRACE AMOUNT.

$$
