000
CXUS53 KDDC 041644
CLMGCK


CLIMATE REPORT
NATIONAL WEATHER SERVICE DODGE CITY KS
1132 AM CDT TUE SEP 4 2018

...................................

...THE GARDEN CITY REGIONAL ARPT KS CLIMATE SUMMARY FOR THE MONTH OF AUGUST 2018...

CLIMATE NORMAL PERIOD 1981 TO 2010
CLIMATE RECORD PERIOD 1948 TO 2018

WEATHER         OBSERVED          NORMAL  DEPART  LAST YEAR`S
                 VALUE   DATE(S)  VALUE   FROM    VALUE  DATE(S)
                                          NORMAL
................................................................
TEMPERATURE (F)
RECORD
 HIGH             109   08/10/1964
 LOW               46   08/28/1976
                        08/20/1950
HIGHEST           100   08/31        MM      MM       95  08/19
LOWEST             53   08/21        MM      MM       52  08/29
AVG. MAXIMUM     87.6              89.7    -2.1     85.6
AVG. MINIMUM     61.5              63.7    -2.2     60.8
MEAN             74.6              76.7    -2.1     73.2
DAYS MAX >= 90     14              16.7    -2.7        5
DAYS MAX <= 32      0               0.0     0.0        0
DAYS MIN <= 32      0               0.0     0.0        0
DAYS MIN <= 0       0               0.0     0.0        0

PRECIPITATION (INCHES)
RECORD
 MAXIMUM         6.91   1979
 MINIMUM         0.10   1984
TOTALS           2.20              2.45   -0.25     2.49
DAYS >= .01         6               7.7    -1.7        6
DAYS >= .10         4               4.8    -0.8        4
DAYS >= .50         1               1.7    -0.7        2
DAYS >= 1.00        1               0.5     0.5        1
GREATEST
 24 HR. TOTAL    1.45   08/18 TO 08/19

DEGREE_DAYS
HEATING TOTAL       2                 3      -1        0
 SINCE 7/1          2                 4      -2        0
COOLING TOTAL     306               365     -59      263
 SINCE 1/1       1275              1116     159     1147
.................................................................

WIND (MPH)
AVERAGE WIND SPEED              10.7
HIGHEST WIND SPEED/DIRECTION    36/200    DATE  08/06
HIGHEST GUST SPEED/DIRECTION    50/270    DATE  08/03

SKY COVER
POSSIBLE SUNSHINE (PERCENT)   MM
AVERAGE SKY COVER           0.20
NUMBER OF DAYS FAIR           26
NUMBER OF DAYS PC              4
NUMBER OF DAYS CLOUDY          1


WEATHER CONDITIONS. NUMBER OF DAYS WITH
THUNDERSTORM             11     MIXED PRECIP                0
HEAVY RAIN                3     RAIN                        4
LIGHT RAIN                8     FREEZING RAIN               0
LT FREEZING RAIN          0     HAIL                        0
HEAVY SNOW                0     SNOW                        0
LIGHT SNOW                0     SLEET                       0
FOG                      14     FOG W/VIS <= 1/4 MILE       1
HAZE                      7

-  INDICATES NEGATIVE NUMBERS.
R  INDICATES RECORD WAS SET OR TIED.
MM INDICATES DATA IS MISSING.
T  INDICATES TRACE AMOUNT.

$$
