000
CXUS53 KDDC 011552
CLMGCK


CLIMATE REPORT
NATIONAL WEATHER SERVICE DODGE CITY KS
1025 AM CDT FRI JUN 1 2018

...................................

...THE GARDEN CITY REGIONAL ARPT KS CLIMATE SUMMARY FOR THE MONTH OF MAY 2018...

CLIMATE NORMAL PERIOD 1981 TO 2010
CLIMATE RECORD PERIOD 1948 TO 2018

WEATHER         OBSERVED          NORMAL  DEPART  LAST YEAR`S
                 VALUE   DATE(S)  VALUE   FROM    VALUE  DATE(S)
                                          NORMAL
................................................................
TEMPERATURE (F)
RECORD
 HIGH             106   05/26/1953
 LOW               25   05/13/1966
HIGHEST            98   05/28        MM      MM       92  05/15
LOWEST             42   05/04        MM      MM       35  05/24
AVG. MAXIMUM     84.6              76.5     8.1     76.4
AVG. MINIMUM     54.9              50.1     4.8     47.0
MEAN             69.8              63.3     6.5     61.7
DAYS MAX >= 90      8               2.9     5.1        3
DAYS MAX <= 32      0               0.0     0.0        0
DAYS MIN <= 32      0               0.2    -0.2        0
DAYS MIN <= 0       0               0.0     0.0        0

PRECIPITATION (INCHES)
RECORD
 MAXIMUM         7.96   1990
 MINIMUM         0.14   2012
TOTALS           2.59              2.88   -0.29     1.08
DAYS >= .01         7               9.2    -2.2       11
DAYS >= .10         5               5.0     0.0        3
DAYS >= .50         2               2.0     0.0        0
DAYS >= 1.00        0               0.8    -0.8        0
GREATEST
 24 HR. TOTAL    1.26   05/28 TO 05/29           05/02 TO 05/02

DEGREE_DAYS
HEATING TOTAL      23               129    -106      144
 SINCE 7/1       4989              5191    -202     4431
COOLING TOTAL     177                77     100       53
 SINCE 1/1        189                89     100       90
.................................................................

WIND (MPH)
AVERAGE WIND SPEED              12.3
HIGHEST WIND SPEED/DIRECTION    52/220    DATE  05/28
HIGHEST GUST SPEED/DIRECTION    73/230    DATE  05/28

SKY COVER
POSSIBLE SUNSHINE (PERCENT)   MM
AVERAGE SKY COVER           0.20
NUMBER OF DAYS FAIR           23
NUMBER OF DAYS PC              8
NUMBER OF DAYS CLOUDY          0


WEATHER CONDITIONS. NUMBER OF DAYS WITH
THUNDERSTORM              9     MIXED PRECIP                0
HEAVY RAIN                4     RAIN                        4
LIGHT RAIN                7     FREEZING RAIN               0
LT FREEZING RAIN          0     HAIL                        0
HEAVY SNOW                0     SNOW                        0
LIGHT SNOW                0     SLEET                       0
FOG                      13     FOG W/VIS <= 1/4 MILE       5
HAZE                      6

-  INDICATES NEGATIVE NUMBERS.
R  INDICATES RECORD WAS SET OR TIED.
MM INDICATES DATA IS MISSING.
T  INDICATES TRACE AMOUNT.

$$
