000
CXUS53 KDDC 031855
CLMGCK

CLIMATE REPORT
NATIONAL WEATHER SERVICE DODGE CITY KS
1254 PM CST MON DEC 3 2018

...................................

...THE GARDEN CITY REGIONAL ARPT KS CLIMATE SUMMARY FOR THE MONTH OF NOVEMBER 2018...

CLIMATE NORMAL PERIOD 1981 TO 2010
CLIMATE RECORD PERIOD 1948 TO 2018

WEATHER         OBSERVED          NORMAL  DEPART  LAST YEAR`S
                 VALUE   DATE(S)  VALUE   FROM    VALUE  DATE(S)
                                          NORMAL
................................................................
TEMPERATURE (F)
RECORD
 HIGH              91   11/08/1980
 LOW               -5   11/28/1976
HIGHEST            66   11/15        MM      MM       79  11/17
LOWEST              3   11/13        MM      MM       18  11/19
AVG. MAXIMUM     51.4              55.6    -4.2     59.6
AVG. MINIMUM     23.5              27.8    -4.3     29.3
MEAN             37.5              41.7    -4.2     44.5
DAYS MAX >= 90      0               0.0     0.0        0
DAYS MAX <= 32      1               1.2    -0.2        0
DAYS MIN <= 32     26              20.9     5.1       22
DAYS MIN <= 0       0               0.0     0.0        0

PRECIPITATION (INCHES)
RECORD
 MAXIMUM         3.65   1971
 MINIMUM         0.00   2012
TOTALS           0.11              0.55   -0.44     0.01
DAYS >= .01         2               3.7    -1.7        1
DAYS >= .10         0               1.8    -1.8        0
DAYS >= .50         0               0.2    -0.2        0
DAYS >= 1.00        0               0.0     0.0        0
GREATEST
 24 HR. TOTAL    0.07   11/11 TO 11/11           10/31 TO 11/01

DEGREE_DAYS
HEATING TOTAL     820               699     121      608
 SINCE 7/1       1299              1089     210      956
COOLING TOTAL       0                 0       0        0
 SINCE 1/1       1462              1298     164     1373
.................................................................

WIND (MPH)
AVERAGE WIND SPEED              11.3
HIGHEST WIND SPEED/DIRECTION    44/340    DATE  11/25
HIGHEST GUST SPEED/DIRECTION    56/350    DATE  11/25

SKY COVER
POSSIBLE SUNSHINE (PERCENT)   MM
AVERAGE SKY COVER           0.30
NUMBER OF DAYS FAIR           21
NUMBER OF DAYS PC              7
NUMBER OF DAYS CLOUDY          2



-  INDICATES NEGATIVE NUMBERS.
R  INDICATES RECORD WAS SET OR TIED.
MM INDICATES DATA IS MISSING.
T  INDICATES TRACE AMOUNT.

$$
