583
CXUS51 KPHI 011942
CLMGED


CLIMATE REPORT
NATIONAL WEATHER SERVICE MOUNT HOLLY NJ
234 PM EST FRI FEB 1 2019

...................................

...THE GEORGETOWN DE CLIMATE SUMMARY FOR THE MONTH OF JANUARY 2019...

CLIMATE NORMAL PERIOD 1981 TO 2010
CLIMATE RECORD PERIOD 1948 TO 2019

WEATHER         OBSERVED          NORMAL  DEPART  LAST YEAR`S
                 VALUE   DATE(S)  VALUE   FROM    VALUE
                                          NORMAL
.............................................................
TEMPERATURE (F)
RECORD
 HIGH              77   01/30/2002
 LOW              -13   01/28/1987
HIGHEST            68                MM      MM       69
LOWEST             13                MM      MM        0
AVG. MAXIMUM     46.6              43.5     3.1     44.1
AVG. MINIMUM     28.1              26.6     1.5     24.4
MEAN             37.4              35.0     2.4     34.3
DAYS MAX >= 90      0               0.0     0.0        0
DAYS MAX <= 32      2               5.4    -3.4        7
DAYS MIN <= 32     23              21.4     1.6       23
DAYS MIN <= 0       0               0.0     0.0        1

PRECIPITATION (INCHES)
RECORD
 MAXIMUM           MM   MM
 MINIMUM           MM   MM
TOTALS           3.52              2.92    0.60     2.85
DAILY AVG.       0.11              0.09    0.02     0.09
DAYS >= .01        12               9.0     3.0        9
DAYS >= .10         6               4.9     1.1        6
DAYS >= .50         2               2.2    -0.2        2
DAYS >= 1.00        2               0.8     1.2        0
GREATEST
 24 HR. TOTAL    1.41   01/20 TO 01/20              0.85

DEGREE_DAYS
HEATING TOTAL     851               928     -77      945
 SINCE 7/1       2190              2510    -320     2416
COOLING TOTAL       0                 0       0        0
 SINCE 1/1          0                 0       0        0
..............................................................

WIND (MPH)
AVERAGE WIND SPEED              7.4
HIGHEST WIND SPEED/DIRECTION    32/230    DATE  01/30
HIGHEST GUST SPEED/DIRECTION    42/220    DATE  01/30

SKY COVER
POSSIBLE SUNSHINE (PERCENT)   MM
AVERAGE SKY COVER           0.40
NUMBER OF DAYS FAIR           16
NUMBER OF DAYS PC             11
NUMBER OF DAYS CLOUDY          4

AVERAGE RH (PERCENT)     64

WEATHER CONDITIONS. NUMBER OF DAYS WITH
THUNDERSTORM              0     MIXED PRECIP               0
HEAVY RAIN                2     RAIN                       3
LIGHT RAIN               12     FREEZING RAIN              0
LT FREEZING RAIN          0     HEAVY SNOW                 0
SNOW                      0     LIGHT SNOW                 4
SLEET                     0     FOG                       13
FOG W/VIS <= 1/4 MILE     1     HAZE                       5

-  INDICATES NEGATIVE NUMBERS.
R  INDICATES RECORD WAS SET OR TIED.
MM INDICATES DATA IS MISSING.
T  INDICATES TRACE AMOUNT.

$$
