000
CXUS51 KPHI 011633
CLMGED


CLIMATE REPORT
NATIONAL WEATHER SERVICE MOUNT HOLLY NJ
1224 PM EDT SUN JUL 1 2018

...................................

...THE GEORGETOWN DE CLIMATE SUMMARY FOR THE MONTH OF JUNE 2018...

CLIMATE NORMAL PERIOD 1981 TO 2010
CLIMATE RECORD PERIOD 1948 TO 2018

WEATHER         OBSERVED          NORMAL  DEPART  LAST YEAR`S
                 VALUE   DATE(S)  VALUE   FROM    VALUE
                                          NORMAL
.............................................................
TEMPERATURE (F)
RECORD
 HIGH             101   06/29/2012
                        06/30/1959
                        07/09/1936
 LOW               39   06/01/1967
HIGHEST            94                MM      MM       95
LOWEST             53                MM      MM       48
AVG. MAXIMUM     82.1              82.5    -0.4     85.3
AVG. MINIMUM     64.3              62.6     1.7     63.9
MEAN             73.2              72.5     0.7     74.6
DAYS MAX >= 90      6               4.9     1.1        8
DAYS MAX <= 32      0               0.0     0.0        0
DAYS MIN <= 32      0               0.0     0.0        0
DAYS MIN <= 0       0               0.0     0.0        0

PRECIPITATION (INCHES)
RECORD
 MAXIMUM           MM   MM
 MINIMUM           MM   MM
TOTALS           4.42              4.61   -0.19     1.81
DAILY AVG.       0.15              0.15    0.00     0.06
DAYS >= .01        11              14.2    -3.2        8
DAYS >= .10         7               7.2    -0.2        3
DAYS >= .50         3               2.6     0.4        1
DAYS >= 1.00        1               1.0     0.0        1
GREATEST
 24 HR. TOTAL    1.59   06/09 TO 06/09              1.29

DEGREE_DAYS
HEATING TOTAL       7                13      -6       12
 SINCE 7/1       4065              4406    -341     3590
COOLING TOTAL     260               239      21      306
 SINCE 1/1        448               333     115      452
..............................................................

WIND (MPH)
AVERAGE WIND SPEED              6.3
HIGHEST WIND SPEED/DIRECTION    26/220    DATE  06/09
HIGHEST GUST SPEED/DIRECTION    35/060    DATE  06/03

SKY COVER
POSSIBLE SUNSHINE (PERCENT)   MM
AVERAGE SKY COVER           0.40
NUMBER OF DAYS FAIR           13
NUMBER OF DAYS PC             14
NUMBER OF DAYS CLOUDY          2

AVERAGE RH (PERCENT)     74

WEATHER CONDITIONS. NUMBER OF DAYS WITH
THUNDERSTORM              3     MIXED PRECIP               0
HEAVY RAIN                7     RAIN                       7
LIGHT RAIN               12     FREEZING RAIN              0
LT FREEZING RAIN          0     HEAVY SNOW                 0
SNOW                      0     LIGHT SNOW                 0
SLEET                     0     FOG                       14
FOG W/VIS <= 1/4 MILE     3     HAZE                       3

-  INDICATES NEGATIVE NUMBERS.
R  INDICATES RECORD WAS SET OR TIED.
MM INDICATES DATA IS MISSING.
T  INDICATES TRACE AMOUNT.

$$
