000
CXUS55 KGGW 012008
CLMGGW

CLIMATE REPORT
NATIONAL WEATHER SERVICE GLASGOW MT
205 PM MDT SUN JUL 1 2018

...................................

...THE GLASGOW CLIMATE SUMMARY FOR THE MONTH OF JUNE 2018...

CLIMATE NORMAL PERIOD 1981 TO 2010
CLIMATE RECORD PERIOD 1893 TO 2018

WEATHER         OBSERVED          NORMAL  DEPART  LAST YEAR`S
                 VALUE   DATE(S)  VALUE   FROM    VALUE  DATE(S)
                                          NORMAL
................................................................
TEMPERATURE (F)
RECORD
 HIGH             110   06/17/1933
 LOW               24   06/02/1919
HIGHEST            93   06/09                         94  06/04
                                                          06/01
LOWEST             47   06/15                         40  06/23
                        06/13
                        06/11
AVG. MAXIMUM     80.0              76.7     3.3     80.8
AVG. MINIMUM     54.2              51.3     2.9     50.9
MEAN             67.1              64.0     3.1     65.8
DAYS MAX >= 90      4                                  3
DAYS MAX <= 32      0                                  0
DAYS MIN <= 32      0                                  0
DAYS MIN <= 0       0                                  0

PRECIPITATION (INCHES)
RECORD
 MAXIMUM        10.29   1923
 MINIMUM         0.07   1903
TOTALS           1.62              2.33   -0.71     0.14
DAILY AVG.       0.05              0.08   -0.03     0.00
DAYS >= .01        14                                  7
DAYS >= .10         4                                  0
DAYS >= .50         1                                  0
DAYS >= 1.00        0                                  0
GREATEST
 24 HR. TOTAL    0.51   06/24 TO 06/24

SNOWFALL (INCHES)
RECORDS
 TOTAL            1.3   1950
 SNOW DEPTH         T   MM
TOTALS            0.0               0.0     0.0      0.0
 LIQUID EQUIV    0.00              0.00    0.00     0.00
SINCE 7/1        63.4              34.8    28.6     37.7
 LIQUID 7/1      6.34              3.50    2.84     3.77
SNOWDEPTH AVG.      0                                  0
DAYS >= TRACE       0                                  0
DAYS >= 1.0         0                                  0
GREATEST
 SNOW DEPTH         0   MM                             0  MM
 24 HR TOTAL      0.0   06/30 TO 06/30

DEGREE_DAYS
HEATING TOTAL      35               105     -70       47
 SINCE 7/1       9052              8436     616     7960
COOLING TOTAL     105                75      30       80
 SINCE 1/1        172                92      80       95
.................................................................

WIND (MPH)
AVERAGE WIND SPEED              10.1
RESULTANT WIND SPEED/DIRECTION   1/194
HIGHEST WIND SPEED/DIRECTION    37/310    DATE  06/10
HIGHEST GUST SPEED/DIRECTION    47/300    DATE  06/10

SKY COVER
POSSIBLE SUNSHINE (PERCENT)   MM
AVERAGE SKY COVER           0.30
NUMBER OF DAYS FAIR           20
NUMBER OF DAYS PC              8
NUMBER OF DAYS CLOUDY          2

AVERAGE RH (PERCENT)     58


-  INDICATES NEGATIVE NUMBERS.
R  INDICATES RECORD WAS SET OR TIED.
MM INDICATES DATA IS MISSING.
T  INDICATES TRACE AMOUNT.

&&

THIS JUNE CAN BE DESCRIBED AS SLIGHTLY WARMER AND DRIER THAN NORMAL.
THE AVERAGE TEMPERATURE WAS 67.1 DEGREES, WHICH IS 3.1 DEGREES ABOVE
NORMAL. THE AVERAGE HIGH WAS 80 AND THE AVERAGE LOW WAS 54.2.

MUCH OF THE RAINFALL DURING THE MONTH DIDN`T MAKE IT NORTH INTO THE
GLASGOW AREA AND WE CAME UP SHORT OF THE NORMAL OF 2.33 INCHES WITH
1.62 INCHES. THIS ALSO BROUGHT US SLIGHTLY BELOW NORMAL FOR 2018.
THE NORMAL FOR THE YEAR TO DATE WOULD BE 6.15 INCHES WHILE THE TOTAL
SO FAR IS 5.93 INCHES.

THE WIND GUSTED TO 30 MPH OR GREATER ON 12 DAYS, TO 40 MPH OR
GREATER ON 3 DAYS. THE PEAK WIND WIND FOR THE MONTH WAS 47 MPH ON
THE 10TH.

LOOKING AHEAD TO JULY, TEMPERATURES ARE NORMALLY A LOW OF 54 AND A
HIGH OF 81. BY THE END OF THE MONTH, THE NORMAL LOW IS 59 AND A HIGH
OF 87. PRECIPITATION TOTAL NORMALLY IS 1.73 INCHES.

$$

JAMBA
