000
CXUS55 KGJT 011224
CLMGJT


CLIMATE REPORT
NATIONAL WEATHER SERVICE GRAND JUNCTION CO
451 AM MST FRI FEB 1 2019

...................................

...THE GRAND JUNCTION CO CLIMATE SUMMARY FOR THE MONTH OF JANUARY 2019...

CLIMATE NORMAL PERIOD 1981 TO 2010
CLIMATE RECORD PERIOD 1893 TO 2019

WEATHER         OBSERVED          NORMAL  DEPART  LAST YEAR`S
                 VALUE   DATE(S)  VALUE   FROM    VALUE  DATE(S)
                                          NORMAL
................................................................
TEMPERATURE (F)
RECORD
 HIGH              62   01/31/1911
 LOW              -23   01/13/1963
HIGHEST            46   01/21        40       6       52  01/31
LOWEST             -4   01/02        15     -19        7  01/22
AVG. MAXIMUM     36.2              37.7    -1.5     43.7
AVG. MINIMUM     17.5              17.0     0.5     19.3
MEAN             26.9              27.4    -0.6     31.5
DAYS MAX >= 90      0               0.0     0.0        0
DAYS MAX <= 32      8               7.9     0.1        1
DAYS MIN <= 32     31              30.2     0.8       30
DAYS MIN <= 0       2               1.6     0.4        0

PRECIPITATION (INCHES)
RECORD
 MAXIMUM         2.46   1957
 MINIMUM            T   1961
TOTALS           0.44              0.58   -0.14     0.76
DAILY AVG.       0.01              0.02   -0.01     0.02
DAYS >= .01         7               5.9     1.1        6
DAYS >= .10         3               2.1     0.9        3
DAYS >= .50         0               0.0     0.0        0
DAYS >= 1.00        0               0.0     0.0        0
GREATEST
 24 HR. TOTAL    0.21   12/31 TO 01/01              0.41
                        01/01 TO 01/02
                        01/02 TO 01/03

SNOWFALL (INCHES)
RECORDS
 TOTAL           33.7   1957
TOTALS            2.7               4.9    -2.2      4.3
SINCE 7/1        11.6              12.3    -0.7      4.4
SNOWDEPTH AVG.      1                 3      -2        0
DAYS >= 1.0         1               1.5    -0.5        1
GREATEST
 SNOW DEPTH         3   01/07                          2  01/24
                        01/01                             01/23
                                                          01/22
 24 HR TOTAL      1.0   01/06 TO 01/06               3.4

DEGREE_DAYS
HEATING TOTAL    1178              1167      11     1031
 SINCE 7/1       3551              3526      25     3175
COOLING TOTAL       0                 0       0        0
 SINCE 1/1          0                 0       0        0
.................................................................

WIND (MPH)
AVERAGE WIND SPEED              4.9
HIGHEST WIND SPEED/DIRECTION    25/170    DATE  01/21
HIGHEST GUST SPEED/DIRECTION    33/170    DATE  01/21

SKY COVER
POSSIBLE SUNSHINE (PERCENT)   MM
AVERAGE SKY COVER           0.30
NUMBER OF DAYS FAIR           20
NUMBER OF DAYS PC              7
NUMBER OF DAYS CLOUDY          4

AVERAGE RH (PERCENT)     75

WEATHER CONDITIONS. NUMBER OF DAYS WITH
THUNDERSTORM              1     MIXED PRECIP                0
HEAVY RAIN                0     RAIN                        0
LIGHT RAIN                4     FREEZING RAIN               0
LT FREEZING RAIN          1     HAIL                        0
HEAVY SNOW                0     SNOW                        2
LIGHT SNOW                8     SLEET                       1
FOG                      12     FOG W/VIS <= 1/4 MILE       5
HAZE                      4

-  INDICATES NEGATIVE NUMBERS.
R  INDICATES RECORD WAS SET OR TIED.
MM INDICATES DATA IS MISSING.
T  INDICATES TRACE AMOUNT.

$$
