627
CXUS53 KGLD 032308
CLMGLD

CLIMATE REPORT
NATIONAL WEATHER SERVICE GOODLAND
404 PM MST MON DEC 3 2018

...................................

...THE GOODLAND KS CLIMATE SUMMARY FOR THE MONTH OF NOVEMBER 2018...

CLIMATE NORMAL PERIOD 1981 TO 2010
CLIMATE RECORD PERIOD 1895 TO 2018

WEATHER         OBSERVED          NORMAL  DEPART  LAST YEAR`S
                 VALUE   DATE(S)  VALUE   FROM    VALUE  DATE(S)
                                          NORMAL
................................................................
TEMPERATURE (F)
RECORD
 HIGH              87   11/10/1927
 LOW              -12   11/28/1952
HIGHEST            67   11/22        75      -8       82  11/27
LOWEST             10   11/18         8       2       18  11/10
                        11/12
AVG. MAXIMUM     51.1              52.4    -1.3     58.2
AVG. MINIMUM     23.5              25.7    -2.2     28.8
MEAN             37.3              39.0    -1.7     43.5
DAYS MAX >= 90      0               0.0     0.0        0
DAYS MAX <= 32      2               2.2    -0.2        0
DAYS MIN <= 32     28              22.8     5.2       24
DAYS MIN <= 0       0               0.1    -0.1        0

PRECIPITATION (INCHES)
RECORD
 MAXIMUM         2.63   1946
 MINIMUM            T   2012
                        2002
                        1959
TOTALS           0.64              0.71   -0.07     0.03
DAILY AVG.       0.02              0.02    0.00     0.00
DAYS >= .01         9               4.6     4.4        2
DAYS >= .10         3               1.9     1.1        0
DAYS >= .50         0               0.3    -0.3        0
DAYS >= 1.00        0               0.1    -0.1        0
GREATEST
 24 HR. TOTAL    0.19   11/11 TO 11/11              0.02
                        11/08 TO 11/08

SNOWFALL (INCHES)
RECORDS
 TOTAL           29.0   1908
TOTALS            6.2               4.6     1.6      0.0
SINCE 7/1         7.5               7.2     0.3      0.1
SNOWDEPTH AVG.      0                                  0
DAYS >= 1.0         2               1.4     0.6        0
GREATEST
 SNOW DEPTH         3   11/09                          0
 24 HR TOTAL      3.5   11/08 TO 11/08           11/30 TO 11/30

DEGREE_DAYS
HEATING TOTAL     822               779      43      640
 SINCE 7/1       1412              1319      93     1151
COOLING TOTAL       0                 0       0        0
 SINCE 1/1       1127               941     186      959
.................................................................

WIND (MPH)
AVERAGE WIND SPEED              11.3
HIGHEST WIND SPEED/DIRECTION    41/340    DATE  11/24
HIGHEST GUST SPEED/DIRECTION    59/350    DATE  11/24

SKY COVER
AVERAGE SKY COVER           0.30

AVERAGE RH (PERCENT)     68

-  INDICATES NEGATIVE NUMBERS.
R  INDICATES RECORD WAS SET OR TIED.
MM INDICATES DATA IS MISSING.
T  INDICATES TRACE AMOUNT.

$$
