000
CXUS53 KGLD 031726
CLMGLD

CLIMATE REPORT
NATIONAL WEATHER SERVICE GOODLAND
1122 AM MDT SUN JUN 3 2018

...................................

...THE GOODLAND KS CLIMATE SUMMARY FOR THE MONTH OF MAY 2018...

CLIMATE NORMAL PERIOD 1981 TO 2010
CLIMATE RECORD PERIOD 1895 TO 2018

WEATHER         OBSERVED          NORMAL  DEPART  LAST YEAR`S
                 VALUE   DATE(S)  VALUE   FROM    VALUE  DATE(S)
                                          NORMAL
................................................................
TEMPERATURE (F)
RECORD
 HIGH             104   05/29/2003
                        05/31/2002
 LOW               21   05/01/1967
HIGHEST            92   05/27        92       0       88  05/15
                        05/26                             05/07
                        05/25
LOWEST             39   05/04        31       8       32  05/04
                                                          05/03
AVG. MAXIMUM     78.1              73.0     5.1     72.5
AVG. MINIMUM     50.4              45.8     4.6     44.5
MEAN             64.2              59.4     4.8     58.5
DAYS MAX >= 90      3               1.3     1.7        0
DAYS MAX <= 32      0               0.0     0.0        0
DAYS MIN <= 32      0               1.1    -1.1        2
DAYS MIN <= 0       0               0.0     0.0        0

PRECIPITATION (INCHES)
RECORD
 MAXIMUM         8.21   1981
 MINIMUM         0.31   1927
TOTALS           6.10              2.95    3.15     7.66
DAILY AVG.       0.20              0.10    0.10     0.25
DAYS >= .01        10              10.5    -0.5       16
DAYS >= .10         6               5.7     0.3       13
DAYS >= .50         3               2.0     1.0        6
DAYS >= 1.00        2               0.6     1.4        2
GREATEST
 24 HR. TOTAL    3.10   05/18 TO 05/18              1.21

SNOWFALL (INCHES)
RECORDS
 TOTAL            6.9   1938
TOTALS            0.0               0.5    -0.5        T
SINCE 7/1        25.3              35.5   -10.2     14.2
SNOWDEPTH AVG.      0                                  0
DAYS >= 1.0         0               0.2    -0.2        0
GREATEST
 SNOW DEPTH         0
 24 HR TOTAL      0.0

DEGREE_DAYS
HEATING TOTAL      96               211    -115      222
 SINCE 7/1       5602              5866    -264     5118
COOLING TOTAL      81                37      44       31
 SINCE 1/1         86                41      45       38
.................................................................

WIND (MPH)
AVERAGE WIND SPEED              12.5
HIGHEST WIND SPEED/DIRECTION    45/170    DATE  05/27
HIGHEST GUST SPEED/DIRECTION    63/120    DATE  05/28

SKY COVER
AVERAGE SKY COVER           0.30

AVERAGE RH (PERCENT)     65

-  INDICATES NEGATIVE NUMBERS.
R  INDICATES RECORD WAS SET OR TIED.
MM INDICATES DATA IS MISSING.
T  INDICATES TRACE AMOUNT.

$$
