000
CXUS53 KGLD 031454
CLMGLD

CLIMATE REPORT
NATIONAL WEATHER SERVICE GOODLAND
852 AM MDT MON SEP 3 2018

...................................

...THE GOODLAND KS CLIMATE SUMMARY FOR THE MONTH OF AUGUST 2018...

CLIMATE NORMAL PERIOD 1981 TO 2010
CLIMATE RECORD PERIOD 1895 TO 2018

WEATHER         OBSERVED          NORMAL  DEPART  LAST YEAR`S
                 VALUE   DATE(S)  VALUE   FROM    VALUE  DATE(S)
                                          NORMAL
................................................................
TEMPERATURE (F)
RECORD
 HIGH             108   08/06/1970
                        08/02/1938
                        08/09/1937
 LOW               38   08/23/1964
HIGHEST           100   08/27       100       0       94  08/19
LOWEST             46   08/21        51      -5       52  08/17
AVG. MAXIMUM     87.7              87.5     0.2     83.5
AVG. MINIMUM     58.7              60.0    -1.3     58.3
MEAN             73.2              73.7    -0.5     70.9
DAYS MAX >= 90     15              13.4     1.6        4
DAYS MAX <= 32      0               0.0     0.0        0
DAYS MIN <= 32      0               0.0     0.0        0
DAYS MIN <= 0       0               0.0     0.0        0

PRECIPITATION (INCHES)
RECORD
 MAXIMUM         9.29   1993
 MINIMUM         0.13   1964
TOTALS           0.85              2.70   -1.85     1.75
DAILY AVG.       0.03              0.09   -0.06     0.06
DAYS >= .01         6               8.8    -2.8        7
DAYS >= .10         2               4.7    -2.7        4
DAYS >= .50         1               1.7    -0.7        1
DAYS >= 1.00        0               0.8    -0.8        0
GREATEST
 24 HR. TOTAL    0.52   08/18 TO 08/18              0.82

SNOWFALL (INCHES)
RECORDS
 TOTAL              T   2017
                        2011
                        2007
TOTALS            0.0               0.0     0.0        T
SINCE 7/1         0.0               0.0     0.0        T
SNOWDEPTH AVG.      0                                  0
DAYS >= 1.0         0               0.0     0.0        0
GREATEST
 SNOW DEPTH         0                                  0
 24 HR TOTAL      0.0

DEGREE_DAYS
HEATING TOTAL      14                 8       6        0
 SINCE 7/1         14                12       2        0
COOLING TOTAL     278               279      -1      190
 SINCE 1/1        970               833     137      819
.................................................................

WIND (MPH)
AVERAGE WIND SPEED              10.0
HIGHEST WIND SPEED/DIRECTION    39/020    DATE  08/10
HIGHEST GUST SPEED/DIRECTION    56/130    DATE  08/03

SKY COVER
AVERAGE SKY COVER           0.20

AVERAGE RH (PERCENT)     64


-  INDICATES NEGATIVE NUMBERS.
R  INDICATES RECORD WAS SET OR TIED.
MM INDICATES DATA IS MISSING.
T  INDICATES TRACE AMOUNT.

$$
