000
CXUS54 KJAN 031543
CLMGLH


CLIMATE REPORT
NATIONAL WEATHER SERVICE JACKSON MS
930 AM CST MON DEC 3 2018

...................................

...THE GREENVILLE CLIMATE SUMMARY FOR THE MONTH OF NOVEMBER 2018...

CLIMATE NORMAL PERIOD 1981 TO 2010
CLIMATE RECORD PERIOD 1903 TO 2018

WEATHER         OBSERVED          NORMAL  DEPART  LAST YEAR`S
                 VALUE   DATE(S)  VALUE   FROM    VALUE  DATE(S)
                                          NORMAL
................................................................
TEMPERATURE (F)
RECORD
 HIGH              88   11/02/1971
 LOW               16   11/25/1950
HIGHEST            73   11/05        MM      MM       84  11/03
LOWEST             24   11/15        MM      MM       24  11/23
AVG. MAXIMUM     58.5              64.7    -6.2     68.1
AVG. MINIMUM     40.4              42.9    -2.5     44.8
MEAN             49.5              53.8    -4.3     56.5
DAYS MAX >= 90      0               0.0     0.0        0
DAYS MAX <= 32      0               0.0     0.0        0
DAYS MIN <= 32      8               2.9     5.1        7
DAYS MIN <= 0       0               0.0     0.0        0

PRECIPITATION (INCHES)
RECORD
 MAXIMUM        19.56   1986
 MINIMUM         0.29   1949
TOTALS           6.63              5.06    1.57     1.43
DAILY AVG.       0.22              0.17    0.05     0.05
DAYS >= .01        12                MM      MM        5
DAYS >= .10         7                MM      MM        2
DAYS >= .50         3                MM      MM        2
DAYS >= 1.00        2                MM      MM        0
GREATEST
 24 HR. TOTAL    3.46   11/01 TO 11/01              0.75

SNOWFALL (INCHES)
TOTALS            0.0

DEGREE_DAYS
HEATING TOTAL     463               348     115      296
 SINCE 7/1        577               462     115      414
COOLING TOTAL       2                12     -10       47
 SINCE 1/1       2453              2186     267     2244
.................................................................

WIND (MPH)
AVERAGE WIND SPEED              8.7
HIGHEST WIND SPEED/DIRECTION    31/180    DATE  11/01
HIGHEST GUST SPEED/DIRECTION    39/180    DATE  11/01

SKY COVER
POSSIBLE SUNSHINE (PERCENT)   MM
AVERAGE SKY COVER           0.50
NUMBER OF DAYS FAIR           14
NUMBER OF DAYS PC              5
NUMBER OF DAYS CLOUDY         11

AVERAGE RH (PERCENT)     74

WEATHER CONDITIONS. NUMBER OF DAYS WITH
THUNDERSTORM              4     MIXED PRECIP               0
HEAVY RAIN                8     RAIN                       9
LIGHT RAIN               14     FREEZING RAIN              0
LT FREEZING RAIN          0     HAIL                       0
HEAVY SNOW                0     SNOW                       0
LIGHT SNOW                1     SLEET                      0
FOG                       4     FOG W/VIS <= 1/4 MILE      1
HAZE                      0

-  INDICATES NEGATIVE NUMBERS.
R  INDICATES RECORD WAS SET OR TIED.
MM INDICATES DATA IS MISSING.
T  INDICATES TRACE AMOUNT.

$$
