233
CXUS52 KJAX 010857
CLMGNV

CLIMATE REPORT
NATIONAL WEATHER SERVICE JACKSONVILLE FL
455 AM EDT SAT SEP 1 2018

...................................

...THE GAINESVILLE CLIMATE SUMMARY FOR THE MONTH OF AUGUST 2018...

CLIMATE NORMAL PERIOD 1981 TO 2010
CLIMATE RECORD PERIOD 1890 TO 2018

WEATHER         OBSERVED          NORMAL  DEPART  LAST YEAR`S
                 VALUE   DATE(S)  VALUE   FROM    VALUE  DATE(S)
                                          NORMAL
................................................................
TEMPERATURE (F)
RECORD
 HIGH             103   08/15/1915
 LOW               60   08/22/1930
                        08/31/1891
HIGHEST            96   08/27        90       6       94  08/23
                        08/23                             08/16
                        08/08                             08/11
LOWEST             72   08/16        71       1       67  08/01
                        08/07
                        08/03
AVG. MAXIMUM     93.0              90.2     2.8     90.4
AVG. MINIMUM     74.1              71.6     2.5     73.0
MEAN             83.5              80.9     2.6     81.7
DAYS MAX >= 90     30              17.9    12.1       22
DAYS MAX <= 32      0               0.0     0.0        0
DAYS MIN <= 32      0               0.0     0.0        0
DAYS MIN <= 0       0               0.0     0.0        0

PRECIPITATION (INCHES)
RECORD
 MAXIMUM        15.84   1985
 MINIMUM         1.45   1950
TOTALS           8.69              6.39    2.30     5.79
DAILY AVG.       0.28              0.21    0.07     0.19
DAYS >= .01        12              16.1    -4.1       19
DAYS >= .10         8              10.9    -2.9        6
DAYS >= .50         6               4.1     1.9        4
DAYS >= 1.00        3               2.0     1.0        3
GREATEST
 24 HR. TOTAL    3.73

SNOWFALL (INCHES)
RECORDS
 TOTAL             MM   MM
TOTALS            0.0               0.0     0.0      0.0
SINCE 7/1         0.0               0.0     0.0      0.0
SNOWDEPTH AVG.      0                MM      MM        0
DAYS >= 1.0         0               0.0     0.0        0
GREATEST
 SNOW DEPTH         0   MM                             0  MM
 24 HR TOTAL      0.0

DEGREE_DAYS
HEATING TOTAL       0                 0       0        0
 SINCE 7/1          0                 0       0        0
COOLING TOTAL     583               493      90      524
 SINCE 1/1       2349              1944     405     2160
.................................................................

WIND (MPH)
AVERAGE WIND SPEED              4.2
HIGHEST WIND SPEED/DIRECTION    29/120    DATE  08/02
HIGHEST GUST SPEED/DIRECTION    36/140    DATE  08/02

SKY COVER
POSSIBLE SUNSHINE (PERCENT)   MM
AVERAGE SKY COVER           0.20
NUMBER OF DAYS FAIR           29
NUMBER OF DAYS PC              2
NUMBER OF DAYS CLOUDY          0

AVERAGE RH (PERCENT)     72

-  INDICATES NEGATIVE NUMBERS.
R  INDICATES RECORD WAS SET OR TIED.
MM INDICATES DATA IS MISSING.
T  INDICATES TRACE AMOUNT.

$$
