000
CXUS52 KJAX 011332 RRA
CLMGNV

CLIMATE REPORT
NATIONAL WEATHER SERVICE JACKSONVILLE FL
927 AM EDT FRI JUN 1 2018

...................................

...THE GAINESVILLE CLIMATE SUMMARY FOR THE MONTH OF MAY 2018...

CLIMATE NORMAL PERIOD 1981 TO 2010
CLIMATE RECORD PERIOD 1890 TO 2018

WEATHER         OBSERVED          NORMAL  DEPART  LAST YEAR`S
                 VALUE   DATE(S)  VALUE   FROM    VALUE  DATE(S)
                                          NORMAL
................................................................
TEMPERATURE (F)
RECORD
 HIGH             101   05/31/1945
 LOW               42   05/08/1992
HIGHEST            94   05/11        87       7       96  05/20
LOWEST             51   05/01        62     -11       49  05/07
AVG. MAXIMUM     86.3              86.9    -0.6     89.2
AVG. MINIMUM     65.5              62.4     3.1     62.6
MEAN             75.9              74.7     1.2     75.9
DAYS MAX >= 90      7               8.5    -1.5       18
DAYS MAX <= 32      0               0.0     0.0        0
DAYS MIN <= 32      0               0.0     0.0        0
DAYS MIN <= 0       0               0.0     0.0        0

PRECIPITATION (INCHES)
RECORD
 MAXIMUM         9.25   1959
 MINIMUM         0.16   1914
TOTALS           8.38              2.48    5.90     4.45
DAILY AVG.       0.27              0.08    0.19     0.14
DAYS >= .01        12               6.5     5.5        7
DAYS >= .10        11               4.2     6.8        5
DAYS >= .50         8               1.7     6.3        3
DAYS >= 1.00        3               0.7     2.3        2
GREATEST
 24 HR. TOTAL    1.57

SNOWFALL (INCHES)
RECORDS
 TOTAL             MM   MM
TOTALS            0.0               0.0     0.0      0.0
SINCE 7/1         0.0               0.0     0.0      0.0
SNOWDEPTH AVG.      0                MM      MM        0
DAYS >= 1.0         0               0.0     0.0        0
GREATEST
 SNOW DEPTH         0   MM                             0  MM
 24 HR TOTAL      0.0

DEGREE_DAYS
HEATING TOTAL       0                 4      -4        0
 SINCE 7/1       1104              1218    -114      646
COOLING TOTAL     344               303      41      344
 SINCE 1/1        677               510     167      683
.................................................................

WIND (MPH)
AVERAGE WIND SPEED              5.4
HIGHEST WIND SPEED/DIRECTION    30/240    DATE  05/15
HIGHEST GUST SPEED/DIRECTION    38/250    DATE  05/15

SKY COVER
POSSIBLE SUNSHINE (PERCENT)   MM
AVERAGE SKY COVER           0.40
NUMBER OF DAYS FAIR           16
NUMBER OF DAYS PC             11
NUMBER OF DAYS CLOUDY          4

AVERAGE RH (PERCENT)     72

WEATHER CONDITIONS. NUMBER OF DAYS WITH
  0
  9
  0
  0
  0
  0
  2
HAZE                      4

-  INDICATES NEGATIVE NUMBERS.
R  INDICATES RECORD WAS SET OR TIED.
MM INDICATES DATA IS MISSING.
T  INDICATES TRACE AMOUNT.

$$
