423
CXUS52 KJAX 011951
CLMGNV

CLIMATE REPORT
NATIONAL WEATHER SERVICE JACKSONVILLE FL
249 PM EST SAT DEC 1 2018

...................................

...THE GAINESVILLE CLIMATE SUMMARY FOR THE MONTH OF NOVEMBER 2018...

CLIMATE NORMAL PERIOD 1981 TO 2010
CLIMATE RECORD PERIOD 1890 TO 2018

WEATHER         OBSERVED          NORMAL  DEPART  LAST YEAR`S
                 VALUE   DATE(S)  VALUE   FROM    VALUE  DATE(S)
                                          NORMAL
................................................................
TEMPERATURE (F)
RECORD
 HIGH              91   11/03/2015
 LOW               20   11/25/1970
HIGHEST            89   11/08        74      15       84  11/07
LOWEST             33   11/28        51     -18       35  11/20
AVG. MAXIMUM     75.7              74.4     1.3     76.5
AVG. MINIMUM     52.7              51.1     1.6     50.6
MEAN             64.2              62.8     1.4     63.5
DAYS MAX >= 90      0               0.0     0.0        0
DAYS MAX <= 32      0               0.0     0.0        0
DAYS MIN <= 32      0               0.7    -0.7        0
DAYS MIN <= 0       0               0.0     0.0        0

PRECIPITATION (INCHES)
RECORD
 MAXIMUM         7.27   1972
 MINIMUM            T   1978
TOTALS           2.81              2.06    0.75     2.76
DAILY AVG.       0.09              0.07    0.02     0.09
DAYS >= .01         8               6.1     1.9        4
DAYS >= .10         6               3.4     2.6        2
DAYS >= .50         2               1.4     0.6        1
DAYS >= 1.00        0               0.7    -0.7        1
GREATEST
 24 HR. TOTAL    0.76

SNOWFALL (INCHES)
RECORDS
 TOTAL              T   1911
TOTALS            0.0               0.0     0.0      0.0
SINCE 7/1         0.0               0.0     0.0      0.0
SNOWDEPTH AVG.      0                MM      MM        0
DAYS >= 1.0         0               0.0     0.0        0
GREATEST
 SNOW DEPTH         0   MM                             0  MM
 24 HR TOTAL      0.0

DEGREE_DAYS
HEATING TOTAL     124               134     -10       82
 SINCE 7/1        132               161     -29      134
COOLING TOTAL     107                66      41       45
 SINCE 1/1       3334              2616     718     2888
.................................................................

WIND (MPH)
AVERAGE WIND SPEED              5.3
HIGHEST WIND SPEED/DIRECTION    24/290    DATE  11/26
HIGHEST GUST SPEED/DIRECTION    32/290    DATE  11/26

SKY COVER
POSSIBLE SUNSHINE (PERCENT)   MM
AVERAGE SKY COVER           0.40
NUMBER OF DAYS FAIR           13
NUMBER OF DAYS PC             16
NUMBER OF DAYS CLOUDY          1

AVERAGE RH (PERCENT)     75

-  INDICATES NEGATIVE NUMBERS.
R  INDICATES RECORD WAS SET OR TIED.
MM INDICATES DATA IS MISSING.
T  INDICATES TRACE AMOUNT.

$$
