000
CXUS53 KGRB 010634
CLMGRB


CLIMATE REPORT
NATIONAL WEATHER SERVICE GREEN BAY
1234 AM CST FRI FEB 1 2019

...................................

...THE GREEN BAY WI CLIMATE SUMMARY FOR THE MONTH OF JANUARY 2019...

CLIMATE NORMAL PERIOD 1981 TO 2010
CLIMATE RECORD PERIOD 1886 TO 2019

WEATHER         OBSERVED          NORMAL  DEPART  LAST YEAR`S
                 VALUE   DATE(S)  VALUE   FROM    VALUE  DATE(S)
                                          NORMAL
................................................................
TEMPERATURE (F)
RECORD
 HIGH              56   01/26/1944
 LOW              -36   01/21/1888
HIGHEST            47   01/05        40       7       48  01/11
LOWEST            -26   01/31       -16     -10      -11  01/01
AVG. MAXIMUM     23.0              24.3    -1.3     27.5
AVG. MINIMUM      8.7               9.0    -0.3     12.4
MEAN             15.9              16.6    -0.7     20.0
DAYS MAX >= 90      0               0.0     0.0        0
DAYS MAX <= 32     24              22.8     1.2       18
DAYS MIN <= 32     30              30.3    -0.3       31
DAYS MIN <= 0       8               8.1    -0.1        8

PRECIPITATION (INCHES)
RECORD
 MAXIMUM         3.75   1889
 MINIMUM         0.12   1981
TOTALS           1.92              1.13    0.79     1.04
DAILY AVG.       0.06              0.04    0.02     0.03
DAYS >= .01        13               9.9     3.1       11
DAYS >= .10         3               3.7    -0.7        3
DAYS >= .50         1               0.2     0.8        1
DAYS >= 1.00        0               0.0     0.0        0
GREATEST
 24 HR. TOTAL    0.91   01/07 TO 01/07

SNOWFALL (INCHES)
RECORDS
 TOTAL           32.5   1889
TOTALS           22.7              13.0     9.7      5.1
SINCE 7/1        34.6              30.3     4.3     17.7
SNOWDEPTH AVG.      4                 6      -2        2
DAYS >= 1.0         4               4.1    -0.1        1
GREATEST
 SNOW DEPTH        15   01/30                          5  01/10
                        01/29                             01/09
                                                          01/08
 24 HR TOTAL      9.7   01/28 TO 01/28

DEGREE_DAYS
HEATING TOTAL    1515              1499      16     1390
 SINCE 7/1       4337              4589    -252     4233
COOLING TOTAL       0                 0       0        0
 SINCE 1/1          0                 0       0        0
.................................................................

WIND (MPH)
AVERAGE WIND SPEED              9.5
HIGHEST WIND SPEED/DIRECTION    30/280    DATE  01/08
HIGHEST GUST SPEED/DIRECTION    42/130    DATE  01/07

SKY COVER
POSSIBLE SUNSHINE (PERCENT)   MM
AVERAGE SKY COVER           0.60
NUMBER OF DAYS FAIR            8
NUMBER OF DAYS PC              8
NUMBER OF DAYS CLOUDY         15

AVERAGE RH (PERCENT)     70

WEATHER CONDITIONS. NUMBER OF DAYS WITH
  0
  1
  1
  0
  2
  0
  1
HAZE                      9

-  INDICATES NEGATIVE NUMBERS.
R  INDICATES RECORD WAS SET OR TIED.
MM INDICATES DATA IS MISSING.
T  INDICATES TRACE AMOUNT.

$$
