000
CXUS53 KGRB 010918
CLMGRB

CLIMATE REPORT
NATIONAL WEATHER SERVICE GREEN BAY
411 AM CDT THU NOV 1 2018

...................................

...THE GREEN BAY WI CLIMATE SUMMARY FOR THE MONTH OF OCTOBER 2018...

CLIMATE NORMAL PERIOD 1981 TO 2010
CLIMATE RECORD PERIOD 1886 TO 2018

WEATHER         OBSERVED          NORMAL  DEPART  LAST YEAR`S
                 VALUE   DATE(S)  VALUE   FROM    VALUE  DATE(S)
                                          NORMAL
................................................................
TEMPERATURE (F)
RECORD
 HIGH              88   10/06/1963
 LOW                8   10/25/1887
HIGHEST            82   10/03        77       5       78  10/03
                                                          10/02
LOWEST             26   10/18        24       2       26  10/29
AVG. MAXIMUM     55.1              56.6    -1.5     61.3
AVG. MINIMUM     39.2              37.7     1.5     44.4
MEAN             47.2              47.1     0.1     52.9
DAYS MAX >= 90      0               0.0     0.0        0
DAYS MAX <= 32      0               0.1    -0.1        0
DAYS MIN <= 32      7               8.5    -1.5        3
DAYS MIN <= 0       0               0.0     0.0        0

PRECIPITATION (INCHES)
RECORD
 MAXIMUM         5.40   1886
 MINIMUM            T   1952
TOTALS           4.86              2.44    2.42     3.12
DAILY AVG.       0.16              0.08    0.08     0.10
DAYS >= .01        10              10.5    -0.5        8
DAYS >= .10         8               5.6     2.4        7
DAYS >= .50         4               1.3     2.7        2
DAYS >= 1.00        2               0.4     1.6        1
GREATEST
 24 HR. TOTAL    1.42   10/08 TO 10/08

SNOWFALL (INCHES)
RECORDS
 TOTAL           10.3   1887
TOTALS              T               0.2    -0.2        T
SINCE 7/1           T               0.2    -0.2        T
SNOWDEPTH AVG.      0                MM      MM        0
DAYS >= 1.0         0               0.1    -0.1        0
GREATEST
 SNOW DEPTH         0   MM                             0  MM
 24 HR TOTAL        T   10/20 TO 10/20

DEGREE_DAYS
HEATING TOTAL     548               556      -8      376
 SINCE 7/1        698               826    -128      537
COOLING TOTAL       4                 3       1        8
 SINCE 1/1        687               398     289      477
.................................................................

WIND (MPH)
AVERAGE WIND SPEED              8.8
HIGHEST WIND SPEED/DIRECTION    32/310    DATE  10/03
HIGHEST GUST SPEED/DIRECTION    50/320    DATE  10/20

SKY COVER
POSSIBLE SUNSHINE (PERCENT)   MM
AVERAGE SKY COVER           0.60
NUMBER OF DAYS FAIR            9
NUMBER OF DAYS PC              7
NUMBER OF DAYS CLOUDY         15

AVERAGE RH (PERCENT)     75

WEATHER CONDITIONS. NUMBER OF DAYS WITH
THUNDERSTORM              3     MIXED PRECIP                0
HEAVY RAIN                5     RAIN                        6
LIGHT RAIN               13     FREEZING RAIN               0
LT FREEZING RAIN          0     HAIL                        0
HEAVY SNOW                0     SNOW                        0
LIGHT SNOW                2     SLEET                       0
FOG                      16     FOG W/VIS <= 1/4 MILE       0
HAZE                      1
-  INDICATES NEGATIVE NUMBERS.
R  INDICATES RECORD WAS SET OR TIED.
MM INDICATES DATA IS MISSING.
T  INDICATES TRACE AMOUNT.

$$
