000
CXUS53 KGRB 010802
CLMGRB


CLIMATE REPORT
NATIONAL WEATHER SERVICE GREEN BAY
159 AM CST THU FEB 1 2018

...................................

...THE GREEN BAY WI CLIMATE SUMMARY FOR THE MONTH OF JANUARY 2018...

CLIMATE NORMAL PERIOD 1981 TO 2010
CLIMATE RECORD PERIOD 1886 TO 2018

WEATHER         OBSERVED          NORMAL  DEPART  LAST YEAR`S
                 VALUE   DATE(S)  VALUE   FROM    VALUE  DATE(S)
                                          NORMAL
................................................................
TEMPERATURE (F)
RECORD
 HIGH              56   01/26/1944
 LOW              -36   01/21/1888
HIGHEST            48   01/11        40       8       44  01/24
LOWEST            -11   01/01       -16       5       -5  01/05
AVG. MAXIMUM     27.5              24.3     3.2     28.8
AVG. MINIMUM     12.4               9.0     3.4     18.1
MEAN             20.0              16.6     3.4     23.5
DAYS MAX >= 90      0               0.0     0.0        0
DAYS MAX <= 32     18              22.8    -4.8       16
DAYS MIN <= 32     31              30.3     0.7       22
DAYS MIN <= 0       8               8.1    -0.1        7

PRECIPITATION (INCHES)
RECORD
 MAXIMUM         3.75   1889
 MINIMUM         0.12   1981
TOTALS           1.04              1.13   -0.09     2.43
DAILY AVG.       0.03              0.04   -0.01     0.08
DAYS >= .01        11               9.9     1.1       13
DAYS >= .10         3               3.7    -0.7        7
DAYS >= .50         1               0.2     0.8        1
DAYS >= 1.00        0               0.0     0.0        0
GREATEST
 24 HR. TOTAL    0.63   01/22 TO 01/22

SNOWFALL (INCHES)
RECORDS
 TOTAL           32.5   1889
TOTALS            5.1              13.0    -7.9     14.6
SINCE 7/1        17.7              30.3   -12.6     38.6
SNOWDEPTH AVG.      2                 6      -4        3
DAYS >= 1.0         1               4.1    -3.1        6
GREATEST
 SNOW DEPTH         5   01/10                          6  01/31
                        01/09                             01/12
                        01/08                             01/10
 24 HR TOTAL      2.6   01/15 TO 01/15

DEGREE_DAYS
HEATING TOTAL    1390              1499    -109     1280
 SINCE 7/1       4233              4589    -356     3593
COOLING TOTAL       0                 0       0        0
 SINCE 1/1          0                 0       0        0
.................................................................

WIND (MPH)
AVERAGE WIND SPEED              9.9
HIGHEST WIND SPEED/DIRECTION    32/040    DATE  01/22
HIGHEST GUST SPEED/DIRECTION    40/040    DATE  01/22

SKY COVER
POSSIBLE SUNSHINE (PERCENT)   MM
AVERAGE SKY COVER           0.40
NUMBER OF DAYS FAIR           16
NUMBER OF DAYS PC              8
NUMBER OF DAYS CLOUDY          7

AVERAGE RH (PERCENT)     70

WEATHER CONDITIONS. NUMBER OF DAYS WITH
THUNDERSTORM              0     MIXED PRECIP               0
HEAVY RAIN                0     RAIN                       2
LIGHT RAIN                4     FREEZING RAIN              1
LT FREEZING RAIN          2     HAIL                       0
HEAVY SNOW                0     SNOW                       0
LIGHT SNOW               15     SLEET                      0
FOG                      12     FOG W/VIS <= 1/4 MILE      5
HAZE                      8

-  INDICATES NEGATIVE NUMBERS.
R  INDICATES RECORD WAS SET OR TIED.
MM INDICATES DATA IS MISSING.
T  INDICATES TRACE AMOUNT.

$$
