197
CXUS53 KGID 011535
CLMGRI


CLIMATE REPORT
NATIONAL WEATHER SERVICE HASTINGS NE
1035 AM CDT FRI JUN 1 2018

...................................

...THE GRAND ISLAND NE CLIMATE SUMMARY FOR THE MONTH OF MAY 2018...

CLIMATE NORMAL PERIOD 1981 TO 2010
CLIMATE RECORD PERIOD 1895 TO 2018

WEATHER         OBSERVED          NORMAL  DEPART  LAST YEAR`S
                 VALUE   DATE(S)  VALUE   FROM    VALUE  DATE(S)
                                          NORMAL
................................................................
TEMPERATURE (F)
RECORD
 HIGH             104   05/29/1934
 LOW               23   05/02/1967
HIGHEST           100   05/26        90      10       91  05/08
LOWEST             45   05/21        35      10       32  05/01
AVG. MAXIMUM     78.6              72.7     5.9     72.7
AVG. MINIMUM     55.5              49.6     5.9     47.9
MEAN             67.0              61.2     5.8     60.3
DAYS MAX >= 90      4               1.1     2.9        1
DAYS MAX <= 32      0               0.0     0.0        0
DAYS MIN <= 32      0               0.3    -0.3        1
DAYS MIN <= 0       0               0.0     0.0        0

PRECIPITATION (INCHES)
RECORD
 MAXIMUM        11.27   1903
 MINIMUM         0.34   1934
TOTALS           3.98              4.41   -0.43     5.28
DAILY AVG.       0.13              0.14   -0.01     0.17
DAYS >= .01        12              11.6     0.4        9
DAYS >= .10         7               7.2    -0.2        8
DAYS >= .50         3               2.9     0.1        5
DAYS >= 1.00        1               1.1    -0.1        1
GREATEST
 24 HR. TOTAL    1.12   05/03 TO 05/03

SNOWFALL (INCHES)
RECORDS
 TOTAL            4.5   1947
TOTALS            0.0               0.0     0.0      0.3
SINCE 7/1        33.6              29.0     4.6      9.2
SNOWDEPTH AVG.      0                MM      MM        0
DAYS >= 1.0         0               0.0     0.0        0
GREATEST
 SNOW DEPTH         0   MM                            -1  05/01

DEGREE_DAYS
HEATING TOTAL      81               173     -92      181
 SINCE 7/1       6277              6175     102     5357
COOLING TOTAL     153                54      99       45
 SINCE 1/1        161                65      96       50
.................................................................

WIND (MPH)
AVERAGE WIND SPEED              10.0
HIGHEST WIND SPEED/DIRECTION    46/330    DATE  05/11
HIGHEST GUST SPEED/DIRECTION    64/340    DATE  05/11

SKY COVER
POSSIBLE SUNSHINE (PERCENT)   MM
NUMBER OF DAYS FAIR           17
NUMBER OF DAYS PC              5
NUMBER OF DAYS CLOUDY          9

AVERAGE RH (PERCENT)     69

WEATHER CONDITIONS. NUMBER OF DAYS WITH
THUNDERSTORM             12     MIXED PRECIP               0
HEAVY RAIN                3     RAIN                       7
LIGHT RAIN               12     FREEZING RAIN              0
LT FREEZING RAIN          0     HAIL                       0
HEAVY SNOW                0     SNOW                       0
LIGHT SNOW                0     SLEET                      0
FOG                      13     FOG W/VIS <= 1/4 MILE      2
HAZE                      5

-  INDICATES NEGATIVE NUMBERS.
R  INDICATES RECORD WAS SET OR TIED.
MM INDICATES DATA IS MISSING.
T  INDICATES TRACE AMOUNT.

$$
