000
CXUS53 KGID 011852
CLMGRI


CLIMATE REPORT
NATIONAL WEATHER SERVICE HASTINGS NE
149 PM CDT SAT SEP 1 2018

...................................

...THE GRAND ISLAND NE CLIMATE SUMMARY FOR THE MONTH OF AUGUST 2018...

CLIMATE NORMAL PERIOD 1981 TO 2010
CLIMATE RECORD PERIOD 1895 TO 2018

WEATHER         OBSERVED          NORMAL  DEPART  LAST YEAR`S
                 VALUE   DATE(S)  VALUE   FROM    VALUE  DATE(S)
                                          NORMAL
................................................................
TEMPERATURE (F)
RECORD
 HIGH             112   08/08/1934
 LOW               38   08/24/1928
HIGHEST            94   08/09        98      -4       MM  MM
LOWEST             46   08/29        51      -5       MM  MM
AVG. MAXIMUM     84.3              85.4    -1.1       MM
AVG. MINIMUM     62.5              62.6    -0.1       MM
MEAN             73.4              74.0    -0.6       MM
DAYS MAX >= 90      6               8.3    -2.3       MM
DAYS MAX <= 32      0               0.0     0.0       MM
DAYS MIN <= 32      0               0.0     0.0       MM
DAYS MIN <= 0       0               0.0     0.0       MM

PRECIPITATION (INCHES)
RECORD
 MAXIMUM         8.73   1977
 MINIMUM         0.33   1919
TOTALS           2.67              3.12   -0.45       MM
DAILY AVG.       0.09              0.10   -0.01       MM
DAYS >= .01        11               8.2     2.8       MM
DAYS >= .10         6               5.6     0.4       MM
DAYS >= .50         1               2.0    -1.0       MM
DAYS >= 1.00        1               0.9     0.1       MM
GREATEST
 24 HR. TOTAL    1.48   08/19 TO 08/19

SNOWFALL (INCHES)
RECORDS
 TOTAL            0.0   MM
TOTALS            0.0               0.0     0.0       MM
SINCE 7/1         0.0               0.0     0.0       MM
SNOWDEPTH AVG.      0                MM      MM       MM
DAYS >= 1.0         0               0.0     0.0       MM
GREATEST
 SNOW DEPTH         0   MM                            MM  MM

DEGREE_DAYS
HEATING TOTAL       4                 8      -4       MM
 SINCE 7/1          4                10      -6       MM
COOLING TOTAL     272               287     -15       MM
 SINCE 1/1       1111               914     197       MM
.................................................................

WIND (MPH)
AVERAGE WIND SPEED              7.7
HIGHEST WIND SPEED/DIRECTION    28/230    DATE  08/06
HIGHEST GUST SPEED/DIRECTION    38/230    DATE  08/06

SKY COVER
POSSIBLE SUNSHINE (PERCENT)   MM
NUMBER OF DAYS FAIR           23
NUMBER OF DAYS PC              6
NUMBER OF DAYS CLOUDY          2

AVERAGE RH (PERCENT)     75

WEATHER CONDITIONS. NUMBER OF DAYS WITH
THUNDERSTORM              8     MIXED PRECIP               0
HEAVY RAIN                4     RAIN                       5
LIGHT RAIN               14     FREEZING RAIN              0
LT FREEZING RAIN          0     HAIL                       0
HEAVY SNOW                0     SNOW                       0
LIGHT SNOW                0     SLEET                      0
FOG                      26     FOG W/VIS <= 1/4 MILE      3
HAZE                      9

-  INDICATES NEGATIVE NUMBERS.
R  INDICATES RECORD WAS SET OR TIED.
MM INDICATES DATA IS MISSING.
T  INDICATES TRACE AMOUNT.

$$
