000
CXUS53 KGID 011138
CLMGRI


CLIMATE REPORT
NATIONAL WEATHER SERVICE HASTINGS NE
536 AM CST SAT DEC 1 2018

...................................

...THE GRAND ISLAND NE CLIMATE SUMMARY FOR THE MONTH OF NOVEMBER 2018...

CLIMATE NORMAL PERIOD 1981 TO 2010
CLIMATE RECORD PERIOD 1895 TO 2018

WEATHER         OBSERVED          NORMAL  DEPART  LAST YEAR`S
                 VALUE   DATE(S)  VALUE   FROM    VALUE  DATE(S)
                                          NORMAL
................................................................
TEMPERATURE (F)
RECORD
 HIGH              88   11/08/1915
 LOW              -11   11/28/1976
HIGHEST            65   11/15        71      -6       76  11/27
LOWEST              5   11/18         8      -3       15  11/21
AVG. MAXIMUM     45.9              49.4    -3.5     53.4
AVG. MINIMUM     24.2              26.8    -2.6     28.7
MEAN             35.0              38.1    -3.1     41.1
DAYS MAX >= 90      0               0.0     0.0        0
DAYS MAX <= 32      6               3.0     3.0        0
DAYS MIN <= 32     25              21.2     3.8       21
DAYS MIN <= 0       0               0.3    -0.3        0

PRECIPITATION (INCHES)
RECORD
 MAXIMUM         3.77   1983
 MINIMUM         0.00   1939
                        1914
TOTALS           1.69              1.17    0.52     0.51
DAILY AVG.       0.06              0.04    0.02     0.02
DAYS >= .01        10               5.3     4.7        2
DAYS >= .10         4               2.5     1.5        2
DAYS >= .50         1               0.8     0.2        0
DAYS >= 1.00        0               0.2    -0.2        0
GREATEST
 24 HR. TOTAL    0.69   11/30 TO 11/30

SNOWFALL (INCHES)
RECORDS
 TOTAL           17.1   1983
TOTALS            7.9               3.1     4.8      0.2
SINCE 7/1         9.4               4.2     5.2      1.1
SNOWDEPTH AVG.      0                MM      MM        0
DAYS >= 1.0         3               1.0     2.0        0
GREATEST
 SNOW DEPTH         4   11/09                          0  MM

DEGREE_DAYS
HEATING TOTAL     894               807      87      711
 SINCE 7/1       1456              1330     126     1149
COOLING TOTAL       0                 0       0        0
 SINCE 1/1       1282              1034     248     1062
.................................................................

WIND (MPH)
AVERAGE WIND SPEED              10.4
HIGHEST WIND SPEED/DIRECTION    38/350    DATE  11/25
HIGHEST GUST SPEED/DIRECTION    48/350    DATE  11/25

SKY COVER
POSSIBLE SUNSHINE (PERCENT)   MM
NUMBER OF DAYS FAIR           14
NUMBER OF DAYS PC              7
NUMBER OF DAYS CLOUDY          9

AVERAGE RH (PERCENT)     71

WEATHER CONDITIONS. NUMBER OF DAYS WITH
THUNDERSTORM              0     MIXED PRECIP               0
HEAVY RAIN                2     RAIN                       2
LIGHT RAIN                6     FREEZING RAIN              0
LT FREEZING RAIN          0     HAIL                       0
HEAVY SNOW                1     SNOW                       1
LIGHT SNOW                5     SLEET                      0
FOG                       5     FOG W/VIS <= 1/4 MILE      2
HAZE                      1

-  INDICATES NEGATIVE NUMBERS.
R  INDICATES RECORD WAS SET OR TIED.
MM INDICATES DATA IS MISSING.
T  INDICATES TRACE AMOUNT.

$$
