000
CXUS53 KGID 011642
CLMGRI


CLIMATE REPORT
NATIONAL WEATHER SERVICE HASTINGS NE
1040 AM CST THU FEB 1 2018

...................................

...THE GRAND ISLAND NE CLIMATE SUMMARY FOR THE MONTH OF JANUARY 2018...

CLIMATE NORMAL PERIOD 1981 TO 2010
CLIMATE RECORD PERIOD 1895 TO 2018

WEATHER         OBSERVED          NORMAL  DEPART  LAST YEAR`S
                 VALUE   DATE(S)  VALUE   FROM    VALUE  DATE(S)
                                          NORMAL
................................................................
TEMPERATURE (F)
RECORD
 HIGH              76   01/10/1990
 LOW              -29   01/12/1912
HIGHEST            52   01/09        58      -6       59  01/30
LOWEST            -16   01/01        -9      -7      -11  01/06
AVG. MAXIMUM     34.0              35.8    -1.8     34.6
AVG. MINIMUM     13.5              14.4    -0.9     17.9
MEAN             23.7              25.1    -1.4     26.3
DAYS MAX >= 90      0               0.0     0.0        0
DAYS MAX <= 32     14              12.4     1.6       12
DAYS MIN <= 32     30              30.3    -0.3       29
DAYS MIN <= 0       5               4.0     1.0        4

PRECIPITATION (INCHES)
RECORD
 MAXIMUM         2.60   1932
 MINIMUM         0.00   1986
                        1961
                        1933
TOTALS           1.08              0.53    0.55     1.07
DAILY AVG.       0.03              0.02    0.01     0.03
DAYS >= .01         6               5.1     0.9        8
DAYS >= .10         1               1.7    -0.7        3
DAYS >= .50         1               0.2     0.8        1
DAYS >= 1.00        0               0.0     0.0        0
GREATEST
 24 HR. TOTAL    0.86   01/22 TO 01/22

SNOWFALL (INCHES)
RECORDS
 TOTAL           26.0   1932
TOTALS           10.2               6.5     3.7      2.4
SINCE 7/1        18.5              15.8     2.7      4.2
SNOWDEPTH AVG.      2                 3      -1        0
DAYS >= 1.0         3               2.0     1.0        1
GREATEST
 SNOW DEPTH         7   01/23                          1  01/08
                                                          01/07
                                                          01/06

DEGREE_DAYS
HEATING TOTAL    1273              1237      36     1191
 SINCE 7/1       3607              3756    -149     3312
COOLING TOTAL       0                 0       0        0
 SINCE 1/1          0                 0       0        0
.................................................................

WIND (MPH)
AVERAGE WIND SPEED              11.6
HIGHEST WIND SPEED/DIRECTION    44/340    DATE  01/22
HIGHEST GUST SPEED/DIRECTION    54/350    DATE  01/22

SKY COVER
POSSIBLE SUNSHINE (PERCENT)   MM
NUMBER OF DAYS FAIR          MM
NUMBER OF DAYS PC            MM
NUMBER OF DAYS CLOUDY        MM

AVERAGE RH (PERCENT)     76

WEATHER CONDITIONS. NUMBER OF DAYS WITH
THUNDERSTORM              0     MIXED PRECIP               0
HEAVY RAIN                0     RAIN                       0
LIGHT RAIN                1     FREEZING RAIN              0
LT FREEZING RAIN          0     HAIL                       0
HEAVY SNOW                1     SNOW                       2
LIGHT SNOW                6     SLEET                      0
FOG                       9     FOG W/VIS <= 1/4 MILE      1
HAZE                      1

-  INDICATES NEGATIVE NUMBERS.
R  INDICATES RECORD WAS SET OR TIED.
MM INDICATES DATA IS MISSING.
T  INDICATES TRACE AMOUNT.

$$
