448
CXUS52 KRAH 011411
CLMGSO


CLIMATE REPORT
NATIONAL WEATHER SERVICE RALEIGH NC
1005 AM EDT WED AUG 1 2018

...................................

...THE PIEDMONT TRIAD INTL AIRPORT CLIMATE SUMMARY FOR THE MONTH OF JULY 2018...

CLIMATE NORMAL PERIOD 1981 TO 2010
CLIMATE RECORD PERIOD 1903 TO 2018

WEATHER         OBSERVED          NORMAL  DEPART  LAST YEAR`S
                 VALUE   DATE(S)  VALUE   FROM    VALUE
                                          NORMAL
.............................................................
TEMPERATURE (F)
RECORD
 HIGH             102   07/08/1977
                        07/14/1954
 LOW               48   07/05/1933
HIGHEST            95   07/11                         97
                        07/03
LOWEST             57   07/09                         59
AVG. MAXIMUM     88.0              87.9     0.1     90.0
AVG. MINIMUM     69.1              69.1     0.0     70.0
MEAN             78.5              78.5     0.0     80.0
DAYS MAX >= 90     13                                 16
DAYS MAX <= 32      0                                  0
DAYS MIN <= 32      0                                  0
DAYS MIN <= 0       0                                  0

PRECIPITATION (INCHES)
RECORD
 MAXIMUM        12.72   1984
TOTALS           6.04              4.48    1.56     1.04
DAYS >= .01        10
DAYS >= .10         7
DAYS >= .50         4
DAYS >= 1.00        2
GREATEST
 24 HR. TOTAL    1.86   07/22 TO 07/22

DEGREE_DAYS
HEATING TOTAL       0                 0       0        0
 SINCE 7/1          0                 0       0        0
COOLING TOTAL     430               419      11      471
 SINCE 1/1       1105               885     220      997
..............................................................

WIND (MPH)
AVERAGE WIND SPEED              6.3
HIGHEST WIND SPEED/DIRECTION    28/120    DATE  07/29
HIGHEST GUST SPEED/DIRECTION    39/150    DATE  07/22

SKY COVER
POSSIBLE SUNSHINE (PERCENT)   MM
AVERAGE SKY COVER           0.60
NUMBER OF DAYS FAIR            3
NUMBER OF DAYS PC             17
NUMBER OF DAYS CLOUDY         11

AVERAGE RH (PERCENT)     71

WEATHER CONDITIONS. NUMBER OF DAYS WITH
THUNDERSTORM              8     MIXED PRECIP               0
HEAVY RAIN                4     RAIN                       5
LIGHT RAIN               13     FREEZING RAIN              0
LT FREEZING RAIN          0     HAIL                       1
HEAVY SNOW                0     SNOW                       0
LIGHT SNOW                0     SLEET                      0
FOG                      12     FOG W/VIS <= 1/4 MILE      1
HAZE                      2

-  INDICATES NEGATIVE NUMBERS.
R  INDICATES RECORD WAS SET OR TIED.
MM INDICATES DATA IS MISSING.
T  INDICATES TRACE AMOUNT.

&&

THE MINIMUM TEMPERATURE FOR JULY 2ND  WAS 76 DEGREES. THIS BROKE THE
PREVIOUS RECORD HIGH MINIMUM TEMPERATURE OF 74 DEGREES, SET IN 2014.

THE MINIMUM TEMPERATURE FOR JULY 3RD WAS 76 DEGREES. THIS BROKE THE
PREVIOUS RECORD HIGH MINIMUM TEMPERATURE OF 74 DEGREES, SET IN 2012.

THE MINIMUM TEMPERATURE FOR JULY 4TH WAS 73 DEGREES. THIS TIES THE
PREVIOUS RECORD HIGH MINIMUM TEMPERATURE OF 73 DEGREES, SET IN 2013.

NO MONTHLY EXTREMES WERE SET FOR THE MONTH OF JULY.

$$
